000
CDUS41 KPBZ 242115
CLIMGW


CLIMATE REPORT
NATIONAL WEATHER SERVICE PITTSBURGH PA
515 PM EDT SAT SEP 24 2016


...................................

...THE MORGANTOWN WV CLIMATE SUMMARY FOR SEPTEMBER 24 2016...
VALID TODAY AS OF 0500 PM LOCAL TIME.

CLIMATE NORMAL PERIOD 1981 TO 2010
CLIMATE RECORD PERIOD 1948 TO 2016


WEATHER ITEM   OBSERVED TIME   RECORD YEAR NORMAL DEPARTURE LAST
                VALUE   (LST)  VALUE       VALUE  FROM      YEAR
                                                  NORMAL
..................................................................
TEMPERATURE (F)
 TODAY
  MAXIMUM         74    331 PM  89    2010  73      1       84
                                      1970
  MINIMUM         65    554 AM  30    1983  52     13       50
  AVERAGE         70                        62      8       67

PRECIPITATION (IN)
  TODAY            0.00         MM      MM   0.10  -0.10     0.00
  MONTH TO DATE    0.75                      2.56  -1.81     1.71
  SINCE JUN 1     16.15                     14.84   1.31    13.55
  SINCE JAN 1     32.19                     32.03   0.16    30.80

DEGREE DAYS
 HEATING
  TODAY            0                         5     -5        0
  MONTH TO DATE    0                        53    -53       13
  SINCE SEP 1      0                        53    -53       13
  SINCE JUL 1      0                        64    -64       14

 COOLING
  TODAY            5                         2      3        2
  MONTH TO DATE  212                        84    128      174
  SINCE SEP 1    212                        84    128      174
  SINCE JAN 1   1223                       793    430     1178
..................................................................


WIND (MPH)
  RESULTANT WIND SPEED   2   RESULTANT WIND DIRECTION  NE (30)
  HIGHEST WIND SPEED    10   HIGHEST WIND DIRECTION     N (10)
  HIGHEST GUST SPEED    14   HIGHEST GUST DIRECTION     N (10)
  AVERAGE WIND SPEED     3.0


SKY COVER
  POSSIBLE SUNSHINE  MM
  AVERAGE SKY COVER 0.9


WEATHER CONDITIONS
 THE FOLLOWING WEATHER WAS RECORDED TODAY.
  FOG
  HAZE


RELATIVE HUMIDITY (PERCENT)
 HIGHEST    87           600 AM
 LOWEST     68           400 PM
 AVERAGE    78

..........................................................


THE MORGANTOWN WV CLIMATE NORMALS FOR TOMORROW
                         NORMAL    RECORD    YEAR
 MAXIMUM TEMPERATURE (F)   72        89      2007
 MINIMUM TEMPERATURE (F)   51        35      1950


SUNRISE AND SUNSET
SEPTEMBER 24 2016.....SUNRISE   710 AM EDT   SUNSET   713 PM EDT
SEPTEMBER 25 2016.....SUNRISE   711 AM EDT   SUNSET   711 PM EDT


-  INDICATES NEGATIVE NUMBERS.
R  INDICATES RECORD WAS SET OR TIED.
MM INDICATES DATA IS MISSING.
T  INDICATES TRACE AMOUNT.




$$
