000
CDUS41 KPBZ 192212
CLIMGW


CLIMATE REPORT
NATIONAL WEATHER SERVICE PITTSBURGH PA
511 PM EST MON FEB 19 2018


...................................

...THE MORGANTOWN WV CLIMATE SUMMARY FOR FEBRUARY 19 2018...
VALID TODAY AS OF 0500 PM LOCAL TIME.

CLIMATE NORMAL PERIOD 1981 TO 2010
CLIMATE RECORD PERIOD 1872 TO 2018


WEATHER ITEM   OBSERVED TIME   RECORD YEAR NORMAL DEPARTURE LAST
                VALUE   (LST)  VALUE       VALUE  FROM      YEAR
                                                  NORMAL
..................................................................
TEMPERATURE (F)
 TODAY
  MAXIMUM         71    325 PM  73    1994  44     27       56
  MINIMUM         42   1207 AM  -6    1936  26     16       48
                                      1903
  AVERAGE         57                        35     22       52

PRECIPITATION (IN)
  TODAY            0.02          0.95 1882   0.09  -0.07     0.01
  MONTH TO DATE    4.42                      1.72   2.70     1.75
  SINCE JUN 1     33.53                     29.17   4.36    35.21
  SINCE JAN 1      7.20                      4.53   2.67     5.80

DEGREE DAYS
 HEATING
  TODAY            8                        30    -22       13
  MONTH TO DATE  508                       602    -94      495
  SINCE DEC 1   2611                      2581     30     2214
  SINCE JUL 1   3506                      3629   -123     2900

 COOLING
  TODAY            0                         0      0        0
  MONTH TO DATE    0                         0      0        0
  SINCE DEC 1      0                         0      0        0
  SINCE JAN 1      0                         0      0        0
..................................................................


WIND (MPH)
  RESULTANT WIND SPEED   7   RESULTANT WIND DIRECTION   S (170)
  HIGHEST WIND SPEED    17   HIGHEST WIND DIRECTION    SE (150)
  HIGHEST GUST SPEED    26   HIGHEST GUST DIRECTION    SW (230)
  AVERAGE WIND SPEED     8.4


SKY COVER
  POSSIBLE SUNSHINE  MM
  AVERAGE SKY COVER 0.7


WEATHER CONDITIONS
 THE FOLLOWING WEATHER WAS RECORDED TODAY.
  NO SIGNIFICANT WEATHER WAS OBSERVED.


RELATIVE HUMIDITY (PERCENT)
 HIGHEST    80          1100 AM
 LOWEST     49           200 AM
 AVERAGE    65

..........................................................


THE MORGANTOWN WV CLIMATE NORMALS FOR TOMORROW
                         NORMAL    RECORD    YEAR
 MAXIMUM TEMPERATURE (F)   44        70      1994
 MINIMUM TEMPERATURE (F)   26        -7      2015


SUNRISE AND SUNSET
FEBRUARY 19 2018......SUNRISE   707 AM EST   SUNSET   601 PM EST
FEBRUARY 20 2018......SUNRISE   705 AM EST   SUNSET   602 PM EST


-  INDICATES NEGATIVE NUMBERS.
R  INDICATES RECORD WAS SET OR TIED.
MM INDICATES DATA IS MISSING.
T  INDICATES TRACE AMOUNT.




$$
