000
CDUS41 KPBZ 232140
CLIMGW


CLIMATE REPORT
NATIONAL WEATHER SERVICE PITTSBURGH PA
540 PM EDT SAT MAY 23 2015


...................................

...THE MORGANTOWN WV CLIMATE SUMMARY FOR MAY 23 2015...
VALID TODAY AS OF 0500 PM LOCAL TIME.

CLIMATE NORMAL PERIOD 1981 TO 2010
CLIMATE RECORD PERIOD 1948 TO 2015


WEATHER ITEM   OBSERVED TIME   RECORD YEAR NORMAL DEPARTURE LAST
                VALUE   (LST)  VALUE       VALUE  FROM      YEAR
                                                  NORMAL
..................................................................
TEMPERATURE (F)
 TODAY
  MAXIMUM         74    252 PM  91    1966  74      0       71
  MINIMUM         39    505 AM  34    2006  52    -13       49
  AVERAGE         57                        63     -6       60

PRECIPITATION (IN)
  TODAY            0.00         MM      MM   0.16  -0.16     0.00
  MONTH TO DATE    0.99                      3.37  -2.38     3.89
  SINCE JUN 1     43.25                     40.59   2.66    43.28
  SINCE JAN 1     17.02                     15.95   1.07    14.85

DEGREE DAYS
 HEATING
  TODAY            8                         4      4        5
  MONTH TO DATE   83                       142    -59      114
  SINCE MAR 1   1157                      1236    -79     1275
  SINCE JUL 1   5281                      5125    156     5401

 COOLING
  TODAY            0                         2     -2        0
  MONTH TO DATE  107                        32     75       58
  SINCE MAR 1    115                        48     67       76
  SINCE JAN 1    115                        48     67       76
..................................................................


WIND (MPH)
  RESULTANT WIND SPEED   1   RESULTANT WIND DIRECTION   E (90)
  HIGHEST WIND SPEED     9   HIGHEST WIND DIRECTION    NW (310)
  HIGHEST GUST SPEED    13   HIGHEST GUST DIRECTION    SW (240)
  AVERAGE WIND SPEED     1.6


SKY COVER
  POSSIBLE SUNSHINE  MM
  AVERAGE SKY COVER 0.0


WEATHER CONDITIONS
 THE FOLLOWING WEATHER WAS RECORDED TODAY.
  NO SIGNIFICANT WEATHER WAS OBSERVED.


RELATIVE HUMIDITY (PERCENT)
 HIGHEST    85           600 AM
 LOWEST     23           300 PM
 AVERAGE    54

..........................................................


THE MORGANTOWN WV CLIMATE NORMALS FOR TOMORROW
                         NORMAL    RECORD    YEAR
 MAXIMUM TEMPERATURE (F)   74        87      1952
 MINIMUM TEMPERATURE (F)   52        33      1956


SUNRISE AND SUNSET
MAY 23 2015...........SUNRISE   559 AM EDT   SUNSET   834 PM EDT
MAY 24 2015...........SUNRISE   558 AM EDT   SUNSET   835 PM EDT


-  INDICATES NEGATIVE NUMBERS.
R  INDICATES RECORD WAS SET OR TIED.
MM INDICATES DATA IS MISSING.
T  INDICATES TRACE AMOUNT.




$$
