000
CDUS41 KPBZ 192116
CLIMGW


CLIMATE REPORT
NATIONAL WEATHER SERVICE PITTSBURGH PA
514 PM EDT THU OCT 19  2017


...................................

...THE MORGANTOWN WV CLIMATE SUMMARY FOR OCTOBER 19 2017...
VALID TODAY AS OF 0500 PM LOCAL TIME.

CLIMATE NORMAL PERIOD 1981 TO 2010
CLIMATE RECORD PERIOD 1872 TO 2017


WEATHER ITEM   OBSERVED TIME   RECORD YEAR NORMAL DEPARTURE LAST
                VALUE   (LST)  VALUE       VALUE  FROM      YEAR
                                                  NORMAL
..................................................................
TEMPERATURE (F)
 TODAY
  MAXIMUM         71    359 PM  85    1894  64      7       80
  MINIMUM         40    645 AM  23    1972  43     -3       67
  AVERAGE         56                        53      3       74

PRECIPITATION (IN)
  TODAY            0.00          1.75 1905   0.08  -0.08     0.09
  MONTH TO DATE    1.26                      1.71  -0.45     2.13
  SINCE JUN 1     18.63                     17.20   1.43    20.72
  SINCE JAN 1     41.72                     34.39   7.33    36.76

DEGREE DAYS
 HEATING
  TODAY            9                        12     -3        0
  MONTH TO DATE   49                       180   -131       70
  SINCE SEP 1    114                       266   -152       74
  SINCE JUL 1    116                       277   -161       74

 COOLING
  TODAY            0                         0      0        9
  MONTH TO DATE   54                        10     44       34
  SINCE SEP 1    166                       102     64      256
  SINCE JAN 1    919                       811    108     1267
..................................................................


WIND (MPH)
  RESULTANT WIND SPEED   4   RESULTANT WIND DIRECTION  SW (210)
  HIGHEST WIND SPEED    13   HIGHEST WIND DIRECTION     S (200)
  HIGHEST GUST SPEED    22   HIGHEST GUST DIRECTION     S (200)
  AVERAGE WIND SPEED     4.2


SKY COVER
  POSSIBLE SUNSHINE  MM
  AVERAGE SKY COVER 0.0


WEATHER CONDITIONS
 THE FOLLOWING WEATHER WAS RECORDED TODAY.
  NO SIGNIFICANT WEATHER WAS OBSERVED.


RELATIVE HUMIDITY (PERCENT)
 HIGHEST    83           700 AM
 LOWEST     33           200 PM
 AVERAGE    58

..........................................................


THE MORGANTOWN WV CLIMATE NORMALS FOR TOMORROW
                         NORMAL    RECORD    YEAR
 MAXIMUM TEMPERATURE (F)   63        86      2016
 MINIMUM TEMPERATURE (F)   42        18      1972


SUNRISE AND SUNSET
OCTOBER 19 2017.......SUNRISE   734 AM EDT   SUNSET   634 PM EDT
OCTOBER 20 2017.......SUNRISE   735 AM EDT   SUNSET   633 PM EDT


-  INDICATES NEGATIVE NUMBERS.
R  INDICATES RECORD WAS SET OR TIED.
MM INDICATES DATA IS MISSING.
T  INDICATES TRACE AMOUNT.




$$
