000
CDUS41 KPBZ 032114
CLIMGW


CLIMATE REPORT
NATIONAL WEATHER SERVICE PITTSBURGH PA
513 PM EDT THU SEP 3 2015


...................................

...THE MORGANTOWN WV CLIMATE SUMMARY FOR SEPTEMBER 3 2015...
VALID TODAY AS OF 0500 PM LOCAL TIME.

CLIMATE NORMAL PERIOD 1981 TO 2010
CLIMATE RECORD PERIOD 1948 TO 2015


WEATHER ITEM   OBSERVED TIME   RECORD YEAR NORMAL DEPARTURE LAST
                VALUE   (LST)  VALUE       VALUE  FROM      YEAR
                                                  NORMAL
..................................................................
TEMPERATURE (F)
 TODAY
  MAXIMUM         88    121 PM 102    1953  80      8       86
  MINIMUM         66    559 AM  47    1967  59      7       68
  AVERAGE         77                        70      7       77

PRECIPITATION (IN)
  TODAY            0.03         MM      MM   0.11  -0.08     0.00
  MONTH TO DATE    0.03                      0.33  -0.30     0.52
  SINCE JUN 1     11.87                     12.61  -0.74    15.50
  SINCE JAN 1     29.12                     29.80  -0.68    30.99

DEGREE DAYS
 HEATING
  TODAY            0                         1     -1        0
  MONTH TO DATE    0                         3     -3        0
  SINCE SEP 1      0                         3     -3        0
  SINCE JUL 1      1                        14    -13        6

 COOLING
  TODAY           12                         5      7       12
  MONTH TO DATE   39                        16     23       40
  SINCE SEP 1     39                        16     23       40
  SINCE JAN 1   1043                       725    318      873
..................................................................


WIND (MPH)
  RESULTANT WIND SPEED   2   RESULTANT WIND DIRECTION   S (200)
  HIGHEST WIND SPEED    10   HIGHEST WIND DIRECTION    SW (220)
  HIGHEST GUST SPEED    15   HIGHEST GUST DIRECTION    SW (210)
  AVERAGE WIND SPEED     2.8


SKY COVER
  POSSIBLE SUNSHINE  MM
  AVERAGE SKY COVER 0.3


WEATHER CONDITIONS
 THE FOLLOWING WEATHER WAS RECORDED TODAY.
  FOG
  HAZE


RELATIVE HUMIDITY (PERCENT)
 HIGHEST    87           400 AM
 LOWEST     51           100 PM
 AVERAGE    69

..........................................................


THE MORGANTOWN WV CLIMATE NORMALS FOR TOMORROW
                         NORMAL    RECORD    YEAR
 MAXIMUM TEMPERATURE (F)   80        95      1953
 MINIMUM TEMPERATURE (F)   59        42      1997


SUNRISE AND SUNSET
SEPTEMBER  3 2015.....SUNRISE   649 AM EDT   SUNSET   748 PM EDT
SEPTEMBER  4 2015.....SUNRISE   650 AM EDT   SUNSET   746 PM EDT


-  INDICATES NEGATIVE NUMBERS.
R  INDICATES RECORD WAS SET OR TIED.
MM INDICATES DATA IS MISSING.
T  INDICATES TRACE AMOUNT.




$$
