000
CDUS41 KPBZ 271234
CLIMGW


CLIMATE REPORT
NATIONAL WEATHER SERVICE PITTSBURGH PA
834 AM EDT SAT AUG 27 2016


...................................

...THE MORGANTOWN WV CLIMATE SUMMARY FOR AUGUST 27 2016...
VALID AS OF 0800 AM LOCAL TIME.

CLIMATE NORMAL PERIOD 1981 TO 2010
CLIMATE RECORD PERIOD 1948 TO 2016


WEATHER ITEM   OBSERVED TIME   RECORD YEAR NORMAL DEPARTURE LAST
                VALUE   (LST)  VALUE       VALUE  FROM      YEAR
                                                  NORMAL
..................................................................
TEMPERATURE (F)
 TODAY
  MAXIMUM         73   1204 AM  98    1948
  MINIMUM         68    537 AM  46    1969  61      7       56

PRECIPITATION (IN)
  TODAY            0.00         MM      MM   0.10  -0.10     0.00
  MONTH TO DATE    3.56                      3.11   0.45     2.00
  SINCE JUN 1     14.93                     11.84   3.09    11.75
  SINCE JAN 1     30.97                     29.03   1.94    29.00

DEGREE DAYS
 HEATING
  TODAY            0

 COOLING
  TODAY            6
..................................................................





WEATHER CONDITIONS
 THE FOLLOWING WEATHER WAS RECORDED TODAY.
  FOG


RELATIVE HUMIDITY (PERCENT)
 HIGHEST    93          1200 AM

..........................................................


THE MORGANTOWN WV CLIMATE NORMALS FOR TOMORROW
                         NORMAL    RECORD    YEAR
 MAXIMUM TEMPERATURE (F)   81        95      1953
 MINIMUM TEMPERATURE (F)   60        45      1986


SUNRISE AND SUNSET
AUGUST 27 2016........SUNRISE   644 AM EDT   SUNSET   758 PM EDT
AUGUST 28 2016........SUNRISE   645 AM EDT   SUNSET   756 PM EDT


-  INDICATES NEGATIVE NUMBERS.
R  INDICATES RECORD WAS SET OR TIED.
MM INDICATES DATA IS MISSING.
T  INDICATES TRACE AMOUNT.




$$
