000
CDUS43 KFSD 250631
CLIMHE


CLIMATE REPORT
NATIONAL WEATHER SERVICE SIOUX FALLS SD
125 AM CDT MON SEP 25 2017


...................................

...THE MITCHELL SD CLIMATE SUMMARY FOR SEPTEMBER 24 2017...

CLIMATE NORMAL PERIOD 1981 TO 2010
CLIMATE RECORD PERIOD 1893 TO 2017


WEATHER ITEM   OBSERVED TIME   RECORD YEAR NORMAL DEPARTURE LAST
                VALUE   (LST)  VALUE       VALUE  FROM      YEAR
                                                  NORMAL
..................................................................
TEMPERATURE (F)
 YESTERDAY
  MAXIMUM         62   1247 AM  94    1935  72    -10       81
  MINIMUM         53   1159 PM  23    1965  46      7       58
  AVERAGE         58                        59     -1       70

PRECIPITATION (IN)
  YESTERDAY        0.18          1.70 1934   0.08   0.10     0.03
  MONTH TO DATE    2.28                      1.89   0.39     2.15
  SINCE SEP 1      2.28                      1.89   0.39     2.15
  SINCE JAN 1     16.10                     18.24  -2.14    21.56

SNOWFALL (IN)
  YESTERDAY        0.0           T    1912  MM     MM        0.0
  MONTH TO DATE    0.0                      MM     MM        0.0
  SINCE SEP 1      0.0                      MM     MM        0.0
  SINCE JUL 1      0.0                      MM     MM        0.0
  SNOW DEPTH       0

DEGREE DAYS
 HEATING
  YESTERDAY        7                         7      0        0
  MONTH TO DATE   52                        91    -39       35
  SINCE SEP 1     52                        91    -39       35
  SINCE JUL 1     54                       108    -54       43

 COOLING
  YESTERDAY        0                         1     -1        5
  MONTH TO DATE  113                        67     46       99
  SINCE SEP 1    113                        67     46       99
  SINCE JAN 1    883                       812     71     1031
..................................................................


WIND (MPH)
  HIGHEST WIND SPEED    15   HIGHEST WIND DIRECTION     W (290)
  HIGHEST GUST SPEED    20   HIGHEST GUST DIRECTION     W (290)
  AVERAGE WIND SPEED     7.7


SKY COVER
  POSSIBLE SUNSHINE  MM
  AVERAGE SKY COVER 0.9


WEATHER CONDITIONS
 THE FOLLOWING WEATHER WAS RECORDED YESTERDAY.
  RAIN
  LIGHT RAIN
  FOG
  FOG W/VISIBILITY <= 1/4 MILE


RELATIVE HUMIDITY (PERCENT)
 HIGHEST   100           600 AM
 LOWEST     86           500 PM
 AVERAGE    93

..........................................................


THE MITCHELL SD CLIMATE NORMALS FOR TODAY
                         NORMAL    RECORD    YEAR
 MAXIMUM TEMPERATURE (F)   72        93      1938
 MINIMUM TEMPERATURE (F)   45        20      1926


SUNRISE AND SUNSET
SEPTEMBER 25 2017.....SUNRISE   723 AM CDT   SUNSET   723 PM CDT
SEPTEMBER 26 2017.....SUNRISE   724 AM CDT   SUNSET   722 PM CDT


-  INDICATES NEGATIVE NUMBERS.
R  INDICATES RECORD WAS SET OR TIED.
MM INDICATES DATA IS MISSING.
T  INDICATES TRACE AMOUNT.




$$
