000
CDUS43 KFSD 292239
CLIMHE


CLIMATE REPORT
NATIONAL WEATHER SERVICE SIOUX FALLS SD
538 PM CDT FRI MAY 29 2015


...................................

...THE MITCHELL SD CLIMATE SUMMARY FOR MAY 29 2015...
VALID TODAY AS OF 0500 PM LOCAL TIME.

CLIMATE NORMAL PERIOD 1981 TO 2010
CLIMATE RECORD PERIOD 1893 TO 2015


WEATHER ITEM   OBSERVED TIME   RECORD YEAR NORMAL DEPARTURE LAST
                VALUE   (LST)  VALUE       VALUE  FROM      YEAR
                                                  NORMAL
..................................................................
TEMPERATURE (F)
 TODAY
  MAXIMUM         64   1232 AM 105    1934  74    -10       89
  MINIMUM         62    359 PM  28    1947  52     10       61
  AVERAGE         63                        63      0       75

PRECIPITATION (IN)
  TODAY            0.31          2.36 1985   0.15   0.16     0.00
  MONTH TO DATE    4.77                      2.62   2.15     1.67
  SINCE MAR 1      6.32                      5.86   0.46     3.24
  SINCE JAN 1      7.09                      6.42   0.67     3.74

SNOWFALL (IN)
  TODAY            0.0           0.0    MM  MM     MM        0.0
  MONTH TO DATE    0.0                      MM     MM        0.0
  SINCE MAR 1      0.7                      MM     MM        8.6
  SINCE JUL 1     22.6                      MM     MM       30.8
  SNOW DEPTH       0

DEGREE DAYS
 HEATING
  TODAY            2                         4     -2        0
  MONTH TO DATE  190                       203    -13      242
  SINCE MAR 1   1354                      1681   -327     1815
  SINCE JUL 1   6844                      7203   -359     7765

 COOLING
  TODAY            0                         2     -2       10
  MONTH TO DATE   25                        32     -7       58
  SINCE MAR 1     31                        34     -3       58
  SINCE JAN 1     31                        34     -3       58
..................................................................


WIND (MPH)
  HIGHEST WIND SPEED    31   HIGHEST WIND DIRECTION     N (360)
  HIGHEST GUST SPEED    37   HIGHEST GUST DIRECTION     N (360)
  AVERAGE WIND SPEED    16.1


SKY COVER
  POSSIBLE SUNSHINE  MM
  AVERAGE SKY COVER 0.8


WEATHER CONDITIONS
 THE FOLLOWING WEATHER WAS RECORDED TODAY.
  THUNDERSTORM
  RAIN
  LIGHT RAIN
  FOG


RELATIVE HUMIDITY (PERCENT)
 HIGHEST    93           700 AM
 LOWEST     81          1200 AM
 AVERAGE    87

..........................................................


THE MITCHELL SD CLIMATE NORMALS FOR TOMORROW
                         NORMAL    RECORD    YEAR
 MAXIMUM TEMPERATURE (F)   75       108      1934
 MINIMUM TEMPERATURE (F)   53        30      1897


SUNRISE AND SUNSET
MAY 29 2015...........SUNRISE   555 AM CDT   SUNSET   905 PM CDT
MAY 30 2015...........SUNRISE   554 AM CDT   SUNSET   905 PM CDT


-  INDICATES NEGATIVE NUMBERS.
R  INDICATES RECORD WAS SET OR TIED.
MM INDICATES DATA IS MISSING.
T  INDICATES TRACE AMOUNT.




$$
