000
CDUS43 KTOP 010634
CLIMHK


CLIMATE REPORT
NATIONAL WEATHER SERVICE TOPEKA KS
133 AM CDT MON SEP 1 2014


...................................

...THE MANHATTAN KS CLIMATE SUMMARY FOR AUGUST 31 2014...

CLIMATE NORMAL PERIOD 1981 TO 2010
CLIMATE RECORD PERIOD 9999 TO 9999


WEATHER ITEM   OBSERVED NORMAL DEPARTURE LAST
                VALUE   VALUE  FROM      YEAR
                               NORMAL
...............................................
TEMPERATURE (F)
 YESTERDAY
  MAXIMUM        100     87     13       97
  MINIMUM         63     61      2       70
  AVERAGE         82     74      8       84

PRECIPITATION (IN)
  YESTERDAY        1.18   0.17   1.01      T
  MONTH TO DATE    3.38   4.28  -0.90     4.10
  SINCE JUN 1     11.05  13.34  -2.29    11.61
  SINCE JAN 1     16.90  24.54  -7.64    21.22

DEGREE DAYS
 HEATING
  YESTERDAY        0      0      0        0
  MONTH TO DATE    0      0      0        0
  SINCE JUN 1      1     14    -13       12
  SINCE JUL 1      1      3     -2        3

 COOLING
  YESTERDAY       17      9      8       19
  MONTH TO DATE  482    377    105      381
  SINCE JUN 1   1175   1083     92     1092
  SINCE JAN 1   1378   1183    195     1228
...............................................


WIND (MPH)
  HIGHEST WIND SPEED    31   HIGHEST WIND DIRECTION     S (170)
  HIGHEST GUST SPEED    47   HIGHEST GUST DIRECTION    NW (300)
  AVERAGE WIND SPEED    11.5


SKY COVER
  AVERAGE SKY COVER 0.0


WEATHER CONDITIONS
 THE FOLLOWING WEATHER WAS RECORDED YESTERDAY.
  THUNDERSTORM
  HEAVY RAIN
  RAIN
  LIGHT RAIN
  FOG


RELATIVE HUMIDITY (PERCENT)
 HIGHEST    87
 LOWEST     31
 AVERAGE    59

..........................................................


THE MANHATTAN KS CLIMATE NORMALS FOR TODAY
                         NORMAL
 MAXIMUM TEMPERATURE (F)   86
 MINIMUM TEMPERATURE (F)   61


SUNRISE AND SUNSET
SEPTEMBER  1 2014.....SUNRISE   655 AM CDT   SUNSET   757 PM CDT
SEPTEMBER  2 2014.....SUNRISE   656 AM CDT   SUNSET   756 PM CDT


-  INDICATES NEGATIVE NUMBERS.
R  INDICATES RECORD WAS SET OR TIED.
MM INDICATES DATA IS MISSING.
T  INDICATES TRACE AMOUNT.




$$
