000
CDUS43 KTOP 280634
CLIMHK


CLIMATE REPORT
NATIONAL WEATHER SERVICE TOPEKA KS
133 AM CDT SAT MAR 28 2015


...................................

...THE MANHATTAN KS CLIMATE SUMMARY FOR MARCH 27 2015...

CLIMATE NORMAL PERIOD 1981 TO 2010
CLIMATE RECORD PERIOD 9999 TO 9999


WEATHER ITEM   OBSERVED NORMAL DEPARTURE LAST
                VALUE   VALUE  FROM      YEAR
                               NORMAL
...............................................
TEMPERATURE (F)
 YESTERDAY
  MAXIMUM         48     61    -13       69
  MINIMUM         33     34     -1       36
  AVERAGE         41     48     -7       53

PRECIPITATION (IN)
  YESTERDAY        0.00   0.07  -0.07     0.01
  MONTH TO DATE    0.26   1.95  -1.69     0.53
  SINCE MAR 1      0.26   1.95  -1.69     0.53
  SINCE JAN 1      1.72   3.67  -1.95     1.75

DEGREE DAYS
 HEATING
  YESTERDAY       24     18      6       12
  MONTH TO DATE  533    611    -78      690
  SINCE MAR 1    533    611    -78      690
  SINCE JUL 1   4727   4771    -44     5221

 COOLING
  YESTERDAY        0      0      0        0
  MONTH TO DATE    2      0      2        0
  SINCE MAR 1      2      0      2        0
  SINCE JAN 1      2      0      2        0
...............................................


WIND (MPH)
  HIGHEST WIND SPEED    16   HIGHEST WIND DIRECTION    NE (30)
  HIGHEST GUST SPEED    22   HIGHEST GUST DIRECTION    NE (40)
  AVERAGE WIND SPEED     7.0


SKY COVER
  AVERAGE SKY COVER 0.5


WEATHER CONDITIONS
 THE FOLLOWING WEATHER WAS RECORDED YESTERDAY.
  FOG
  HAZE


RELATIVE HUMIDITY (PERCENT)
 HIGHEST    92
 LOWEST     28
 AVERAGE    60

..........................................................


THE MANHATTAN KS CLIMATE NORMALS FOR TODAY
                         NORMAL
 MAXIMUM TEMPERATURE (F)   61
 MINIMUM TEMPERATURE (F)   35


SUNRISE AND SUNSET
MARCH 28 2015.........SUNRISE   718 AM CDT   SUNSET   746 PM CDT
MARCH 29 2015.........SUNRISE   716 AM CDT   SUNSET   747 PM CDT


-  INDICATES NEGATIVE NUMBERS.
R  INDICATES RECORD WAS SET OR TIED.
MM INDICATES DATA IS MISSING.
T  INDICATES TRACE AMOUNT.




$$
