000
CDUS43 KTOP 310642
CLIMHK


CLIMATE REPORT
NATIONAL WEATHER SERVICE TOPEKA KS
1241 AM CST SAT JAN 31 2015


...................................

...THE MANHATTAN KS CLIMATE SUMMARY FOR JANUARY 30 2015...

CLIMATE NORMAL PERIOD 1981 TO 2010
CLIMATE RECORD PERIOD 9999 TO 9999


WEATHER ITEM   OBSERVED NORMAL DEPARTURE LAST
                VALUE   VALUE  FROM      YEAR
                               NORMAL
...............................................
TEMPERATURE (F)
 YESTERDAY
  MAXIMUM         45     42      3       48
  MINIMUM         15     18     -3       29
  AVERAGE         30     30      0       39

PRECIPITATION (IN)
  YESTERDAY        0.03   0.04  -0.01     0.00
  MONTH TO DATE    0.08   0.61  -0.53     0.23
  SINCE DEC 1      2.30   1.63   0.67     0.82
  SINCE JAN 1      0.08   0.61  -0.53     0.23

DEGREE DAYS
 HEATING
  YESTERDAY       35     35      0       26
  MONTH TO DATE 1048   1091    -43     1136
  SINCE DEC 1   1982   2157   -175     2324
  SINCE JUL 1   3119   3232   -113     3411

 COOLING
  YESTERDAY        0      0      0        0
  MONTH TO DATE    0      0      0        0
  SINCE DEC 1      0      0      0        0
  SINCE JAN 1      0      0      0        0
...............................................


WIND (MPH)
  HIGHEST WIND SPEED    13   HIGHEST WIND DIRECTION     W (270)
  HIGHEST GUST SPEED    26   HIGHEST GUST DIRECTION     W (280)
  AVERAGE WIND SPEED     2.7


SKY COVER
  AVERAGE SKY COVER 0.2


WEATHER CONDITIONS
 THE FOLLOWING WEATHER WAS RECORDED YESTERDAY.
  LIGHT RAIN
  FOG


RELATIVE HUMIDITY (PERCENT)
 HIGHEST    92
 LOWEST     45
 AVERAGE    69

..........................................................


THE MANHATTAN KS CLIMATE NORMALS FOR TODAY
                         NORMAL
 MAXIMUM TEMPERATURE (F)   42
 MINIMUM TEMPERATURE (F)   18


SUNRISE AND SUNSET
JANUARY 31 2015.......SUNRISE   734 AM CST   SUNSET   546 PM CST
FEBRUARY  1 2015......SUNRISE   734 AM CST   SUNSET   547 PM CST


-  INDICATES NEGATIVE NUMBERS.
R  INDICATES RECORD WAS SET OR TIED.
MM INDICATES DATA IS MISSING.
T  INDICATES TRACE AMOUNT.




$$
