000
CDUS43 KTOP 030641
CLIMHK


CLIMATE REPORT
NATIONAL WEATHER SERVICE TOPEKA KS
140 AM CDT MON AUG 3 2015


...................................

...THE MANHATTAN KS CLIMATE SUMMARY FOR AUGUST 2 2015...

CLIMATE NORMAL PERIOD 1981 TO 2010
CLIMATE RECORD PERIOD 9999 TO 9999


WEATHER ITEM   OBSERVED NORMAL DEPARTURE LAST
                VALUE   VALUE  FROM      YEAR
                               NORMAL
...............................................
TEMPERATURE (F)
 YESTERDAY
  MAXIMUM         96     91      5       92
  MINIMUM         72     67      5       65
  AVERAGE         84     79      5       79

PRECIPITATION (IN)
  YESTERDAY        0.00   0.09  -0.09     0.00
  MONTH TO DATE    0.00   0.18  -0.18     0.00
  SINCE JUN 1      7.39   9.24  -1.85     7.67
  SINCE JAN 1     21.61  20.44   1.17    13.52

DEGREE DAYS
 HEATING
  YESTERDAY        0      0      0        0
  MONTH TO DATE    0      0      0        0
  SINCE JUN 1      0     12    -12        1
  SINCE JUL 1      0      1     -1        1

 COOLING
  YESTERDAY       19     14      5       14
  MONTH TO DATE   35     28      7       27
  SINCE JUN 1    876    734    142      720
  SINCE JAN 1    957    834    123      923
...............................................


WIND (MPH)
  HIGHEST WIND SPEED    18   HIGHEST WIND DIRECTION    SW (220)
  HIGHEST GUST SPEED    23   HIGHEST GUST DIRECTION    SW (210)
  AVERAGE WIND SPEED     8.5


SKY COVER
  AVERAGE SKY COVER 0.0


WEATHER CONDITIONS
 THE FOLLOWING WEATHER WAS RECORDED YESTERDAY.
  NO SIGNIFICANT WEATHER WAS OBSERVED.


RELATIVE HUMIDITY (PERCENT)
 HIGHEST    93
 LOWEST     39
 AVERAGE    66

..........................................................


THE MANHATTAN KS CLIMATE NORMALS FOR TODAY
                         NORMAL
 MAXIMUM TEMPERATURE (F)   91
 MINIMUM TEMPERATURE (F)   67


SUNRISE AND SUNSET
AUGUST  3 2015........SUNRISE   629 AM CDT   SUNSET   836 PM CDT
AUGUST  4 2015........SUNRISE   630 AM CDT   SUNSET   835 PM CDT


-  INDICATES NEGATIVE NUMBERS.
R  INDICATES RECORD WAS SET OR TIED.
MM INDICATES DATA IS MISSING.
T  INDICATES TRACE AMOUNT.




$$
