000
CDUS43 KTOP 210632
CLIMHK


CLIMATE REPORT
NATIONAL WEATHER SERVICE TOPEKA KS
132 AM CDT MON APR 21 2014


...................................

...THE MANHATTAN KS CLIMATE SUMMARY FOR APRIL 20 2014...

CLIMATE NORMAL PERIOD 1981 TO 2010
CLIMATE RECORD PERIOD 9999 TO 9999


WEATHER ITEM   OBSERVED NORMAL DEPARTURE LAST
                VALUE   VALUE  FROM      YEAR
                               NORMAL
...............................................
TEMPERATURE (F)
 YESTERDAY
  MAXIMUM         80     68     12       59
  MINIMUM         62     43     19       29
  AVERAGE         71     55     16       44

PRECIPITATION (IN)
  YESTERDAY        T      0.11  -0.11     0.00
  MONTH TO DATE    0.63   1.58  -0.95     2.65
  SINCE MAR 1      1.16   3.78  -2.62     3.72
  SINCE JAN 1      2.38   5.50  -3.12     5.43

DEGREE DAYS
 HEATING
  YESTERDAY        0     10    -10       21
  MONTH TO DATE  278    260     18      364
  SINCE MAR 1   1028    936     92     1144
  SINCE JUL 1   5559   5096    463     4901

 COOLING
  YESTERDAY        6      1      5        0
  MONTH TO DATE   16      9      7        2
  SINCE MAR 1     16     11      5        2
  SINCE JAN 1     16     11      5        2
...............................................


WIND (MPH)
  HIGHEST WIND SPEED    24   HIGHEST WIND DIRECTION    SW (210)
  HIGHEST GUST SPEED    30   HIGHEST GUST DIRECTION    SW (210)
  AVERAGE WIND SPEED    11.4


SKY COVER
  AVERAGE SKY COVER 0.3


WEATHER CONDITIONS
 THE FOLLOWING WEATHER WAS RECORDED YESTERDAY.
  LIGHT RAIN
  HAZE


RELATIVE HUMIDITY (PERCENT)
 HIGHEST    84
 LOWEST     39
 AVERAGE    62

..........................................................


THE MANHATTAN KS CLIMATE NORMALS FOR TODAY
                         NORMAL
 MAXIMUM TEMPERATURE (F)   68
 MINIMUM TEMPERATURE (F)   43


SUNRISE AND SUNSET
APRIL 21 2014.........SUNRISE   641 AM CDT   SUNSET   810 PM CDT
APRIL 22 2014.........SUNRISE   640 AM CDT   SUNSET   811 PM CDT


-  INDICATES NEGATIVE NUMBERS.
R  INDICATES RECORD WAS SET OR TIED.
MM INDICATES DATA IS MISSING.
T  INDICATES TRACE AMOUNT.




$$
