000
CDUS43 KTOP 190631
CLIMHK


CLIMATE REPORT
NATIONAL WEATHER SERVICE TOPEKA KS
131 AM CDT FRI SEP 19 2014


...................................

...THE MANHATTAN KS CLIMATE SUMMARY FOR SEPTEMBER 18 2014...

CLIMATE NORMAL PERIOD 1981 TO 2010
CLIMATE RECORD PERIOD 9999 TO 9999


WEATHER ITEM   OBSERVED NORMAL DEPARTURE LAST
                VALUE   VALUE  FROM      YEAR
                               NORMAL
...............................................
TEMPERATURE (F)
 YESTERDAY
  MAXIMUM         81     80      1       92
  MINIMUM         65     54     11       71
  AVERAGE         73     67      6       82

PRECIPITATION (IN)
  YESTERDAY        T      0.09  -0.09     0.00
  MONTH TO DATE    0.74   2.10  -1.36     2.86
  SINCE SEP 1      0.74   2.10  -1.36     2.86
  SINCE JAN 1     17.64  26.64  -9.00    24.08

DEGREE DAYS
 HEATING
  YESTERDAY        0      2     -2        0
  MONTH TO DATE   51     18     33        4
  SINCE SEP 1     51     18     33        4
  SINCE JUL 1     52     21     31        7

 COOLING
  YESTERDAY        8      4      4       17
  MONTH TO DATE  107    117    -10      208
  SINCE SEP 1    107    117    -10      208
  SINCE JAN 1   1485   1300    185     1436
...............................................


WIND (MPH)
  HIGHEST WIND SPEED    17   HIGHEST WIND DIRECTION     E (90)
  HIGHEST GUST SPEED    22   HIGHEST GUST DIRECTION     E (90)
  AVERAGE WIND SPEED     8.4


SKY COVER
  AVERAGE SKY COVER 0.6


WEATHER CONDITIONS
 THE FOLLOWING WEATHER WAS RECORDED YESTERDAY.
  THUNDERSTORM
  LIGHT RAIN
  FOG


RELATIVE HUMIDITY (PERCENT)
 HIGHEST    93
 LOWEST     62
 AVERAGE    78

..........................................................


THE MANHATTAN KS CLIMATE NORMALS FOR TODAY
                         NORMAL
 MAXIMUM TEMPERATURE (F)   80
 MINIMUM TEMPERATURE (F)   53


SUNRISE AND SUNSET
SEPTEMBER 19 2014.....SUNRISE   712 AM CDT   SUNSET   728 PM CDT
SEPTEMBER 20 2014.....SUNRISE   712 AM CDT   SUNSET   727 PM CDT


-  INDICATES NEGATIVE NUMBERS.
R  INDICATES RECORD WAS SET OR TIED.
MM INDICATES DATA IS MISSING.
T  INDICATES TRACE AMOUNT.




$$
