507
CDUS43 KTOP 260635
CLIMHK


CLIMATE REPORT
NATIONAL WEATHER SERVICE TOPEKA KS
134 AM CDT FRI AUG 26 2016


...................................

...THE MANHATTAN KS CLIMATE SUMMARY FOR AUGUST 25 2016...

CLIMATE NORMAL PERIOD 1981 TO 2010
CLIMATE RECORD PERIOD 9999 TO 9999


WEATHER ITEM   OBSERVED NORMAL DEPARTURE LAST
                VALUE   VALUE  FROM      YEAR
                               NORMAL
...............................................
TEMPERATURE (F)
 YESTERDAY
  MAXIMUM         79     88     -9       86
  MINIMUM         64     63      1       51
  AVERAGE         72     76     -4       69

PRECIPITATION (IN)
  YESTERDAY        1.39   0.16   1.23      T
  MONTH TO DATE    5.42   3.31   2.11     2.91
  SINCE JUN 1     10.38  12.37  -1.99    10.30
  SINCE JAN 1     25.66  23.57   2.09    24.52

DEGREE DAYS
 HEATING
  YESTERDAY        0      0      0        0
  MONTH TO DATE    0      0      0        0
  SINCE JUN 1      0     12    -12        0
  SINCE JUL 1      0      1     -1        0

 COOLING
  YESTERDAY        7     11     -4        4
  MONTH TO DATE  322    319      3      278
  SINCE JUN 1   1279   1025    254     1119
  SINCE JAN 1   1389   1125    264     1200
...............................................


WIND (MPH)
  HIGHEST WIND SPEED    17   HIGHEST WIND DIRECTION    NE (30)
  HIGHEST GUST SPEED    26   HIGHEST GUST DIRECTION     W (280)
  AVERAGE WIND SPEED     8.0


SKY COVER
  AVERAGE SKY COVER 0.6


WEATHER CONDITIONS
 THE FOLLOWING WEATHER WAS RECORDED YESTERDAY.
  THUNDERSTORM
  HEAVY RAIN
  RAIN
  LIGHT RAIN
  FOG


RELATIVE HUMIDITY (PERCENT)
 HIGHEST    87
 LOWEST     64
 AVERAGE    76

..........................................................


THE MANHATTAN KS CLIMATE NORMALS FOR TODAY
                         NORMAL
 MAXIMUM TEMPERATURE (F)   88
 MINIMUM TEMPERATURE (F)   63


SUNRISE AND SUNSET
AUGUST 26 2016........SUNRISE   650 AM CDT   SUNSET   805 PM CDT
AUGUST 27 2016........SUNRISE   651 AM CDT   SUNSET   804 PM CDT


-  INDICATES NEGATIVE NUMBERS.
R  INDICATES RECORD WAS SET OR TIED.
MM INDICATES DATA IS MISSING.
T  INDICATES TRACE AMOUNT.




$$
