000
CDUS43 KTOP 260632
CLIMHK


CLIMATE REPORT
NATIONAL WEATHER SERVICE TOPEKA KS
132 AM CDT SUN MAR 26 2017


...................................

...THE MANHATTAN KS CLIMATE SUMMARY FOR MARCH 25 2017...

CLIMATE NORMAL PERIOD 1981 TO 2010
CLIMATE RECORD PERIOD 9999 TO 9999


WEATHER ITEM   OBSERVED NORMAL DEPARTURE LAST
                VALUE   VALUE  FROM      YEAR
                               NORMAL
...............................................
TEMPERATURE (F)
 YESTERDAY
  MAXIMUM         47     60    -13       63
  MINIMUM         43     33     10       17
  AVERAGE         45     47     -2       40

PRECIPITATION (IN)
  YESTERDAY        0.17   0.08   0.09     0.00
  MONTH TO DATE    1.13   1.82  -0.69     0.24
  SINCE MAR 1      1.13   1.82  -0.69     0.24
  SINCE JAN 1      2.93   3.54  -0.61     1.22

DEGREE DAYS
 HEATING
  YESTERDAY       20     18      2       25
  MONTH TO DATE  412    575   -163      392
  SINCE MAR 1    412    575   -163      392
  SINCE JUL 1   3696   4735  -1039     3689

 COOLING
  YESTERDAY        0      0      0        0
  MONTH TO DATE    6      0      6        5
  SINCE MAR 1      6      0      6        5
  SINCE JAN 1      6      0      6        5
...............................................


WIND (MPH)
  HIGHEST WIND SPEED    15   HIGHEST WIND DIRECTION     N (20)
  HIGHEST GUST SPEED    22   HIGHEST GUST DIRECTION     N (350)
  AVERAGE WIND SPEED     6.9


SKY COVER
  AVERAGE SKY COVER 1.0


WEATHER CONDITIONS
 THE FOLLOWING WEATHER WAS RECORDED YESTERDAY.
  RAIN
  LIGHT RAIN
  FOG


RELATIVE HUMIDITY (PERCENT)
 HIGHEST    96
 LOWEST     86
 AVERAGE    91

..........................................................


THE MANHATTAN KS CLIMATE NORMALS FOR TODAY
                         NORMAL
 MAXIMUM TEMPERATURE (F)   61
 MINIMUM TEMPERATURE (F)   34


SUNRISE AND SUNSET
MARCH 26 2017.........SUNRISE   720 AM CDT   SUNSET   745 PM CDT
MARCH 27 2017.........SUNRISE   719 AM CDT   SUNSET   746 PM CDT


-  INDICATES NEGATIVE NUMBERS.
R  INDICATES RECORD WAS SET OR TIED.
MM INDICATES DATA IS MISSING.
T  INDICATES TRACE AMOUNT.




$$
