000
CDUS43 KTOP 280633
CLIMHK


CLIMATE REPORT
NATIONAL WEATHER SERVICE TOPEKA KS
132 AM CDT WED JUN 28 2017


...................................

...THE MANHATTAN KS CLIMATE SUMMARY FOR JUNE 27 2017...

CLIMATE NORMAL PERIOD 1981 TO 2010
CLIMATE RECORD PERIOD 9999 TO 9999


WEATHER ITEM   OBSERVED NORMAL DEPARTURE LAST
                VALUE   VALUE  FROM      YEAR
                               NORMAL
...............................................
TEMPERATURE (F)
 YESTERDAY
  MAXIMUM         87     89     -2       97
  MINIMUM         59     65     -6       64
  AVERAGE         73     77     -4       81

PRECIPITATION (IN)
  YESTERDAY        0.00   0.14  -0.14     0.03
  MONTH TO DATE    0.56   4.68  -4.12     0.30
  SINCE JUN 1      0.56   4.68  -4.12     0.30
  SINCE JAN 1     14.42  15.88  -1.46    15.58

DEGREE DAYS
 HEATING
  YESTERDAY        0      0      0        0
  MONTH TO DATE    2      8     -6        0
  SINCE JUN 1      2      8     -6        0
  SINCE JUL 1   4171   5312  -1141     4115

 COOLING
  YESTERDAY        8     12     -4       16
  MONTH TO DATE  308    234     74      417
  SINCE JUN 1    308    234     74      417
  SINCE JAN 1    442    334    108      527
...............................................


WIND (MPH)
  HIGHEST WIND SPEED    24   HIGHEST WIND DIRECTION     S (180)
  HIGHEST GUST SPEED    31   HIGHEST GUST DIRECTION     S (180)
  AVERAGE WIND SPEED    11.4


SKY COVER
  AVERAGE SKY COVER 0.3


WEATHER CONDITIONS
 THE FOLLOWING WEATHER WAS RECORDED YESTERDAY.
  THUNDERSTORM
  FOG


RELATIVE HUMIDITY (PERCENT)
 HIGHEST   100
 LOWEST     58
 AVERAGE    79

..........................................................


THE MANHATTAN KS CLIMATE NORMALS FOR TODAY
                         NORMAL
 MAXIMUM TEMPERATURE (F)   89
 MINIMUM TEMPERATURE (F)   65


SUNRISE AND SUNSET
JUNE 28 2017..........SUNRISE   603 AM CDT   SUNSET   857 PM CDT
JUNE 29 2017..........SUNRISE   603 AM CDT   SUNSET   857 PM CDT


-  INDICATES NEGATIVE NUMBERS.
R  INDICATES RECORD WAS SET OR TIED.
MM INDICATES DATA IS MISSING.
T  INDICATES TRACE AMOUNT.




$$
