000
CDUS46 KMFR 260835
CLIMHS


CLIMATE REPORT
NATIONAL WEATHER SERVICE MEDFORD, OR
135 AM PDT WED APR 26 2017


...................................

...THE MT SHASTA CITY CA CLIMATE SUMMARY FOR APRIL 25 2017...

CLIMATE NORMAL PERIOD 1981 TO 2010
CLIMATE RECORD PERIOD 1908 TO 2017


WEATHER ITEM   OBSERVED TIME   RECORD YEAR NORMAL DEPARTURE LAST
                VALUE   (LST)  VALUE       VALUE  FROM      YEAR
                                                  NORMAL
..................................................................
TEMPERATURE (F)
 YESTERDAY
  MAXIMUM         57    108 PM  84    1926  63     -6       51
  MINIMUM         36    421 AM  23    1975  35      1       34
  AVERAGE         47                        49     -2       43

PRECIPITATION (IN)
  YESTERDAY        0.01          1.69 1955   0.09  -0.08      T
  MONTH TO DATE    8.43                      2.54   5.89     1.89
  SINCE OCT 1     57.89                     38.00  19.89    38.62
  SINCE JAN 1     36.73                     22.79  13.94    29.13

SNOWFALL (IN)
  YESTERDAY       MM                         0.1   MM       MM
  MONTH TO DATE   MM                         5.1   MM       MM
  SINCE JUL 1     MM                        91.2   MM       MM
  SNOW DEPTH      MM

DEGREE DAYS
 HEATING
  YESTERDAY       18                        16      2       22
  MONTH TO DATE  481                       460     21      290
  SINCE MAR 1   1110                      1164    -54      918
  SINCE JUL 1   5007                      5139   -132     4433

 COOLING
  YESTERDAY        0                         0      0        0
  MONTH TO DATE    0                         0      0        0
  SINCE MAR 1      0                         0      0        0
  SINCE JAN 1      0                         0      0        0
..................................................................


WIND (MPH)
  HIGHEST WIND SPEED     8   HIGHEST WIND DIRECTION     E (90)
  HIGHEST GUST SPEED    14   HIGHEST GUST DIRECTION    SE (140)
  AVERAGE WIND SPEED     1.8


SKY COVER
  POSSIBLE SUNSHINE  MM
  AVERAGE SKY COVER 0.8


WEATHER CONDITIONS
 THE FOLLOWING WEATHER WAS RECORDED YESTERDAY.
  LIGHT RAIN


RELATIVE HUMIDITY (PERCENT)
 HIGHEST    92          1100 PM
 LOWEST     46          1200 PM

..........................................................


THE MT SHASTA CITY CA CLIMATE NORMALS FOR TODAY
                         NORMAL    RECORD    YEAR
 MAXIMUM TEMPERATURE (F)   64        83      2004
 MINIMUM TEMPERATURE (F)   35        26      1977


SUNRISE AND SUNSET
APRIL 26 2017.........SUNRISE   613 AM PDT   SUNSET   802 PM PDT
APRIL 27 2017.........SUNRISE   612 AM PDT   SUNSET   803 PM PDT


-  INDICATES NEGATIVE NUMBERS.
R  INDICATES RECORD WAS SET OR TIED.
MM INDICATES DATA IS MISSING.
T  INDICATES TRACE AMOUNT.




$$
