000
CDUS46 KMFR 240836
CLIMHS


CLIMATE REPORT
NATIONAL WEATHER SERVICE MEDFORD, OR
136 AM PDT THU JUL 24 2014


...................................

...THE MT SHASTA CITY CA CLIMATE SUMMARY FOR JULY 23 2014...

CLIMATE NORMAL PERIOD 1981 TO 2010
CLIMATE RECORD PERIOD 1908 TO 2014


WEATHER ITEM   OBSERVED TIME   RECORD YEAR NORMAL DEPARTURE LAST
                VALUE   (LST)  VALUE       VALUE  FROM      YEAR
                                                  NORMAL
..................................................................
TEMPERATURE (F)
 YESTERDAY
  MAXIMUM         80    310 PM 101    2006  88     -8       92
  MINIMUM         56   1159 PM  38    1987  51      5       56
  AVERAGE         68                        69     -1       74

PRECIPITATION (IN)
  YESTERDAY        0.00          0.57 2003   0.01  -0.01     0.00
  MONTH TO DATE    0.24                      0.31  -0.07     0.05
  SINCE SEP 1     14.89                     42.79 -27.90    27.83
  SINCE JAN 1     12.07                     26.91 -14.84     7.13

SNOWFALL (IN)
  YESTERDAY       MM                         0.0   MM       MM
  MONTH TO DATE   MM                         0.0   MM       MM
  SINCE JUL 1     MM                         0.0   MM       MM
  SNOW DEPTH      MM

DEGREE DAYS
 HEATING
  YESTERDAY        0                         1     -1        0
  MONTH TO DATE    0                        29    -29        0
  SINCE JUN 1     56                       171   -115       87
  SINCE JUL 1      0                        29    -29        0

 COOLING
  YESTERDAY        3                         5     -2        9
  MONTH TO DATE  224                        87    137      169
  SINCE JUN 1    282                       124    158      268
  SINCE JAN 1    291                       132    159      277
..................................................................


WIND (MPH)
  HIGHEST WIND SPEED     9   HIGHEST WIND DIRECTION    NW (330)
  HIGHEST GUST SPEED    19   HIGHEST GUST DIRECTION    SE (140)
  AVERAGE WIND SPEED     2.3


SKY COVER
  POSSIBLE SUNSHINE  MM
  AVERAGE SKY COVER 0.2


WEATHER CONDITIONS
 THE FOLLOWING WEATHER WAS RECORDED YESTERDAY.
  NO SIGNIFICANT WEATHER WAS OBSERVED.


RELATIVE HUMIDITY (PERCENT)
 HIGHEST    72           600 AM
 LOWEST     33           700 PM

..........................................................


THE MT SHASTA CITY CA CLIMATE NORMALS FOR TODAY
                         NORMAL    RECORD    YEAR
 MAXIMUM TEMPERATURE (F)   88        99      1931
 MINIMUM TEMPERATURE (F)   51        38      1929


SUNRISE AND SUNSET
JULY 24 2014..........SUNRISE   557 AM PDT   SUNSET   834 PM PDT
JULY 25 2014..........SUNRISE   558 AM PDT   SUNSET   833 PM PDT


-  INDICATES NEGATIVE NUMBERS.
R  INDICATES RECORD WAS SET OR TIED.
MM INDICATES DATA IS MISSING.
T  INDICATES TRACE AMOUNT.




$$
