000
CDUS46 KMFR 140838
CLIMHS


CLIMATE REPORT
NATIONAL WEATHER SERVICE MEDFORD, OR
1237 AM PST SUN FEB 14 2016


...................................

...THE MT SHASTA CITY CA CLIMATE SUMMARY FOR FEBRUARY 13 2016...

CLIMATE NORMAL PERIOD 1981 TO 2010
CLIMATE RECORD PERIOD 1908 TO 2016


WEATHER ITEM   OBSERVED TIME   RECORD YEAR NORMAL DEPARTURE LAST
                VALUE   (LST)  VALUE       VALUE  FROM      YEAR
                                                  NORMAL
..................................................................
TEMPERATURE (F)
 YESTERDAY
  MAXIMUM         58    123 PM  67    1996  48     10       65
  MINIMUM         33    752 AM   1    1949  28      5       34
  AVERAGE         46                        38      8       50

PRECIPITATION (IN)
  YESTERDAY        0.00          2.40 1938   0.24  -0.24     0.00
  MONTH TO DATE    0.13                      3.14  -3.01    10.10
  SINCE OCT 1     22.62                     25.41  -2.79    30.10
  SINCE JAN 1     13.13                     10.20   2.93    10.58

SNOWFALL (IN)
  YESTERDAY       MM                         0.7   MM       MM
  MONTH TO DATE   MM                         8.9   MM       MM
  SINCE JUL 1     MM                        62.2   MM       MM
  SNOW DEPTH      MM

DEGREE DAYS
 HEATING
  YESTERDAY       19                        27     -8       15
  MONTH TO DATE  276                       359    -83      254
  SINCE DEC 1   2048                      2188   -140     1668
  SINCE JUL 1   3180                      3585   -405     2678

 COOLING
  YESTERDAY        0                         0      0        0
  MONTH TO DATE    0                         0      0        0
  SINCE DEC 1      0                         0      0        0
  SINCE JAN 1      0                         0      0        0
..................................................................


WIND (MPH)
  HIGHEST WIND SPEED    10   HIGHEST WIND DIRECTION    NW (310)
  HIGHEST GUST SPEED    20   HIGHEST GUST DIRECTION    NW (330)
  AVERAGE WIND SPEED     3.5


SKY COVER
  POSSIBLE SUNSHINE  MM
  AVERAGE SKY COVER 0.2


WEATHER CONDITIONS
 THE FOLLOWING WEATHER WAS RECORDED YESTERDAY.
  NO SIGNIFICANT WEATHER WAS OBSERVED.


RELATIVE HUMIDITY (PERCENT)
 HIGHEST    85           500 AM
 LOWEST     38           100 PM

..........................................................


THE MT SHASTA CITY CA CLIMATE NORMALS FOR TODAY
                         NORMAL    RECORD    YEAR
 MAXIMUM TEMPERATURE (F)   48        68      1991
 MINIMUM TEMPERATURE (F)   28         4      1911


SUNRISE AND SUNSET
FEBRUARY 14 2016......SUNRISE   706 AM PST   SUNSET   542 PM PST
FEBRUARY 15 2016......SUNRISE   705 AM PST   SUNSET   543 PM PST


-  INDICATES NEGATIVE NUMBERS.
R  INDICATES RECORD WAS SET OR TIED.
MM INDICATES DATA IS MISSING.
T  INDICATES TRACE AMOUNT.




$$
