000
CDUS46 KMFR 010040
CLIMHS


CLIMATE REPORT
NATIONAL WEATHER SERVICE MEDFORD, OR
540 PM PDT FRI JUL 31 2015


...................................

...THE MT SHASTA CITY CA CLIMATE SUMMARY FOR JULY 31 2015...
VALID TODAY AS OF 0500 PM LOCAL TIME.

CLIMATE NORMAL PERIOD 1981 TO 2010
CLIMATE RECORD PERIOD 1908 TO 2015


WEATHER ITEM   OBSERVED TIME   RECORD YEAR NORMAL DEPARTURE LAST
                VALUE   (LST)  VALUE       VALUE  FROM      YEAR
                                                  NORMAL
..................................................................
TEMPERATURE (F)
 TODAY
  MAXIMUM        100R   147 PM  99    1977  88     12       97
  MINIMUM         60    553 AM  38    1989  50     10       54
  AVERAGE         80                        69     11       76

PRECIPITATION (IN)
  TODAY            0.00          0.84 1948   0.01  -0.01     0.00
  MONTH TO DATE    1.50                      0.39   1.11     0.24
  SINCE OCT 1     36.40                     42.20  -5.80    13.18
  SINCE JAN 1     16.88                     26.99 -10.11    12.07

SNOWFALL (IN)
  TODAY           MM                         0.0   MM       MM
  MONTH TO DATE   MM                         0.0   MM       MM
  SINCE JUL 1     MM                         0.0   MM       MM
  SNOW DEPTH      MM

DEGREE DAYS
 HEATING
  TODAY            0                         1     -1        0
  MONTH TO DATE    5                        37    -32        1
  SINCE JUN 1     26                       175   -149       57
  SINCE JUL 1      5                        33    -28        1

 COOLING
  TODAY           15                         4     11       11
  MONTH TO DATE  178                       123     55      290
  SINCE JUN 1    353                       160    193      348
  SINCE JAN 1    358                       168    190      357
..................................................................


WIND (MPH)
  HIGHEST WIND SPEED     8   HIGHEST WIND DIRECTION    NW (300)
  HIGHEST GUST SPEED    13   HIGHEST GUST DIRECTION     W (280)
  AVERAGE WIND SPEED     2.4


SKY COVER
  POSSIBLE SUNSHINE  MM
  AVERAGE SKY COVER 0.0


WEATHER CONDITIONS
 THE FOLLOWING WEATHER WAS RECORDED TODAY.
  NO SIGNIFICANT WEATHER WAS OBSERVED.


RELATIVE HUMIDITY (PERCENT)
 HIGHEST    60           600 AM
 LOWEST     17           200 PM

..........................................................


THE MT SHASTA CITY CA CLIMATE NORMALS FOR TOMORROW
                         NORMAL    RECORD    YEAR
 MAXIMUM TEMPERATURE (F)   88        98      1977
 MINIMUM TEMPERATURE (F)   50        37      1989


SUNRISE AND SUNSET
JULY 31 2015..........SUNRISE   603 AM PDT   SUNSET   827 PM PDT
AUGUST  1 2015........SUNRISE   604 AM PDT   SUNSET   826 PM PDT


-  INDICATES NEGATIVE NUMBERS.
R  INDICATES RECORD WAS SET OR TIED.
MM INDICATES DATA IS MISSING.
T  INDICATES TRACE AMOUNT.




$$
