000
CDUS46 KMFR 240836
CLIMHS


CLIMATE REPORT
NATIONAL WEATHER SERVICE MEDFORD, OR
135 AM PDT WED AUG 24 2016


...................................

...THE MT SHASTA CITY CA CLIMATE SUMMARY FOR AUGUST 23 2016...

CLIMATE NORMAL PERIOD 1981 TO 2010
CLIMATE RECORD PERIOD 1908 TO 2016


WEATHER ITEM   OBSERVED TIME   RECORD YEAR NORMAL DEPARTURE LAST
                VALUE   (LST)  VALUE       VALUE  FROM      YEAR
                                                  NORMAL
..................................................................
TEMPERATURE (F)
 YESTERDAY
  MAXIMUM         89    302 PM  96    1982  84      5       87
  MINIMUM         47    609 AM  34    1960  47      0       47
  AVERAGE         68                        65      3       67

PRECIPITATION (IN)
  YESTERDAY        0.00          0.15 1925   0.01  -0.01     0.00
  MONTH TO DATE    0.00                      0.23  -0.23      T
  SINCE OCT 1     42.31                     42.43  -0.12    36.40
  SINCE JAN 1     32.82                     27.22   5.60    16.88

SNOWFALL (IN)
  YESTERDAY       MM                         0.0   MM       MM
  MONTH TO DATE   MM                         0.0   MM       MM
  SINCE JUL 1     MM                         0.0   MM       MM
  SNOW DEPTH      MM

DEGREE DAYS
 HEATING
  YESTERDAY        0                         2     -2        0
  MONTH TO DATE    0                        26    -26        0
  SINCE JUN 1    102                       201    -99       26
  SINCE JUL 1     15                        59    -44        5

 COOLING
  YESTERDAY        3                         2      1        2
  MONTH TO DATE  162                        75     87      110
  SINCE JUN 1    444                       235    209      463
  SINCE JAN 1    452                       243    209      468
..................................................................


WIND (MPH)
  HIGHEST WIND SPEED     8   HIGHEST WIND DIRECTION     W (290)
  HIGHEST GUST SPEED    15   HIGHEST GUST DIRECTION     W (280)
  AVERAGE WIND SPEED     1.0


SKY COVER
  POSSIBLE SUNSHINE  MM
  AVERAGE SKY COVER 0.0


WEATHER CONDITIONS
 THE FOLLOWING WEATHER WAS RECORDED YESTERDAY.
  NO SIGNIFICANT WEATHER WAS OBSERVED.


RELATIVE HUMIDITY (PERCENT)
 HIGHEST    71           300 AM
 LOWEST     15           200 PM

..........................................................


THE MT SHASTA CITY CA CLIMATE NORMALS FOR TODAY
                         NORMAL    RECORD    YEAR
 MAXIMUM TEMPERATURE (F)   84        96      1931
                                             1982
 MINIMUM TEMPERATURE (F)   47        32      1925


SUNRISE AND SUNSET
AUGUST 24 2016........SUNRISE   628 AM PDT   SUNSET   754 PM PDT
AUGUST 25 2016........SUNRISE   629 AM PDT   SUNSET   752 PM PDT


-  INDICATES NEGATIVE NUMBERS.
R  INDICATES RECORD WAS SET OR TIED.
MM INDICATES DATA IS MISSING.
T  INDICATES TRACE AMOUNT.




$$
