000
CDUS46 KMFR 280839
CLIMHS


CLIMATE REPORT
NATIONAL WEATHER SERVICE MEDFORD, OR
139 AM PDT MON JUL 28 2014


...................................

...THE MT SHASTA CITY CA CLIMATE SUMMARY FOR JULY 27 2014...

CLIMATE NORMAL PERIOD 1981 TO 2010
CLIMATE RECORD PERIOD 1908 TO 2014


WEATHER ITEM   OBSERVED TIME   RECORD YEAR NORMAL DEPARTURE LAST
                VALUE   (LST)  VALUE       VALUE  FROM      YEAR
                                                  NORMAL
..................................................................
TEMPERATURE (F)
 YESTERDAY
  MAXIMUM         89   1130 AM  99    1931  88      1       92
  MINIMUM         59   1159 PM  39    1987  50      9       54
  AVERAGE         74                        69      5       73

PRECIPITATION (IN)
  YESTERDAY        0.00          1.25 1944   0.01  -0.01     0.04
  MONTH TO DATE    0.24                      0.35  -0.11     0.10
  SINCE SEP 1     14.89                     42.83 -27.94    27.88
  SINCE JAN 1     12.07                     26.95 -14.88     7.18

SNOWFALL (IN)
  YESTERDAY       MM                         0.0   MM       MM
  MONTH TO DATE   MM                         0.0   MM       MM
  SINCE JUL 1     MM                         0.0   MM       MM
  SNOW DEPTH      MM

DEGREE DAYS
 HEATING
  YESTERDAY        0                         1     -1        0
  MONTH TO DATE    1                        33    -32        0
  SINCE JUN 1     57                       175   -118       87
  SINCE JUL 1      1                        33    -32        0

 COOLING
  YESTERDAY        9                         5      4        8
  MONTH TO DATE  246                       107    139      210
  SINCE JUN 1    304                       144    160      309
  SINCE JAN 1    313                       152    161      318
..................................................................


WIND (MPH)
  HIGHEST WIND SPEED     6   HIGHEST WIND DIRECTION    SW (220)
  HIGHEST GUST SPEED     8   HIGHEST GUST DIRECTION    SW (210)
  AVERAGE WIND SPEED     0.8


SKY COVER
  POSSIBLE SUNSHINE  MM
  AVERAGE SKY COVER 0.0


WEATHER CONDITIONS
 THE FOLLOWING WEATHER WAS RECORDED YESTERDAY.
  NO SIGNIFICANT WEATHER WAS OBSERVED.


RELATIVE HUMIDITY (PERCENT)
 HIGHEST    61           900 AM
 LOWEST     18           600 PM

..........................................................


THE MT SHASTA CITY CA CLIMATE NORMALS FOR TODAY
                         NORMAL    RECORD    YEAR
 MAXIMUM TEMPERATURE (F)   88        98      2009
                                             1968
 MINIMUM TEMPERATURE (F)   50        38      1965


SUNRISE AND SUNSET
JULY 28 2014..........SUNRISE   601 AM PDT   SUNSET   830 PM PDT
JULY 29 2014..........SUNRISE   602 AM PDT   SUNSET   829 PM PDT


-  INDICATES NEGATIVE NUMBERS.
R  INDICATES RECORD WAS SET OR TIED.
MM INDICATES DATA IS MISSING.
T  INDICATES TRACE AMOUNT.




$$
