000
CDUS46 KMFR 020842
CLIMHS


CLIMATE REPORT
NATIONAL WEATHER SERVICE MEDFORD, OR
142 AM PDT THU OCT 2 2014


...................................

...THE MT SHASTA CITY CA CLIMATE SUMMARY FOR OCTOBER 1 2014...

CLIMATE NORMAL PERIOD 1981 TO 2010
CLIMATE RECORD PERIOD 1908 TO 2014


WEATHER ITEM   OBSERVED TIME   RECORD YEAR NORMAL DEPARTURE LAST
                VALUE   (LST)  VALUE       VALUE  FROM      YEAR
                                                  NORMAL
..................................................................
TEMPERATURE (F)
 YESTERDAY
  MAXIMUM         67    249 PM  92    1952  73     -6       61
  MINIMUM         38    642 AM  26    1950  40     -2       42
  AVERAGE         53                        57     -4       52

PRECIPITATION (IN)
  YESTERDAY        0.00          0.54 1951   0.03  -0.03     0.00
  MONTH TO DATE    0.00                      0.03  -0.03     0.00
  SINCE SEP 1      2.56                      0.70   1.86     1.71
  SINCE JAN 1     14.84                     28.03 -13.19     8.89

SNOWFALL (IN)
  YESTERDAY       MM                         0.0   MM       MM
  MONTH TO DATE   MM                         0.0   MM       MM
  SINCE JUL 1     MM                         0.0   MM       MM
  SNOW DEPTH      MM

DEGREE DAYS
 HEATING
  YESTERDAY       12                         9      3       13
  MONTH TO DATE   12                         9      3       13
  SINCE SEP 1     87                       171    -84      178
  SINCE JUL 1     92                       246   -154      190

 COOLING
  YESTERDAY        0                         0      0        0
  MONTH TO DATE    0                         0      0        0
  SINCE SEP 1     49                        27     22       47
  SINCE JAN 1    547                       287    260      474
..................................................................


WIND (MPH)
  HIGHEST WIND SPEED    12   HIGHEST WIND DIRECTION    NW (300)
  HIGHEST GUST SPEED    18   HIGHEST GUST DIRECTION     W (290)
  AVERAGE WIND SPEED     3.1


SKY COVER
  POSSIBLE SUNSHINE  MM
  AVERAGE SKY COVER 0.0


WEATHER CONDITIONS
 THE FOLLOWING WEATHER WAS RECORDED YESTERDAY.
  NO SIGNIFICANT WEATHER WAS OBSERVED.


RELATIVE HUMIDITY (PERCENT)
 HIGHEST    85           600 AM
 LOWEST     37           200 PM

..........................................................


THE MT SHASTA CITY CA CLIMATE NORMALS FOR TODAY
                         NORMAL    RECORD    YEAR
 MAXIMUM TEMPERATURE (F)   73        93      1980
 MINIMUM TEMPERATURE (F)   40        19      1929


SUNRISE AND SUNSET
OCTOBER  2 2014.......SUNRISE   707 AM PDT   SUNSET   649 PM PDT
OCTOBER  3 2014.......SUNRISE   708 AM PDT   SUNSET   648 PM PDT


-  INDICATES NEGATIVE NUMBERS.
R  INDICATES RECORD WAS SET OR TIED.
MM INDICATES DATA IS MISSING.
T  INDICATES TRACE AMOUNT.




$$
