276
CDUS46 KMFR 010835
CLIMHS


CLIMATE REPORT
NATIONAL WEATHER SERVICE MEDFORD, OR
1235 AM PST WED MAR 1 2017


...................................

...THE MT SHASTA CITY CA CLIMATE SUMMARY FOR FEBRUARY 28 2017...

CLIMATE NORMAL PERIOD 1981 TO 2010
CLIMATE RECORD PERIOD 1908 TO 2017


WEATHER ITEM   OBSERVED TIME   RECORD YEAR NORMAL DEPARTURE LAST
                VALUE   (LST)  VALUE       VALUE  FROM      YEAR
                                                  NORMAL
..................................................................
TEMPERATURE (F)
 YESTERDAY
  MAXIMUM         47    306 PM  67    1926  51     -4       58
  MINIMUM         26    721 AM   9    1955  29     -3       31
  AVERAGE         37                        40     -3       45

PRECIPITATION (IN)
  YESTERDAY        0.00          3.50 1940   0.27  -0.27     0.00
  MONTH TO DATE   11.05                      7.23   3.82     3.03
  SINCE OCT 1     43.31                     29.50  13.81    25.52
  SINCE JAN 1     22.15                     14.29   7.86    16.03

SNOWFALL (IN)
  YESTERDAY       MM                         0.7   MM       MM
  MONTH TO DATE   MM                        19.6   MM       MM
  SINCE JUL 1     MM                        72.9   MM       MM
  SNOW DEPTH      MM

DEGREE DAYS
 HEATING
  YESTERDAY       28                        25      3       20
  MONTH TO DATE  722                       749    -27      589
  SINCE DEC 1   2712                      2578    134     2361
  SINCE JUL 1   3897                      3975    -78     3493

 COOLING
  YESTERDAY        0                         0      0        0
  MONTH TO DATE    0                         0      0        0
  SINCE DEC 1      0                         0      0        0
  SINCE JAN 1      0                         0      0        0
..................................................................


WIND (MPH)
  HIGHEST WIND SPEED    10   HIGHEST WIND DIRECTION    NW (300)
  HIGHEST GUST SPEED    17   HIGHEST GUST DIRECTION    NW (310)
  AVERAGE WIND SPEED     2.1


SKY COVER
  POSSIBLE SUNSHINE  MM
  AVERAGE SKY COVER 0.3


WEATHER CONDITIONS
 THE FOLLOWING WEATHER WAS RECORDED YESTERDAY.
  FOG
  HAZE


RELATIVE HUMIDITY (PERCENT)
 HIGHEST    92           600 AM
 LOWEST     37           100 PM

..........................................................


THE MT SHASTA CITY CA CLIMATE NORMALS FOR TODAY
                         NORMAL    RECORD    YEAR
 MAXIMUM TEMPERATURE (F)   51        66      1994
 MINIMUM TEMPERATURE (F)   29        10      1917


SUNRISE AND SUNSET
MARCH  1 2017.........SUNRISE   643 AM PST   SUNSET   600 PM PST
MARCH  2 2017.........SUNRISE   642 AM PST   SUNSET   602 PM PST


-  INDICATES NEGATIVE NUMBERS.
R  INDICATES RECORD WAS SET OR TIED.
MM INDICATES DATA IS MISSING.
T  INDICATES TRACE AMOUNT.




$$
