000
CDUS46 KMFR 220835
CLIMHS


CLIMATE REPORT
NATIONAL WEATHER SERVICE MEDFORD, OR
135 AM PDT TUE AUG 22 2017


...................................

...THE MT SHASTA CITY CA CLIMATE SUMMARY FOR AUGUST 21 2017...

CLIMATE NORMAL PERIOD 1981 TO 2010
CLIMATE RECORD PERIOD 1908 TO 2017


WEATHER ITEM   OBSERVED TIME   RECORD YEAR NORMAL DEPARTURE LAST
                VALUE   (LST)  VALUE       VALUE  FROM      YEAR
                                                  NORMAL
..................................................................
TEMPERATURE (F)
 YESTERDAY
  MAXIMUM         95R   240 PM  95    2009  84     11       93
                                      1950
  MINIMUM         52    614 AM  33    1927  47      5       51
  AVERAGE         74                        66      8       72

PRECIPITATION (IN)
  YESTERDAY        0.00          0.30 1983   0.01  -0.01     0.00
  MONTH TO DATE    T                         0.21  -0.21     0.00
  SINCE OCT 1     59.73                     42.41  17.32    42.31
  SINCE JAN 1     38.57                     27.20  11.37    32.82

SNOWFALL (IN)
  YESTERDAY       MM                         0.0   MM       MM
  MONTH TO DATE   MM                         0.0   MM       MM
  SINCE JUL 1     MM                         0.0   MM       MM
  SNOW DEPTH      MM

DEGREE DAYS
 HEATING
  YESTERDAY        0                         2     -2        0
  MONTH TO DATE    0                        22    -22        0
  SINCE JUN 1    105                       197    -92      102
  SINCE JUL 1      0                        55    -55       15

 COOLING
  YESTERDAY        9                         2      7        7
  MONTH TO DATE  173                        71    102      150
  SINCE JUN 1    516                       231    285      432
  SINCE JAN 1    530                       239    291      440
..................................................................


WIND (MPH)
  HIGHEST WIND SPEED     6   HIGHEST WIND DIRECTION     E (100)
  HIGHEST GUST SPEED    15   HIGHEST GUST DIRECTION     E (90)
  AVERAGE WIND SPEED     1.5


SKY COVER
  POSSIBLE SUNSHINE  MM
  AVERAGE SKY COVER 0.0


WEATHER CONDITIONS
 THE FOLLOWING WEATHER WAS RECORDED YESTERDAY.
  HAZE


RELATIVE HUMIDITY (PERCENT)
 HIGHEST    73          1100 PM
 LOWEST     17           300 PM

..........................................................


THE MT SHASTA CITY CA CLIMATE NORMALS FOR TODAY
                         NORMAL    RECORD    YEAR
 MAXIMUM TEMPERATURE (F)   84        97      1982
 MINIMUM TEMPERATURE (F)   47        34      1968


SUNRISE AND SUNSET
AUGUST 22 2017........SUNRISE   626 AM PDT   SUNSET   757 PM PDT
AUGUST 23 2017........SUNRISE   627 AM PDT   SUNSET   756 PM PDT


-  INDICATES NEGATIVE NUMBERS.
R  INDICATES RECORD WAS SET OR TIED.
MM INDICATES DATA IS MISSING.
T  INDICATES TRACE AMOUNT.




$$
