000
CDUS46 KMFR 260035
CLIMHS


CLIMATE REPORT
NATIONAL WEATHER SERVICE MEDFORD, OR
535 PM PDT SUN JUN 25 2017


...................................

...THE MT SHASTA CITY CA CLIMATE SUMMARY FOR JUNE 25 2017...
VALID TODAY AS OF 0500 PM LOCAL TIME.

CLIMATE NORMAL PERIOD 1981 TO 2010
CLIMATE RECORD PERIOD 1908 TO 2017


WEATHER ITEM   OBSERVED TIME   RECORD YEAR NORMAL DEPARTURE LAST
                VALUE   (LST)  VALUE       VALUE  FROM      YEAR
                                                  NORMAL
..................................................................
TEMPERATURE (F)
 TODAY
  MAXIMUM         94    213 PM  95    2015  80     14       86
                                      2006
                                      1968
  MINIMUM         57    522 AM  33    1975  48      9       45
  AVERAGE         76                        64     12       66

PRECIPITATION (IN)
  TODAY            0.00          0.43 1945   0.03  -0.03     0.00
  MONTH TO DATE    1.33                      1.07   0.26     2.40
  SINCE OCT 1     59.73                     41.68  18.05    42.31
  SINCE JAN 1     38.57                     26.47  12.10    32.82

SNOWFALL (IN)
  TODAY           MM                         0.0   MM       MM
  MONTH TO DATE   MM                         0.0   MM       MM
  SINCE JUL 1     MM                        91.8   MM       MM
  SNOW DEPTH      MM

DEGREE DAYS
 HEATING
  TODAY            0                         3     -3        0
  MONTH TO DATE  105                       127    -22       87
  SINCE JUN 1    105                       127    -22       87
  SINCE JUL 1   5418                      5679   -261     4813

 COOLING
  TODAY           11                         2      9        1
  MONTH TO DATE   88                        30     58       65
  SINCE JUN 1     88                        30     58       65
  SINCE JAN 1    102                        38     64       73
..................................................................


WIND (MPH)
  HIGHEST WIND SPEED     6   HIGHEST WIND DIRECTION    SE (130)
  HIGHEST GUST SPEED    17   HIGHEST GUST DIRECTION    SE (140)
  AVERAGE WIND SPEED     0.9


SKY COVER
  POSSIBLE SUNSHINE  MM
  AVERAGE SKY COVER 0.0


WEATHER CONDITIONS
 THE FOLLOWING WEATHER WAS RECORDED TODAY.
  NO SIGNIFICANT WEATHER WAS OBSERVED.


RELATIVE HUMIDITY (PERCENT)
 HIGHEST    77           500 AM
 LOWEST     28           300 PM

..........................................................


THE MT SHASTA CITY CA CLIMATE NORMALS FOR TOMORROW
                         NORMAL    RECORD    YEAR
 MAXIMUM TEMPERATURE (F)   80        99      2015
 MINIMUM TEMPERATURE (F)   48        32      2012
                                             1914


SUNRISE AND SUNSET
JUNE 25 2017..........SUNRISE   537 AM PDT   SUNSET   847 PM PDT
JUNE 26 2017..........SUNRISE   538 AM PDT   SUNSET   847 PM PDT


-  INDICATES NEGATIVE NUMBERS.
R  INDICATES RECORD WAS SET OR TIED.
MM INDICATES DATA IS MISSING.
T  INDICATES TRACE AMOUNT.




$$
