000
CDUS46 KMFR 190839
CLIMHS


CLIMATE REPORT
NATIONAL WEATHER SERVICE MEDFORD, OR
138 AM PDT SAT APR 19 2014


...................................

...THE MT SHASTA CITY CA CLIMATE SUMMARY FOR APRIL 18 2014...

CLIMATE NORMAL PERIOD 1981 TO 2010
CLIMATE RECORD PERIOD 1908 TO 2014


WEATHER ITEM   OBSERVED TIME   RECORD YEAR NORMAL DEPARTURE LAST
                VALUE   (LST)  VALUE       VALUE  FROM      YEAR
                                                  NORMAL
..................................................................
TEMPERATURE (F)
 YESTERDAY
  MAXIMUM         69    230 PM  78    1939  61      8       65
  MINIMUM         38    610 AM  18    1955  34      4       35
  AVERAGE         54                        48      6       50

PRECIPITATION (IN)
  YESTERDAY        0.00          0.80 2001   0.09  -0.09     0.00
  MONTH TO DATE    0.56                      1.89  -1.33     0.77
  SINCE SEP 1     13.79                     38.02 -24.23    26.21
  SINCE JAN 1     10.97                     22.14 -11.17     5.51

SNOWFALL (IN)
  YESTERDAY       MM                         0.1   MM       MM
  MONTH TO DATE   MM                         4.3   MM       MM
  SINCE JUL 1      0.0                      90.4  -90.4     MM
  SNOW DEPTH      MM

DEGREE DAYS
 HEATING
  YESTERDAY       11                        18     -7       15
  MONTH TO DATE  235                       344   -109      318
  SINCE MAR 1    839                      1048   -209      933
  SINCE JUL 1   4455                      5023   -568     4651

 COOLING
  YESTERDAY        0                         0      0        0
  MONTH TO DATE    0                         0      0        0
  SINCE MAR 1      0                         0      0        0
  SINCE JAN 1      0                         0      0        0
..................................................................


WIND (MPH)
  HIGHEST WIND SPEED    10   HIGHEST WIND DIRECTION    NW (300)
  HIGHEST GUST SPEED    16   HIGHEST GUST DIRECTION    NW (300)
  AVERAGE WIND SPEED     2.8


SKY COVER
  POSSIBLE SUNSHINE  MM
  AVERAGE SKY COVER 0.3


WEATHER CONDITIONS
 THE FOLLOWING WEATHER WAS RECORDED YESTERDAY.
  NO SIGNIFICANT WEATHER WAS OBSERVED.


RELATIVE HUMIDITY (PERCENT)
 HIGHEST    86           100 AM
 LOWEST     25           600 PM

..........................................................


THE MT SHASTA CITY CA CLIMATE NORMALS FOR TODAY
                         NORMAL    RECORD    YEAR
 MAXIMUM TEMPERATURE (F)   62        83      1950
 MINIMUM TEMPERATURE (F)   34        17      1927


SUNRISE AND SUNSET
APRIL 19 2014.........SUNRISE   623 AM PDT   SUNSET   754 PM PDT
APRIL 20 2014.........SUNRISE   622 AM PDT   SUNSET   755 PM PDT


-  INDICATES NEGATIVE NUMBERS.
R  INDICATES RECORD WAS SET OR TIED.
MM INDICATES DATA IS MISSING.
T  INDICATES TRACE AMOUNT.




$$
