000
CDUS46 KMFR 200849
CLIMHS


CLIMATE REPORT
NATIONAL WEATHER SERVICE MEDFORD, OR
1248 AM PST FRI JAN 20 2017


...................................

...THE MT SHASTA CITY CA CLIMATE SUMMARY FOR JANUARY 19 2017...

CLIMATE NORMAL PERIOD 1981 TO 2010
CLIMATE RECORD PERIOD 1908 TO 2017


WEATHER ITEM   OBSERVED TIME   RECORD YEAR NORMAL DEPARTURE LAST
                VALUE   (LST)  VALUE       VALUE  FROM      YEAR
                                                  NORMAL
..................................................................
TEMPERATURE (F)
 YESTERDAY
  MAXIMUM         37    317 PM  66    1920  46     -9       50
  MINIMUM         32    830 AM  -5    1922  27      5       35
  AVERAGE         35                        36     -1       43

PRECIPITATION (IN)
  YESTERDAY        0.42          3.16 2010   0.21   0.21     1.64
  MONTH TO DATE    8.79                      4.48   4.31     8.81
  SINCE OCT 1     29.95                     19.69  10.26    18.30
  SINCE JAN 1      8.79                      4.48   4.31     8.81

SNOWFALL (IN)
  YESTERDAY       MM                         0.6   MM       MM
  MONTH TO DATE   MM                        13.7   MM       MM
  SINCE JUL 1     MM                        46.4   MM       MM
  SNOW DEPTH      MM

DEGREE DAYS
 HEATING
  YESTERDAY       30                        29      1       22
  MONTH TO DATE  617                       561     56      554
  SINCE DEC 1   1599                      1486    113     1469
  SINCE JUL 1   2784                      2883    -99     2601

 COOLING
  YESTERDAY        0                         0      0        0
  MONTH TO DATE    0                         0      0        0
  SINCE DEC 1      0                         0      0        0
  SINCE JAN 1      0                         0      0        0
..................................................................


WIND (MPH)
  HIGHEST WIND SPEED     7   HIGHEST WIND DIRECTION     E (100)
  HIGHEST GUST SPEED    14   HIGHEST GUST DIRECTION     E (90)
  AVERAGE WIND SPEED     2.0


SKY COVER
  POSSIBLE SUNSHINE  MM
  AVERAGE SKY COVER 0.9


WEATHER CONDITIONS
 THE FOLLOWING WEATHER WAS RECORDED YESTERDAY.
  SNOW
  LIGHT SNOW
  FOG
  FOG W/VISIBILITY <= 1/4 MILE


RELATIVE HUMIDITY (PERCENT)
 HIGHEST    96          1200 AM
 LOWEST     82           500 PM

..........................................................


THE MT SHASTA CITY CA CLIMATE NORMALS FOR TODAY
                         NORMAL    RECORD    YEAR
 MAXIMUM TEMPERATURE (F)   46        65      1961
 MINIMUM TEMPERATURE (F)   27        -2      1937


SUNRISE AND SUNSET
JANUARY 20 2017.......SUNRISE   730 AM PST   SUNSET   511 PM PST
JANUARY 21 2017.......SUNRISE   729 AM PST   SUNSET   512 PM PST


-  INDICATES NEGATIVE NUMBERS.
R  INDICATES RECORD WAS SET OR TIED.
MM INDICATES DATA IS MISSING.
T  INDICATES TRACE AMOUNT.




$$
