734
CDUS46 KMFR 290838
CLIMHS


CLIMATE REPORT
NATIONAL WEATHER SERVICE MEDFORD, OR
137 AM PDT FRI JUL 29 2016


...................................

...THE MT SHASTA CITY CA CLIMATE SUMMARY FOR JULY 28 2016...

CLIMATE NORMAL PERIOD 1981 TO 2010
CLIMATE RECORD PERIOD 1908 TO 2016


WEATHER ITEM   OBSERVED TIME   RECORD YEAR NORMAL DEPARTURE LAST
                VALUE   (LST)  VALUE       VALUE  FROM      YEAR
                                                  NORMAL
..................................................................
TEMPERATURE (F)
 YESTERDAY
  MAXIMUM        102R   154 PM  98    2014  88     14       87
                                      2009
                                      1968
  MINIMUM         59    554 AM  38    1965  50      9       49
  AVERAGE         81                        69     12       68

PRECIPITATION (IN)
  YESTERDAY        0.00          0.43 1947   0.01  -0.01     0.00
  MONTH TO DATE    T                         0.36  -0.36     1.50
  SINCE OCT 1     42.31                     42.17   0.14    36.40
  SINCE JAN 1     32.82                     26.96   5.86    16.88

SNOWFALL (IN)
  YESTERDAY       MM                         0.0   MM       MM
  MONTH TO DATE   MM                         0.0   MM       MM
  SINCE JUL 1     MM                         0.0   MM       MM
  SNOW DEPTH      MM

DEGREE DAYS
 HEATING
  YESTERDAY        0                         1     -1        0
  MONTH TO DATE   15                        34    -19        5
  SINCE JUN 1    102                       176    -74       26
  SINCE JUL 1     15                        34    -19        5

 COOLING
  YESTERDAY       16                         5     11        3
  MONTH TO DATE  134                       112     22      146
  SINCE JUN 1    241                       149     92      321
  SINCE JAN 1    249                       157     92      326
..................................................................


WIND (MPH)
  HIGHEST WIND SPEED     6   HIGHEST WIND DIRECTION    NE (60)
  HIGHEST GUST SPEED     9   HIGHEST GUST DIRECTION    SE (140)
  AVERAGE WIND SPEED     1.4


SKY COVER
  POSSIBLE SUNSHINE  MM
  AVERAGE SKY COVER 0.0


WEATHER CONDITIONS
 THE FOLLOWING WEATHER WAS RECORDED YESTERDAY.
  NO SIGNIFICANT WEATHER WAS OBSERVED.


RELATIVE HUMIDITY (PERCENT)
 HIGHEST    67           500 AM
 LOWEST     10           200 PM

..........................................................


THE MT SHASTA CITY CA CLIMATE NORMALS FOR TODAY
                         NORMAL    RECORD    YEAR
 MAXIMUM TEMPERATURE (F)   88        99      2014
                                             2009
 MINIMUM TEMPERATURE (F)   50        36      1919


SUNRISE AND SUNSET
JULY 29 2016..........SUNRISE   602 AM PDT   SUNSET   829 PM PDT
JULY 30 2016..........SUNRISE   603 AM PDT   SUNSET   828 PM PDT


-  INDICATES NEGATIVE NUMBERS.
R  INDICATES RECORD WAS SET OR TIED.
MM INDICATES DATA IS MISSING.
T  INDICATES TRACE AMOUNT.




$$
