000
CDUS42 KMFL 310940
CLIMIA


CLIMATE REPORT
NATIONAL WEATHER SERVICE MIAMI, FL
440 AM EST SAT JAN 31 2015


...................................

...THE MIAMI CLIMATE SUMMARY FOR JANUARY 30 2015...

CLIMATE NORMAL PERIOD 1981 TO 2010
CLIMATE RECORD PERIOD 1895 TO 2015


WEATHER ITEM   OBSERVED TIME   RECORD YEAR NORMAL DEPARTURE LAST
                VALUE   (LST)  VALUE       VALUE  FROM      YEAR
                                                  NORMAL
..................................................................
TEMPERATURE (F)
 YESTERDAY
  MAXIMUM         76    314 PM  86    1991  77     -1       70
  MINIMUM         59    718 AM  36    1940  61     -2       61
  AVERAGE         68                        69     -1       66

PRECIPITATION (IN)
  YESTERDAY        0.00          6.68 1926   0.05  -0.05     0.25
  MONTH TO DATE    0.95                      1.56  -0.61     1.83
  SINCE NOV 1      4.93                      6.87  -1.94    12.23
  SINCE JAN 1      0.95                      1.56  -0.61     1.83

SNOWFALL (IN)
  YESTERDAY        0.0
  MONTH TO DATE    0.0
  SINCE DEC 1      0.0
  SINCE JUL 1      0.0
  SNOW DEPTH       0

DEGREE DAYS
 HEATING
  YESTERDAY        0                         1     -1
  MONTH TO DATE   12                        55    -43
  SINCE DEC 1     30                        89    -59
  SINCE JUL 1     41                        92    -51

 COOLING
  YESTERDAY        3                         5     -2
  MONTH TO DATE  199                       150     49
  SINCE DEC 1    419                       353     66
  SINCE JAN 1    199                       150     49
..................................................................


WIND (MPH)
  HIGHEST WIND SPEED    12   HIGHEST WIND DIRECTION    NW (300)
  HIGHEST GUST SPEED    16   HIGHEST GUST DIRECTION    NW (300)
  AVERAGE WIND SPEED     4.7


SKY COVER
  POSSIBLE SUNSHINE  84 PERCENT
  AVERAGE SKY COVER 0.5


WEATHER CONDITIONS
 THE FOLLOWING WEATHER WAS RECORDED YESTERDAY.
  NO SIGNIFICANT WEATHER WAS OBSERVED.


RELATIVE HUMIDITY (PERCENT)
 HIGHEST    80
 LOWEST     38
 AVERAGE    59

..........................................................


THE MIAMI CLIMATE NORMALS FOR TODAY
                         NORMAL    RECORD    YEAR
 MAXIMUM TEMPERATURE (F)   77        86      1991
 MINIMUM TEMPERATURE (F)   61        35      1966


SUNRISE AND SUNSET
JANUARY 31 2015.......SUNRISE   705 AM EST   SUNSET   604 PM EST
FEBRUARY  1 2015......SUNRISE   705 AM EST   SUNSET   605 PM EST


-  INDICATES NEGATIVE NUMBERS.
R  INDICATES RECORD WAS SET OR TIED.
MM INDICATES DATA IS MISSING.
T  INDICATES TRACE AMOUNT.




$$
