000
CDUS42 KMFL 310830
CLIMIA


CLIMATE REPORT
NATIONAL WEATHER SERVICE MIAMI, FL
430 AM EDT MON AUG 31 2015


...................................

...THE MIAMI CLIMATE SUMMARY FOR AUGUST 30 2015...

CLIMATE NORMAL PERIOD 1981 TO 2010
CLIMATE RECORD PERIOD 1895 TO 2015


WEATHER ITEM   OBSERVED TIME   RECORD YEAR NORMAL DEPARTURE LAST
                VALUE   (LST)  VALUE       VALUE  FROM      YEAR
                                                  NORMAL
..................................................................
TEMPERATURE (F)
 YESTERDAY
  MAXIMUM         84    330 PM  95    1981  90     -6       92
                                      1951
  MINIMUM         75    222 AM  68    1942  77     -2       83
  AVERAGE         80                        84     -4       88

PRECIPITATION (IN)
  YESTERDAY        2.76          3.54 1989   0.31   2.45      T
  MONTH TO DATE    9.02                      8.56   0.46     9.07
  SINCE JUN 1     18.53                     24.73  -6.20    38.98
  SINCE JAN 1     30.03                     40.08 -10.05    49.13

SNOWFALL (IN)
  YESTERDAY        0.0
  MONTH TO DATE    0.0
  SINCE JUN 1      0.0
  SINCE JUL 1      0.0
  SNOW DEPTH       0

DEGREE DAYS
 HEATING
  YESTERDAY        0                         0      0        0
  MONTH TO DATE    0                         0      0        0
  SINCE JUN 1      0                         0      0        0
  SINCE JUL 1      0                         0      0        0

 COOLING
  YESTERDAY       15                        19     -4       23
  MONTH TO DATE  597                       578     19      604
  SINCE JUN 1   1781                      1702     79     1699
  SINCE JAN 1   3458                      3058    400     3273
..................................................................


WIND (MPH)
  HIGHEST WIND SPEED    25   HIGHEST WIND DIRECTION    SE (140)
  HIGHEST GUST SPEED    32   HIGHEST GUST DIRECTION    SE (140)
  AVERAGE WIND SPEED     8.0


SKY COVER
  POSSIBLE SUNSHINE   0 PERCENT
  AVERAGE SKY COVER 0.8


WEATHER CONDITIONS
 THE FOLLOWING WEATHER WAS RECORDED YESTERDAY.
  THUNDERSTORM
  HEAVY RAIN
  RAIN
  LIGHT RAIN
  FOG


RELATIVE HUMIDITY (PERCENT)
 HIGHEST   100
 LOWEST     79
 AVERAGE    90

..........................................................


THE MIAMI CLIMATE NORMALS FOR TODAY
                         NORMAL    RECORD    YEAR
 MAXIMUM TEMPERATURE (F)   90        95      1998
 MINIMUM TEMPERATURE (F)   77        70      1942


SUNRISE AND SUNSET
AUGUST 31 2015........SUNRISE   701 AM EDT   SUNSET   742 PM EDT
SEPTEMBER  1 2015.....SUNRISE   701 AM EDT   SUNSET   741 PM EDT


-  INDICATES NEGATIVE NUMBERS.
R  INDICATES RECORD WAS SET OR TIED.
MM INDICATES DATA IS MISSING.
T  INDICATES TRACE AMOUNT.




$$
