000
CDUS42 KMFL 270824
CLIMIA


CLIMATE REPORT
NATIONAL WEATHER SERVICE MIAMI, FL
424 AM EDT FRI MAR 27 2015


...................................

...THE MIAMI CLIMATE SUMMARY FOR MARCH 26 2015...

CLIMATE NORMAL PERIOD 1981 TO 2010
CLIMATE RECORD PERIOD 1895 TO 2015


WEATHER ITEM   OBSERVED TIME   RECORD YEAR NORMAL DEPARTURE LAST
                VALUE   (LST)  VALUE       VALUE  FROM      YEAR
                                                  NORMAL
..................................................................
TEMPERATURE (F)
 YESTERDAY
  MAXIMUM         87    211 PM  89    1984  81      6       72
  MINIMUM         71    436 AM  46    1947  66      5       57
  AVERAGE         79                        73      6       65

PRECIPITATION (IN)
  YESTERDAY        0.00          2.69 1958   0.11  -0.11     0.00
  MONTH TO DATE    0.96                      2.44  -1.48     2.33
  SINCE NOV 1      8.70                     11.62  -2.92    15.80
  SINCE JAN 1      4.72                      6.31  -1.59     5.40

SNOWFALL (IN)
  YESTERDAY        0.0
  MONTH TO DATE    0.0
  SINCE MAR 1      0.0
  SINCE JUL 1      0.0
  SNOW DEPTH       0

DEGREE DAYS
 HEATING
  YESTERDAY        0                         0      0        0
  MONTH TO DATE    0                         8     -8        0
  SINCE MAR 1      0                         8     -8        0
  SINCE JUL 1     76                       124    -48       61

 COOLING
  YESTERDAY       14                         9      5        0
  MONTH TO DATE  338                       202    136      233
  SINCE MAR 1    338                       202    136      233
  SINCE JAN 1    677                       524    153      654
..................................................................


WIND (MPH)
  HIGHEST WIND SPEED    21   HIGHEST WIND DIRECTION     S (170)
  HIGHEST GUST SPEED    29   HIGHEST GUST DIRECTION    SE (140)
  AVERAGE WIND SPEED     8.7


SKY COVER
  POSSIBLE SUNSHINE  73 PERCENT
  AVERAGE SKY COVER 0.5


WEATHER CONDITIONS
 THE FOLLOWING WEATHER WAS RECORDED YESTERDAY.
  NO SIGNIFICANT WEATHER WAS OBSERVED.


RELATIVE HUMIDITY (PERCENT)
 HIGHEST    82
 LOWEST     57
 AVERAGE    70

..........................................................


THE MIAMI CLIMATE NORMALS FOR TODAY
                         NORMAL    RECORD    YEAR
 MAXIMUM TEMPERATURE (F)   81        89      2011
                                             1984
 MINIMUM TEMPERATURE (F)   66        46      1947


SUNRISE AND SUNSET
MARCH 27 2015.........SUNRISE   718 AM EDT   SUNSET   736 PM EDT
MARCH 28 2015.........SUNRISE   717 AM EDT   SUNSET   736 PM EDT


-  INDICATES NEGATIVE NUMBERS.
R  INDICATES RECORD WAS SET OR TIED.
MM INDICATES DATA IS MISSING.
T  INDICATES TRACE AMOUNT.




$$
