698
CDUS42 KMFL 242022
CLIMIA


CLIMATE REPORT
NATIONAL WEATHER SERVICE MIAMI, FL
422 PM EDT TUE MAY 24 2016


...................................

...THE MIAMI CLIMATE SUMMARY FOR MAY 24 2016...
VALID TODAY AS OF 0400 PM LOCAL TIME.

CLIMATE NORMAL PERIOD 1981 TO 2010
CLIMATE RECORD PERIOD 1895 TO 2016


WEATHER ITEM   OBSERVED TIME   RECORD YEAR NORMAL DEPARTURE LAST
                VALUE   (LST)  VALUE       VALUE  FROM      YEAR
                                                  NORMAL
..................................................................
TEMPERATURE (F)
 TODAY
  MAXIMUM         87    138 PM  94    2013  88     -1       89
                                      1989
  MINIMUM         72    248 PM  60    1941  74     -2       77
  AVERAGE         80                        81     -1       83

PRECIPITATION (IN)
  TODAY            0.69          6.37 1958   0.22   0.47     0.27
  MONTH TO DATE    6.98                      3.62   3.36     1.31
  SINCE NOV 1     36.47                     18.94  17.53    14.40
  SINCE JAN 1     19.10                     13.63   5.47    10.42

SNOWFALL (IN)
  TODAY            0.0
  MONTH TO DATE    0.0
  SINCE MAR 1      0.0
  SINCE JUL 1      0.0
  SNOW DEPTH       0

DEGREE DAYS
 HEATING
  TODAY            0                         0      0        0
  MONTH TO DATE    0                         0      0        0
  SINCE MAR 1      0                        12    -12        0
  SINCE JUL 1     67                       128    -61       76

 COOLING
  TODAY           15                        16     -1       18
  MONTH TO DATE  362                       348     14      377
  SINCE MAR 1   1093                       919    174     1217
  SINCE JAN 1   1350                      1241    109     1556
..................................................................


WIND (MPH)
  HIGHEST WIND SPEED    24   HIGHEST WIND DIRECTION     E (110)
  HIGHEST GUST SPEED    36   HIGHEST GUST DIRECTION     E (110)
  AVERAGE WIND SPEED     4.8


SKY COVER
  AVERAGE SKY COVER 0.5


WEATHER CONDITIONS
 THE FOLLOWING WEATHER WAS RECORDED TODAY.
  THUNDERSTORM
  HEAVY RAIN
  LIGHT RAIN


RELATIVE HUMIDITY (PERCENT)
 HIGHEST    82
 LOWEST     55
 AVERAGE    69

..........................................................


THE MIAMI CLIMATE NORMALS FOR TOMORROW
                         NORMAL    RECORD    YEAR
 MAXIMUM TEMPERATURE (F)   88        93      2005
                                             1996
                                             1989
 MINIMUM TEMPERATURE (F)   74        64      1928


SUNRISE AND SUNSET
MAY 24 2016...........SUNRISE   631 AM EDT   SUNSET   805 PM EDT
MAY 25 2016...........SUNRISE   631 AM EDT   SUNSET   805 PM EDT


-  INDICATES NEGATIVE NUMBERS.
R  INDICATES RECORD WAS SET OR TIED.
MM INDICATES DATA IS MISSING.
T  INDICATES TRACE AMOUNT.




$$
