000
CDUS42 KMFL 260832
CLIMIA


CLIMATE REPORT
NATIONAL WEATHER SERVICE MIAMI, FL
432 AM EDT SUN MAR 26 2017


...................................

...THE MIAMI CLIMATE SUMMARY FOR MARCH 25 2017...

CLIMATE NORMAL PERIOD 1981 TO 2010
CLIMATE RECORD PERIOD 1895 TO 2017


WEATHER ITEM   OBSERVED TIME   RECORD YEAR NORMAL DEPARTURE LAST
                VALUE   (LST)  VALUE       VALUE  FROM      YEAR
                                                  NORMAL
..................................................................
TEMPERATURE (F)
 YESTERDAY
  MAXIMUM         81    342 PM  92    1907  81      0       87
  MINIMUM         69    753 PM  48    1915  66      3       76
  AVERAGE         75                        73      2       82

PRECIPITATION (IN)
  YESTERDAY        0.07          1.49 2014   0.10  -0.03      T
  MONTH TO DATE    3.74                      2.33   1.41     0.24
  SINCE NOV 1     11.72                     11.51   0.21    28.03
  SINCE JAN 1      8.45                      6.20   2.25    10.66

SNOWFALL (IN)
  YESTERDAY        0.0
  MONTH TO DATE    0.0
  SINCE MAR 1      0.0
  SINCE JUL 1      0.0
  SNOW DEPTH       0

DEGREE DAYS
 HEATING
  YESTERDAY        0                         0      0        0
  MONTH TO DATE    3                         8     -5        0
  SINCE MAR 1      3                         8     -5        0
  SINCE JUL 1     17                       124   -107       67

 COOLING
  YESTERDAY       10                         9      1       17
  MONTH TO DATE  198                       193      5      276
  SINCE MAR 1    198                       193      5      276
  SINCE JAN 1    692                       515    177      533
..................................................................


WIND (MPH)
  HIGHEST WIND SPEED    22   HIGHEST WIND DIRECTION     E (90)
  HIGHEST GUST SPEED    28   HIGHEST GUST DIRECTION    NE (60)
  AVERAGE WIND SPEED    12.0


SKY COVER
  POSSIBLE SUNSHINE  MM
  AVERAGE SKY COVER 0.6


WEATHER CONDITIONS
 THE FOLLOWING WEATHER WAS RECORDED YESTERDAY.
  LIGHT RAIN
  HAZE


RELATIVE HUMIDITY (PERCENT)
 HIGHEST    79
 LOWEST     54
 AVERAGE    67

..........................................................


THE MIAMI CLIMATE NORMALS FOR TODAY
                         NORMAL    RECORD    YEAR
 MAXIMUM TEMPERATURE (F)   81        89      1984
 MINIMUM TEMPERATURE (F)   66        46      1947


SUNRISE AND SUNSET
MARCH 26 2017.........SUNRISE   718 AM EDT   SUNSET   735 PM EDT
MARCH 27 2017.........SUNRISE   717 AM EDT   SUNSET   736 PM EDT


-  INDICATES NEGATIVE NUMBERS.
R  INDICATES RECORD WAS SET OR TIED.
MM INDICATES DATA IS MISSING.
T  INDICATES TRACE AMOUNT.




$$
