000
CDUS42 KMFL 200939
CLIMIA


CLIMATE REPORT
NATIONAL WEATHER SERVICE MIAMI, FL
439 AM EST MON FEB 20 2017


...................................

...THE MIAMI CLIMATE SUMMARY FOR FEBRUARY 19 2017...

CLIMATE NORMAL PERIOD 1981 TO 2010
CLIMATE RECORD PERIOD 1895 TO 2017


WEATHER ITEM   OBSERVED TIME   RECORD YEAR NORMAL DEPARTURE LAST
                VALUE   (LST)  VALUE       VALUE  FROM      YEAR
                                                  NORMAL
..................................................................
TEMPERATURE (F)
 YESTERDAY
  MAXIMUM         86    336 PM  87    2012  79      7       76
  MINIMUM         67    633 AM  30    1900  63      4       66
  AVERAGE         77                        71      6       71

PRECIPITATION (IN)
  YESTERDAY        T             2.61 1981   0.08  -0.08     0.03
  MONTH TO DATE    T                         1.53  -1.53     2.14
  SINCE NOV 1      6.67                      8.46  -1.79    27.08
  SINCE JAN 1      3.40                      3.15   0.25     9.71

SNOWFALL (IN)
  YESTERDAY        0.0
  MONTH TO DATE    0.0
  SINCE DEC 1      0.0
  SINCE JUL 1      0.0
  SNOW DEPTH       0

DEGREE DAYS
 HEATING
  YESTERDAY        0                         1     -1        0
  MONTH TO DATE    0                        19    -19       22
  SINCE DEC 1     14                       106    -92       62
  SINCE JUL 1     14                       109    -95       62

 COOLING
  YESTERDAY       12                         6      6        6
  MONTH TO DATE  150                       108     42       82
  SINCE DEC 1    779                       462    317      591
  SINCE JAN 1    408                       259    149      203
..................................................................


WIND (MPH)
  HIGHEST WIND SPEED    14   HIGHEST WIND DIRECTION     W (260)
  HIGHEST GUST SPEED    22   HIGHEST GUST DIRECTION     W (280)
  AVERAGE WIND SPEED     6.0


SKY COVER
  POSSIBLE SUNSHINE  63 PERCENT
  AVERAGE SKY COVER 0.6


WEATHER CONDITIONS
 THE FOLLOWING WEATHER WAS RECORDED YESTERDAY.
  FOG


RELATIVE HUMIDITY (PERCENT)
 HIGHEST   100
 LOWEST     48
 AVERAGE    74

..........................................................


THE MIAMI CLIMATE NORMALS FOR TODAY
                         NORMAL    RECORD    YEAR
 MAXIMUM TEMPERATURE (F)   79        87      1988
 MINIMUM TEMPERATURE (F)   63        42      2015
                                             1972


SUNRISE AND SUNSET
FEBRUARY 20 2017......SUNRISE   652 AM EST   SUNSET   618 PM EST
FEBRUARY 21 2017......SUNRISE   651 AM EST   SUNSET   618 PM EST


-  INDICATES NEGATIVE NUMBERS.
R  INDICATES RECORD WAS SET OR TIED.
MM INDICATES DATA IS MISSING.
T  INDICATES TRACE AMOUNT.




$$
