000
CDUS42 KMFL 300830
CLIMIA


CLIMATE REPORT
NATIONAL WEATHER SERVICE MIAMI, FL
430 AM EDT TUE SEP 30 2014


...................................

...THE MIAMI CLIMATE SUMMARY FOR SEPTEMBER 29 2014...

CLIMATE NORMAL PERIOD 1981 TO 2010
CLIMATE RECORD PERIOD 1839 TO 2014


WEATHER ITEM   OBSERVED TIME   RECORD YEAR NORMAL DEPARTURE LAST
                VALUE   (LST)  VALUE       VALUE  FROM      YEAR
                                                  NORMAL
..................................................................
TEMPERATURE (F)
 YESTERDAY
  MAXIMUM         90    126 PM  93    1980  88      2       87
                                      1952
                                      1910
  MINIMUM         76    543 PM  62    1903  76      0       74
  AVERAGE         83                        82      1       81

PRECIPITATION (IN)
  YESTERDAY        0.38          8.89 1937   0.31   0.07     0.45
  MONTH TO DATE    7.25                      9.54  -2.29    10.47
  SINCE JUN 1     46.23                     34.59  11.64    33.78
  SINCE JAN 1     56.38                     49.94   6.44    53.15

SNOWFALL (IN)
  YESTERDAY        0.0
  MONTH TO DATE    0.0
  SINCE SEP 1      0.0
  SINCE JUL 1      0.0
  SNOW DEPTH       0

DEGREE DAYS
 HEATING
  YESTERDAY        0                         0      0
  MONTH TO DATE    0                         0      0
  SINCE SEP 1      0                         0      0
  SINCE JUL 1      0                         0      0

 COOLING
  YESTERDAY       18                        17      1
  MONTH TO DATE  515                       519     -4
  SINCE SEP 1    515                       519     -4
  SINCE JAN 1   3810                      3594    216
..................................................................


WIND (MPH)
  HIGHEST WIND SPEED    16   HIGHEST WIND DIRECTION     W (260)
  HIGHEST GUST SPEED    22   HIGHEST GUST DIRECTION     W (260)
  AVERAGE WIND SPEED     4.6


SKY COVER
  POSSIBLE SUNSHINE  61 PERCENT
  AVERAGE SKY COVER 0.7


WEATHER CONDITIONS
 THE FOLLOWING WEATHER WAS RECORDED YESTERDAY.
  THUNDERSTORM
  HEAVY RAIN
  RAIN
  LIGHT RAIN
  FOG


RELATIVE HUMIDITY (PERCENT)
 HIGHEST    94
 LOWEST     61
 AVERAGE    78

..........................................................


THE MIAMI CLIMATE NORMALS FOR TODAY
                         NORMAL    RECORD    YEAR
 MAXIMUM TEMPERATURE (F)   88        93      2011
                                             1995
                                             1980
 MINIMUM TEMPERATURE (F)   76        65      1938


SUNRISE AND SUNSET
SEPTEMBER 30 2014.....SUNRISE   713 AM EDT   SUNSET   709 PM EDT
OCTOBER  1 2014.......SUNRISE   713 AM EDT   SUNSET   708 PM EDT


-  INDICATES NEGATIVE NUMBERS.
R  INDICATES RECORD WAS SET OR TIED.
MM INDICATES DATA IS MISSING.
T  INDICATES TRACE AMOUNT.




$$
