000
CDUS42 KMFL 230927
CLIMIA


CLIMATE REPORT
NATIONAL WEATHER SERVICE MIAMI, FL
426 AM EST FRI FEB 23 2018


...................................

...THE MIAMI CLIMATE SUMMARY FOR FEBRUARY 22 2018...

CLIMATE NORMAL PERIOD 1981 TO 2010
CLIMATE RECORD PERIOD 1895 TO 2018


WEATHER ITEM   OBSERVED TIME   RECORD YEAR NORMAL DEPARTURE LAST
                VALUE   (LST)  VALUE       VALUE  FROM      YEAR
                                                  NORMAL
..................................................................
TEMPERATURE (F)
 YESTERDAY
  MAXIMUM         83   1213 PM  87    1987  79      4       75
                                      1974
  MINIMUM         72    533 AM  40    1901  63      9       64
  AVERAGE         78                        71      7       70

PRECIPITATION (IN)
  YESTERDAY        0.01          4.54 1966   0.08  -0.07     1.30
  MONTH TO DATE    0.27                      1.75  -1.48     1.30
  SINCE NOV 1      6.35                      8.68  -2.33     7.97
  SINCE JAN 1      1.28                      3.37  -2.09     4.70

SNOWFALL (IN)
  YESTERDAY        0.0
  MONTH TO DATE    0.0
  SINCE DEC 1      0.0
  SINCE JUL 1      0.0
  SNOW DEPTH       0

DEGREE DAYS
 HEATING
  YESTERDAY        0                         1     -1        0
  MONTH TO DATE    0                        22    -22        0
  SINCE DEC 1     78                       109    -31       14
  SINCE JUL 1     78                       112    -34       14

 COOLING
  YESTERDAY       13                         7      6        5
  MONTH TO DATE  257                       129    128      172
  SINCE DEC 1    651                       483    168      801
  SINCE JAN 1    409                       280    129      430
..................................................................


WIND (MPH)
  HIGHEST WIND SPEED    24   HIGHEST WIND DIRECTION     E (100)
  HIGHEST GUST SPEED    28   HIGHEST GUST DIRECTION     E (100)
  AVERAGE WIND SPEED    14.1


SKY COVER
  POSSIBLE SUNSHINE  MM
  AVERAGE SKY COVER 0.6


WEATHER CONDITIONS
 THE FOLLOWING WEATHER WAS RECORDED YESTERDAY.
  LIGHT RAIN
  FOG


RELATIVE HUMIDITY (PERCENT)
 HIGHEST    87
 LOWEST     62
 AVERAGE    75

..........................................................


THE MIAMI CLIMATE NORMALS FOR TODAY
                         NORMAL    RECORD    YEAR
 MAXIMUM TEMPERATURE (F)   79        89      2008
                                             1991
 MINIMUM TEMPERATURE (F)   63        39      1978


SUNRISE AND SUNSET
FEBRUARY 23 2018......SUNRISE   650 AM EST   SUNSET   619 PM EST
FEBRUARY 24 2018......SUNRISE   649 AM EST   SUNSET   620 PM EST


-  INDICATES NEGATIVE NUMBERS.
R  INDICATES RECORD WAS SET OR TIED.
MM INDICATES DATA IS MISSING.
T  INDICATES TRACE AMOUNT.




$$
