000
CDUS42 KMFL 082115
CLIMIA


CLIMATE REPORT
NATIONAL WEATHER SERVICE MIAMI, FL
415 PM EST MON FEB 8 2016


...................................

...THE MIAMI CLIMATE SUMMARY FOR FEBRUARY 8 2016...
VALID TODAY AS OF 0400 PM LOCAL TIME.

CLIMATE NORMAL PERIOD 1981 TO 2010
CLIMATE RECORD PERIOD 1895 TO 2016


WEATHER ITEM   OBSERVED TIME   RECORD YEAR NORMAL DEPARTURE LAST
                VALUE   (LST)  VALUE       VALUE  FROM      YEAR
                                                  NORMAL
..................................................................
TEMPERATURE (F)
 TODAY
  MAXIMUM         68    359 PM  88    1974  78    -10       78
  MINIMUM         50    743 AM  40    1943  62    -12       61
                                      1942
                                      1922
  AVERAGE         59                        70    -11       70

PRECIPITATION (IN)
  TODAY            0.00          1.97 1941   0.08  -0.08     0.00
  MONTH TO DATE    1.44                      0.62   0.82     0.63
  SINCE NOV 1     26.38                      7.55  18.83     5.56
  SINCE JAN 1      9.01                      2.24   6.77     1.58

SNOWFALL (IN)
  TODAY            0.0
  MONTH TO DATE    0.0
  SINCE DEC 1      0.0
  SINCE JUL 1      0.0
  SNOW DEPTH       0

DEGREE DAYS
 HEATING
  TODAY            6                         1      5        0
  MONTH TO DATE   12                         8      4        0
  SINCE DEC 1     52                        95    -43       30
  SINCE JUL 1     52                        98    -46       41

 COOLING
  TODAY            0                         6     -6        5
  MONTH TO DATE   51                        42      9       38
  SINCE DEC 1    560                       396    164      460
  SINCE JAN 1    172                       193    -21      240
..................................................................


WIND (MPH)
  HIGHEST WIND SPEED    15   HIGHEST WIND DIRECTION     W (250)
  HIGHEST GUST SPEED    22   HIGHEST GUST DIRECTION    SW (230)
  AVERAGE WIND SPEED     6.8


SKY COVER
  AVERAGE SKY COVER 0.5


WEATHER CONDITIONS
 THE FOLLOWING WEATHER WAS RECORDED TODAY.
  NO SIGNIFICANT WEATHER WAS OBSERVED.


RELATIVE HUMIDITY (PERCENT)
 HIGHEST    71
 LOWEST     40
 AVERAGE    56

..........................................................


THE MIAMI CLIMATE NORMALS FOR TOMORROW
                         NORMAL    RECORD    YEAR
 MAXIMUM TEMPERATURE (F)   78        88      1962
                                             1901
 MINIMUM TEMPERATURE (F)   62        37      1899


SUNRISE AND SUNSET
FEBRUARY  8 2016......SUNRISE   701 AM EST   SUNSET   609 PM EST
FEBRUARY  9 2016......SUNRISE   701 AM EST   SUNSET   610 PM EST


-  INDICATES NEGATIVE NUMBERS.
R  INDICATES RECORD WAS SET OR TIED.
MM INDICATES DATA IS MISSING.
T  INDICATES TRACE AMOUNT.




$$
