000
CDUS43 KIND 240534
CLIMIE


CLIMATE REPORT
NATIONAL WEATHER SERVICE INDIANAPOLIS IN
134 AM EDT SUN MAY 24 2015


...................................

...THE MUNCIE IN CLIMATE SUMMARY FOR MAY 23 2015...

CLIMATE NORMAL PERIOD 1981 TO 2010
CLIMATE RECORD PERIOD 9999 TO 9999


WEATHER ITEM   OBSERVED TIME   NORMAL DEPARTURE LAST
                VALUE   (LST)  VALUE  FROM      YEAR
                                      NORMAL
......................................................
TEMPERATURE (F)
 YESTERDAY
  MAXIMUM         80    445 PM  74      6       74
  MINIMUM         48    450 AM  54     -6       48
  AVERAGE         64            64      0       61

PRECIPITATION (IN)
  YESTERDAY        0.00          0.15  -0.15     0.00
  MONTH TO DATE    2.73          3.16  -0.43     3.35
  SINCE MAR 1      9.89          9.78   0.11    11.02
  SINCE JAN 1     12.83         14.32  -1.49    13.98

DEGREE DAYS
 HEATING
  YESTERDAY        1             4     -3        4
  MONTH TO DATE   85           143    -58      150
  SINCE MAR 1   1320          1352    -32     1499
  SINCE JUL 1   6185          5735    450     6409

 COOLING
  YESTERDAY        0             3     -3        0
  MONTH TO DATE   80            40     40       55
  SINCE MAR 1     83            55     28       61
  SINCE JAN 1     83            55     28       61
......................................................


WIND (MPH)
  HIGHEST WIND SPEED    12   HIGHEST WIND DIRECTION    SW (210)
  HIGHEST GUST SPEED    16   HIGHEST GUST DIRECTION     W (260)
  AVERAGE WIND SPEED     5.1


SKY COVER
  AVERAGE SKY COVER 0.1


WEATHER CONDITIONS
 THE FOLLOWING WEATHER WAS RECORDED YESTERDAY.
  NO SIGNIFICANT WEATHER WAS OBSERVED.


RELATIVE HUMIDITY (PERCENT)
 HIGHEST    74           500 AM
 LOWEST     27           600 PM
 AVERAGE    51

..........................................................


THE MUNCIE IN CLIMATE NORMALS FOR TODAY
                         NORMAL
 MAXIMUM TEMPERATURE (F)   74
 MINIMUM TEMPERATURE (F)   54


SUNRISE AND SUNSET
MAY 24 2015...........SUNRISE   619 AM EDT   SUNSET   859 PM EDT
MAY 25 2015...........SUNRISE   618 AM EDT   SUNSET   859 PM EDT


-  INDICATES NEGATIVE NUMBERS.
R  INDICATES RECORD WAS SET OR TIED.
MM INDICATES DATA IS MISSING.
T  INDICATES TRACE AMOUNT.




$$
