000
CDUS43 KMKX 252145
CLIMKE


CLIMATE REPORT
NATIONAL WEATHER SERVICE IN MILWAUKEE
442 PM CDT MON SEP 25 2017


...................................

...THE MILWAUKEE WI CLIMATE SUMMARY FOR SEPTEMBER 25 2017...
VALID TODAY AS OF 0400 PM LOCAL TIME.

CLIMATE NORMAL PERIOD 1981 TO 2010
CLIMATE RECORD PERIOD 1871 TO 2017


WEATHER ITEM   OBSERVED TIME   RECORD YEAR NORMAL DEPARTURE LAST
                VALUE   (LST)  VALUE       VALUE  FROM      YEAR
                                                  NORMAL
..................................................................
TEMPERATURE (F)
 TODAY
  MAXIMUM         87    119 PM  89    1933  68     19       75
  MINIMUM         67    341 AM  29    1942  51     16       64
  AVERAGE         77                        59     18       70

PRECIPITATION (IN)
  TODAY            0.00          2.31 2005   0.11  -0.11     0.50
  MONTH TO DATE    0.39                      2.68  -2.29     3.66
  SINCE SEP 1      0.39                      2.68  -2.29     3.66
  SINCE JAN 1     27.71                     26.86   0.85    21.32

SNOWFALL (IN)
  TODAY            0.0           T    1942   0.0    0.0      0.0
  MONTH TO DATE    0.0                       0.0    0.0      0.0
  SINCE SEP 1      0.0                       0.0    0.0      0.0
  SINCE JUL 1      0.0                       0.0    0.0      0.0
  SNOW DEPTH       0

DEGREE DAYS
 HEATING
  TODAY            0                         7     -7        0
  MONTH TO DATE   45                        86    -41        0
  SINCE SEP 1     45                        86    -41        0
  SINCE JUL 1     54                       112    -58        2

 COOLING
  TODAY           12                         1     11        5
  MONTH TO DATE  122                        65     57      141
  SINCE SEP 1    122                        65     57      141
  SINCE JAN 1    732                       630    102      977
..................................................................


WIND (MPH)
  HIGHEST WIND SPEED    17   HIGHEST WIND DIRECTION    SE (140)
  HIGHEST GUST SPEED    22   HIGHEST GUST DIRECTION    SE (140)
  AVERAGE WIND SPEED     6.6


SKY COVER
  POSSIBLE SUNSHINE  MM
  AVERAGE SKY COVER 0.2


WEATHER CONDITIONS
 THE FOLLOWING WEATHER WAS RECORDED TODAY.
  NO SIGNIFICANT WEATHER WAS OBSERVED.


RELATIVE HUMIDITY (PERCENT)
 HIGHEST    87           300 AM
 LOWEST     51           900 AM
 AVERAGE    69

..........................................................


THE MILWAUKEE WI CLIMATE NORMALS FOR TOMORROW
                         NORMAL    RECORD    YEAR
 MAXIMUM TEMPERATURE (F)   67        88      1998
 MINIMUM TEMPERATURE (F)   50        34      1928


SUNRISE AND SUNSET
SEPTEMBER 25 2017.....SUNRISE   642 AM CDT   SUNSET   643 PM CDT
SEPTEMBER 26 2017.....SUNRISE   644 AM CDT   SUNSET   641 PM CDT


-  INDICATES NEGATIVE NUMBERS.
R  INDICATES RECORD WAS SET OR TIED.
MM INDICATES DATA IS MISSING.
T  INDICATES TRACE AMOUNT.




$$

HAHN
