000
CDUS43 KMKX 030655
CLIMKE


CLIMATE REPORT
NATIONAL WEATHER SERVICE IN MILWAUKEE
153 AM CDT MON AUG 3 2015


...................................

...THE MILWAUKEE WI CLIMATE SUMMARY FOR AUGUST 2 2015...

CLIMATE NORMAL PERIOD 1981 TO 2010
CLIMATE RECORD PERIOD 1871 TO 2015


WEATHER ITEM   OBSERVED TIME   RECORD YEAR NORMAL DEPARTURE LAST
                VALUE   (LST)  VALUE       VALUE  FROM      YEAR
                                                  NORMAL
..................................................................
TEMPERATURE (F)
 YESTERDAY
  MAXIMUM         93    306 PM  99    1988  80     13       79
  MINIMUM         65   1129 PM  50    1907  64      1       56
  AVERAGE         79                        72      7       68

PRECIPITATION (IN)
  YESTERDAY        0.46          2.79 1960   0.13   0.33     0.00
  MONTH TO DATE    0.46                      0.25   0.21     0.83
  SINCE JUN 1      4.55                      7.82  -3.27     9.48
  SINCE JAN 1     14.75                     20.46  -5.71    20.43

SNOWFALL (IN)
  YESTERDAY        0.0           0.0    MM   0.0    0.0      0.0
  MONTH TO DATE    0.0                       0.0    0.0      0.0
  SINCE JUN 1      0.0                       0.0    0.0      0.0
  SINCE JUL 1      0.0                       0.0    0.0      0.0
  SNOW DEPTH       0

DEGREE DAYS
 HEATING
  YESTERDAY        0                         0      0        0
  MONTH TO DATE    0                         0      0        0
  SINCE JUN 1    130                        95     35       95
  SINCE JUL 1     28                        11     17       21

 COOLING
  YESTERDAY       14                         7      7        3
  MONTH TO DATE   25                        14     11        9
  SINCE JUN 1    306                       356    -50      226
  SINCE JAN 1    332                       386    -54      244
..................................................................


WIND (MPH)
  HIGHEST WIND SPEED    35   HIGHEST WIND DIRECTION    SW (220)
  HIGHEST GUST SPEED    44   HIGHEST GUST DIRECTION    SW (210)
  AVERAGE WIND SPEED    15.9


SKY COVER
  POSSIBLE SUNSHINE  MM
  AVERAGE SKY COVER 0.6


WEATHER CONDITIONS
 THE FOLLOWING WEATHER WAS RECORDED YESTERDAY.
  THUNDERSTORM
  RAIN
  LIGHT RAIN
  HAIL
  FOG
  HAZE


RELATIVE HUMIDITY (PERCENT)
 HIGHEST    84           200 AM
 LOWEST     38           300 PM
 AVERAGE    61

..........................................................


THE MILWAUKEE WI CLIMATE NORMALS FOR TODAY
                         NORMAL    RECORD    YEAR
 MAXIMUM TEMPERATURE (F)   80       100      1988
 MINIMUM TEMPERATURE (F)   64        47      1894


SUNRISE AND SUNSET
AUGUST  3 2015........SUNRISE   544 AM CDT   SUNSET   810 PM CDT
AUGUST  4 2015........SUNRISE   545 AM CDT   SUNSET   809 PM CDT


-  INDICATES NEGATIVE NUMBERS.
R  INDICATES RECORD WAS SET OR TIED.
MM INDICATES DATA IS MISSING.
T  INDICATES TRACE AMOUNT.




$$
