000
CDUS43 KMKX 050653
CLIMKE


CLIMATE REPORT
NATIONAL WEATHER SERVICE IN MILWAUKEE
1251 AM CST MON DEC 5 2016


...................................

...THE MILWAUKEE WI CLIMATE SUMMARY FOR DECEMBER 4 2016...

CLIMATE NORMAL PERIOD 1981 TO 2010
CLIMATE RECORD PERIOD 1871 TO 2016


WEATHER ITEM   OBSERVED TIME   RECORD YEAR NORMAL DEPARTURE LAST
                VALUE   (LST)  VALUE       VALUE  FROM      YEAR
                                                  NORMAL
..................................................................
TEMPERATURE (F)
 YESTERDAY
  MAXIMUM         37   1131 AM  60    2001  37      0       50
                                      1961
  MINIMUM         28    343 AM  -8    1871  24      4       33
  AVERAGE         33                        30      3       42

PRECIPITATION (IN)
  YESTERDAY        0.32          1.68 1973   0.08   0.24     0.00
  MONTH TO DATE    0.33                      0.32   0.01     0.24
  SINCE DEC 1      0.33                      0.32   0.01     0.24
  SINCE JAN 1     27.66                     33.04  -5.38    29.26

SNOWFALL (IN)
  YESTERDAY        1.8           4.2  2007   0.2    1.6      0.0
  MONTH TO DATE    1.8                       1.1    0.7      0.4
  SINCE DEC 1      1.8                       1.1    0.7      0.4
  SINCE JUL 1      1.8                       3.8   -2.0      7.3
  SNOW DEPTH       0

DEGREE DAYS
 HEATING
  YESTERDAY       32                        35     -3       23
  MONTH TO DATE  119                       136    -17      110
  SINCE DEC 1    119                       136    -17      110
  SINCE JUL 1    949                      1501   -552     1149

 COOLING
  YESTERDAY        0                         0      0        0
  MONTH TO DATE    0                         0      0        0
  SINCE DEC 1      0                         0      0        0
  SINCE JAN 1    991                       641    350      622
..................................................................


WIND (MPH)
  HIGHEST WIND SPEED    18   HIGHEST WIND DIRECTION     W (270)
  HIGHEST GUST SPEED    26   HIGHEST GUST DIRECTION     W (280)
  AVERAGE WIND SPEED     5.1


SKY COVER
  POSSIBLE SUNSHINE  MM
  AVERAGE SKY COVER 0.9


WEATHER CONDITIONS
 THE FOLLOWING WEATHER WAS RECORDED YESTERDAY.
  SNOW
  LIGHT SNOW
  FOG
  FOG W/VISIBILITY <= 1/4 MILE
  HAZE


RELATIVE HUMIDITY (PERCENT)
 HIGHEST    96           300 PM
 LOWEST     69          1200 AM
 AVERAGE    83

..........................................................


THE MILWAUKEE WI CLIMATE NORMALS FOR TODAY
                         NORMAL    RECORD    YEAR
 MAXIMUM TEMPERATURE (F)   36        68      2001
 MINIMUM TEMPERATURE (F)   23       -14      1871


SUNRISE AND SUNSET
DECEMBER  5 2016......SUNRISE   708 AM CST   SUNSET   417 PM CST
DECEMBER  6 2016......SUNRISE   709 AM CST   SUNSET   417 PM CST


-  INDICATES NEGATIVE NUMBERS.
R  INDICATES RECORD WAS SET OR TIED.
MM INDICATES DATA IS MISSING.
T  INDICATES TRACE AMOUNT.




$$
