000
CDUS43 KMKX 202222
CLIMKE


CLIMATE REPORT
NATIONAL WEATHER SERVICE IN MILWAUKEE
421 PM CST TUE FEB 20 2018


...................................

...THE MILWAUKEE WI CLIMATE SUMMARY FOR FEBRUARY 20 2018...
VALID TODAY AS OF 0400 PM LOCAL TIME.

CLIMATE NORMAL PERIOD 1981 TO 2010
CLIMATE RECORD PERIOD 1871 TO 2018


WEATHER ITEM   OBSERVED TIME   RECORD YEAR NORMAL DEPARTURE LAST
                VALUE   (LST)  VALUE       VALUE  FROM      YEAR
                                                  NORMAL
..................................................................
TEMPERATURE (F)
 TODAY
  MAXIMUM         53    149 PM  60    1930  34     19       59
  MINIMUM         37    122 AM  -9    1959  21     16       35
                                      1929
                                      1885
  AVERAGE         45                        27     18       47

PRECIPITATION (IN)
  TODAY            0.91          1.22 1898   0.06   0.85     0.00
  MONTH TO DATE    2.88                      1.13   1.75     0.18
  SINCE DEC 1      4.96                      4.93   0.03     4.27
  SINCE JAN 1      4.50                      2.89   1.61     2.34

SNOWFALL (IN)
  TODAY            0.0          14.4  1898   0.3   -0.3      0.0
  MONTH TO DATE   16.5                       7.1    9.4      0.4
  SINCE DEC 1     32.5                      32.4    0.1     23.3
  SINCE JUL 1     32.7                      35.1   -2.4     23.3
  SNOW DEPTH       0

DEGREE DAYS
 HEATING
  TODAY           20                        38    -18       18
  MONTH TO DATE  837                       803     34      633
  SINCE DEC 1   3287                      3323    -36     2983
  SINCE JUL 1   4392                      4688   -296     3813

 COOLING
  TODAY            0                         0      0        0
  MONTH TO DATE    0                         0      0        0
  SINCE DEC 1      0                         0      0        0
  SINCE JAN 1      0                         0      0        0
..................................................................


WIND (MPH)
  HIGHEST WIND SPEED    17   HIGHEST WIND DIRECTION     W (280)
  HIGHEST GUST SPEED    31   HIGHEST GUST DIRECTION     W (280)
  AVERAGE WIND SPEED     4.0


SKY COVER
  POSSIBLE SUNSHINE  MM
  AVERAGE SKY COVER 1.0


WEATHER CONDITIONS
 THE FOLLOWING WEATHER WAS RECORDED TODAY.
  THUNDERSTORM
  RAIN
  LIGHT RAIN
  FOG


RELATIVE HUMIDITY (PERCENT)
 HIGHEST   100           400 AM
 LOWEST     92          1200 AM
 AVERAGE    96

..........................................................


THE MILWAUKEE WI CLIMATE NORMALS FOR TOMORROW
                         NORMAL    RECORD    YEAR
 MAXIMUM TEMPERATURE (F)   34        66      2017
 MINIMUM TEMPERATURE (F)   21       -12      1963


SUNRISE AND SUNSET
FEBRUARY 20 2018......SUNRISE   642 AM CST   SUNSET   530 PM CST
FEBRUARY 21 2018......SUNRISE   640 AM CST   SUNSET   531 PM CST


-  INDICATES NEGATIVE NUMBERS.
R  INDICATES RECORD WAS SET OR TIED.
MM INDICATES DATA IS MISSING.
T  INDICATES TRACE AMOUNT.




$$
