000
CDUS43 KMKX 300654
CLIMKE


CLIMATE REPORT
NATIONAL WEATHER SERVICE IN MILWAUKEE
153 AM CDT SUN AUG 30 2015


...................................

...THE MILWAUKEE WI CLIMATE SUMMARY FOR AUGUST 29 2015...

CLIMATE NORMAL PERIOD 1981 TO 2010
CLIMATE RECORD PERIOD 1871 TO 2015


WEATHER ITEM   OBSERVED TIME   RECORD YEAR NORMAL DEPARTURE LAST
                VALUE   (LST)  VALUE       VALUE  FROM      YEAR
                                                  NORMAL
..................................................................
TEMPERATURE (F)
 YESTERDAY
  MAXIMUM         64   1206 PM  96    1973  77    -13       82
  MINIMUM         57    612 AM  44    1982  61     -4       68
                                      1965
  AVERAGE         61                        69     -8       75

PRECIPITATION (IN)
  YESTERDAY        0.77          2.71 1876   0.12   0.65     0.13
  MONTH TO DATE    3.46                      3.73  -0.27     5.14
  SINCE JUN 1      7.55                     11.30  -3.75    13.79
  SINCE JAN 1     17.75                     23.94  -6.19    24.74

SNOWFALL (IN)
  YESTERDAY        0.0           0.0    MM   0.0    0.0      0.0
  MONTH TO DATE    0.0                       0.0    0.0      0.0
  SINCE JUN 1      0.0                       0.0    0.0      0.0
  SINCE JUL 1      0.0                       0.0    0.0      0.0
  SNOW DEPTH       0

DEGREE DAYS
 HEATING
  YESTERDAY        4                         1      3        0
  MONTH TO DATE   20                         8     12        5
  SINCE JUN 1    150                       103     47      100
  SINCE JUL 1     48                        19     29       26

 COOLING
  YESTERDAY        0                         5     -5       10
  MONTH TO DATE  173                       184    -11      151
  SINCE JUN 1    454                       526    -72      368
  SINCE JAN 1    480                       556    -76      386
..................................................................


WIND (MPH)
  HIGHEST WIND SPEED    16   HIGHEST WIND DIRECTION    SE (120)
  HIGHEST GUST SPEED    19   HIGHEST GUST DIRECTION    SE (120)
  AVERAGE WIND SPEED     6.7


SKY COVER
  POSSIBLE SUNSHINE  MM
  AVERAGE SKY COVER 1.0


WEATHER CONDITIONS
 THE FOLLOWING WEATHER WAS RECORDED YESTERDAY.
  RAIN
  LIGHT RAIN
  FOG
  FOG W/VISIBILITY <= 1/4 MILE


RELATIVE HUMIDITY (PERCENT)
 HIGHEST   100           100 AM
 LOWEST     87          1200 PM
 AVERAGE    94

..........................................................


THE MILWAUKEE WI CLIMATE NORMALS FOR TODAY
                         NORMAL    RECORD    YEAR
 MAXIMUM TEMPERATURE (F)   77        96      1958
 MINIMUM TEMPERATURE (F)   61        42      1915


SUNRISE AND SUNSET
AUGUST 30 2015........SUNRISE   614 AM CDT   SUNSET   730 PM CDT
AUGUST 31 2015........SUNRISE   615 AM CDT   SUNSET   728 PM CDT


-  INDICATES NEGATIVE NUMBERS.
R  INDICATES RECORD WAS SET OR TIED.
MM INDICATES DATA IS MISSING.
T  INDICATES TRACE AMOUNT.




$$
