000
CDUS43 KMKX 160641
CLIMKE


CLIMATE REPORT
NATIONAL WEATHER SERVICE IN MILWAUKEE
1241 AM CST MON JAN 16 2017


...................................

...THE MILWAUKEE WI CLIMATE SUMMARY FOR JANUARY 15 2017...

CLIMATE NORMAL PERIOD 1981 TO 2010
CLIMATE RECORD PERIOD 1871 TO 2017


WEATHER ITEM   OBSERVED TIME   RECORD YEAR NORMAL DEPARTURE LAST
                VALUE   (LST)  VALUE       VALUE  FROM      YEAR
                                                  NORMAL
..................................................................
TEMPERATURE (F)
 YESTERDAY
  MAXIMUM         38    233 PM  54    1953  29      9       39
                                      1949
  MINIMUM         15    603 AM -24    1963  15      0       29
  AVERAGE         27                        22      5       34

PRECIPITATION (IN)
  YESTERDAY        0.00          2.50 1871   0.06  -0.06      T
  MONTH TO DATE    0.55                      0.90  -0.35     0.36
  SINCE DEC 1      2.48                      2.94  -0.46     4.18
  SINCE JAN 1      0.55                      0.90  -0.35     0.36

SNOWFALL (IN)
  YESTERDAY        0.0           6.0  1960   0.5   -0.5       T
  MONTH TO DATE    1.0                       7.3   -6.3      4.1
  SINCE DEC 1     19.8                      17.9    1.9     13.7
  SINCE JUL 1     19.8                      20.6   -0.8     20.6
  SNOW DEPTH       0

DEGREE DAYS
 HEATING
  YESTERDAY       38                        43     -5       31
  MONTH TO DATE  654                       640     14      624
  SINCE DEC 1   1861                      1835     26     1463
  SINCE JUL 1   2691                      3200   -509     2502

 COOLING
  YESTERDAY        0                         0      0        0
  MONTH TO DATE    0                         0      0        0
  SINCE DEC 1      0                         0      0        0
  SINCE JAN 1      0                         0      0        0
..................................................................


WIND (MPH)
  HIGHEST WIND SPEED     9   HIGHEST WIND DIRECTION    SW (220)
  HIGHEST GUST SPEED    12   HIGHEST GUST DIRECTION    SW (220)
  AVERAGE WIND SPEED     2.8


SKY COVER
  POSSIBLE SUNSHINE  MM
  AVERAGE SKY COVER 0.5


WEATHER CONDITIONS
 THE FOLLOWING WEATHER WAS RECORDED YESTERDAY.
  HAZE


RELATIVE HUMIDITY (PERCENT)
 HIGHEST    80           300 AM
 LOWEST     40           200 PM
 AVERAGE    60

..........................................................


THE MILWAUKEE WI CLIMATE NORMALS FOR TODAY
                         NORMAL    RECORD    YEAR
 MAXIMUM TEMPERATURE (F)   29        52      1949
                                             1933
 MINIMUM TEMPERATURE (F)   15       -23      1982


SUNRISE AND SUNSET
JANUARY 16 2017.......SUNRISE   719 AM CST   SUNSET   444 PM CST
JANUARY 17 2017.......SUNRISE   719 AM CST   SUNSET   445 PM CST


-  INDICATES NEGATIVE NUMBERS.
R  INDICATES RECORD WAS SET OR TIED.
MM INDICATES DATA IS MISSING.
T  INDICATES TRACE AMOUNT.




$$
