000
CDUS43 KGRR 270536
CLIMKG


CLIMATE REPORT
NATIONAL WEATHER SERVICE GRAND RAPIDS, MI
136 AM EDT FRI MAY 27 2016


...................................

...THE MUSKEGON MI CLIMATE SUMMARY FOR MAY 26 2016...

CLIMATE NORMAL PERIOD 1981 TO 2010
CLIMATE RECORD PERIOD 1896 TO 2016


WEATHER ITEM   OBSERVED TIME   RECORD YEAR NORMAL DEPARTURE LAST
                VALUE   (LST)  VALUE       VALUE  FROM      YEAR
                                                  NORMAL
..................................................................
TEMPERATURE (F)
 YESTERDAY
  MAXIMUM         79    452 PM  87    2010  70      9       81
  MINIMUM         64   1149 PM  30    1961  50     14       61
  AVERAGE         72                        60     12       71

PRECIPITATION (IN)
  YESTERDAY        0.01          0.94 1932   0.10  -0.09     0.68
  MONTH TO DATE    2.25                      2.75  -0.50     3.09
  SINCE MAR 1      9.59                      7.91   1.68     8.94
  SINCE JAN 1     13.80                     11.77   2.03    12.23

SNOWFALL (IN)
  YESTERDAY        0.0           T    1961   0.0    0.0      0.0
  MONTH TO DATE    0.0                       0.0    0.0      0.0
  SINCE MAR 1      7.3                      11.3   -4.0      4.0
  SINCE JUL 1     61.8                      93.7  -31.9     92.1
  SNOW DEPTH       0

DEGREE DAYS
 HEATING
  YESTERDAY        0                         6     -6        0
  MONTH TO DATE  255                       249      6      188
  SINCE MAR 1   1599                      1735   -136     1730
  SINCE JUL 1   5619                      6467   -848     6855

 COOLING
  YESTERDAY        7                         1      6        6
  MONTH TO DATE   18                        18      0       32
  SINCE MAR 1     18                        22     -4       32
  SINCE JAN 1     18                        22     -4       32
..................................................................


WIND (MPH)
  RESULTANT WIND SPEED  11   RESULTANT WIND DIRECTION   S (200)
  HIGHEST WIND SPEED    22   HIGHEST WIND DIRECTION     S (190)
  HIGHEST GUST SPEED    29   HIGHEST GUST DIRECTION    SW (210)
  AVERAGE WIND SPEED    10.6


SKY COVER
  AVERAGE SKY COVER 0.6


WEATHER CONDITIONS
 THE FOLLOWING WEATHER WAS RECORDED YESTERDAY.
  THUNDERSTORM
  LIGHT RAIN
  HAZE


RELATIVE HUMIDITY (PERCENT)
 HIGHEST    87          1200 AM
 LOWEST     62           500 PM
 AVERAGE    75

..........................................................


THE MUSKEGON MI CLIMATE NORMALS FOR TODAY
                         NORMAL    RECORD    YEAR
 MAXIMUM TEMPERATURE (F)   70        86      2012
 MINIMUM TEMPERATURE (F)   50        27      1961


SUNRISE AND SUNSET
MAY 27 2016...........SUNRISE   611 AM EDT   SUNSET   914 PM EDT
MAY 28 2016...........SUNRISE   610 AM EDT   SUNSET   915 PM EDT


-  INDICATES NEGATIVE NUMBERS.
R  INDICATES RECORD WAS SET OR TIED.
MM INDICATES DATA IS MISSING.
T  INDICATES TRACE AMOUNT.




$$
