000
CDUS43 KGRR 190517
CLIMKG


CLIMATE REPORT
NATIONAL WEATHER SERVICE GRAND RAPIDS, MI
116 AM EDT SAT AUG 19 2017


...................................

...THE MUSKEGON MI CLIMATE SUMMARY FOR AUGUST 18 2017...

CLIMATE NORMAL PERIOD 1981 TO 2010
CLIMATE RECORD PERIOD 1896 TO 2017


WEATHER ITEM   OBSERVED TIME   RECORD YEAR NORMAL DEPARTURE LAST
                VALUE   (LST)  VALUE       VALUE  FROM      YEAR
                                                  NORMAL
..................................................................
TEMPERATURE (F)
 YESTERDAY
  MAXIMUM         75   1150 AM  91    1947  79     -4       86
  MINIMUM         66   1159 PM  43    1943  61      5       63
  AVERAGE         71                        70      1       75

PRECIPITATION (IN)
  YESTERDAY        0.02          0.97 1991   0.12  -0.10     0.00
  MONTH TO DATE    1.33                      1.96  -0.63     0.96
  SINCE JUN 1      6.60                      6.88  -0.28     9.32
  SINCE JAN 1     21.08                     19.15   1.93    23.25

SNOWFALL (IN)
  YESTERDAY        0.0          MM      MM   0.0    0.0      0.0
  MONTH TO DATE    0.0                       0.0    0.0      0.0
  SINCE JUN 1      0.0                       0.0    0.0      0.0
  SINCE JUL 1      0.0                       0.0    0.0      0.0
  SNOW DEPTH       0

DEGREE DAYS
 HEATING
  YESTERDAY        0                         1     -1        0
  MONTH TO DATE    3                         1      2        0
  SINCE JUN 1     37                        78    -41       47
  SINCE JUL 1      3                        12     -9        9

 COOLING
  YESTERDAY        6                         5      1       10
  MONTH TO DATE   97                       107    -10      172
  SINCE JUN 1    438                       414     24      530
  SINCE JAN 1    460                       443     17      574
..................................................................


WIND (MPH)
  RESULTANT WIND SPEED  12   RESULTANT WIND DIRECTION   W (270)
  HIGHEST WIND SPEED    22   HIGHEST WIND DIRECTION     W (270)
  HIGHEST GUST SPEED    29   HIGHEST GUST DIRECTION     W (290)
  AVERAGE WIND SPEED    11.4


SKY COVER
  AVERAGE SKY COVER 0.9


WEATHER CONDITIONS
 THE FOLLOWING WEATHER WAS RECORDED YESTERDAY.
  LIGHT RAIN
  FOG


RELATIVE HUMIDITY (PERCENT)
 HIGHEST    87           900 PM
 LOWEST     64          1000 AM
 AVERAGE    76

..........................................................


THE MUSKEGON MI CLIMATE NORMALS FOR TODAY
                         NORMAL    RECORD    YEAR
 MAXIMUM TEMPERATURE (F)   79        94      1947
 MINIMUM TEMPERATURE (F)   61        45      1943


SUNRISE AND SUNSET
AUGUST 19 2017........SUNRISE   655 AM EDT   SUNSET   841 PM EDT
AUGUST 20 2017........SUNRISE   656 AM EDT   SUNSET   839 PM EDT


-  INDICATES NEGATIVE NUMBERS.
R  INDICATES RECORD WAS SET OR TIED.
MM INDICATES DATA IS MISSING.
T  INDICATES TRACE AMOUNT.




$$
