000
CDUS43 KGRR 210516
CLIMKG


CLIMATE REPORT
NATIONAL WEATHER SERVICE GRAND RAPIDS, MI
115 AM EDT SAT OCT 21 2017


...................................

...THE MUSKEGON MI CLIMATE SUMMARY FOR OCTOBER 20 2017...

CLIMATE NORMAL PERIOD 1981 TO 2010
CLIMATE RECORD PERIOD 1896 TO 2017


WEATHER ITEM   OBSERVED TIME   RECORD YEAR NORMAL DEPARTURE LAST
                VALUE   (LST)  VALUE       VALUE  FROM      YEAR
                                                  NORMAL
..................................................................
TEMPERATURE (F)
 YESTERDAY
  MAXIMUM         73    457 PM  80    1971  57     16       58
  MINIMUM         44    400 AM  24    1952  41      3       45
  AVERAGE         59                        49     10       52

PRECIPITATION (IN)
  YESTERDAY        0.00          1.87 1995   0.10  -0.10     0.00
  MONTH TO DATE    3.71                      1.99   1.72     2.48
  SINCE SEP 1      4.53                      5.88  -1.35     8.40
  SINCE JAN 1     25.69                     26.46  -0.77    33.55

SNOWFALL (IN)
  YESTERDAY        0.0           0.4  1992   0.0    0.0      0.0
  MONTH TO DATE    0.0                       0.0    0.0      0.0
  SINCE SEP 1      0.0                       0.0    0.0      0.0
  SINCE JUL 1      0.0                       0.0    0.0      0.0
  SNOW DEPTH       0

DEGREE DAYS
 HEATING
  YESTERDAY        6                        16    -10       13
  MONTH TO DATE  107                       256   -149      131
  SINCE SEP 1    199                       399   -200      156
  SINCE JUL 1    212                       429   -217      165

 COOLING
  YESTERDAY        0                         0      0        0
  MONTH TO DATE    8                         2      6        9
  SINCE SEP 1    119                        56     63      110
  SINCE JAN 1    613                       563     50      774
..................................................................


WIND (MPH)
  RESULTANT WIND SPEED   7   RESULTANT WIND DIRECTION   S (170)
  HIGHEST WIND SPEED    21   HIGHEST WIND DIRECTION     S (200)
  HIGHEST GUST SPEED    26   HIGHEST GUST DIRECTION     S (200)
  AVERAGE WIND SPEED     8.4


SKY COVER
  AVERAGE SKY COVER 0.4


WEATHER CONDITIONS
 THE FOLLOWING WEATHER WAS RECORDED YESTERDAY.
  NO SIGNIFICANT WEATHER WAS OBSERVED.


RELATIVE HUMIDITY (PERCENT)
 HIGHEST    89           200 AM
 LOWEST     46           500 PM
 AVERAGE    68

..........................................................


THE MUSKEGON MI CLIMATE NORMALS FOR TODAY
                         NORMAL    RECORD    YEAR
 MAXIMUM TEMPERATURE (F)   57        81      1953
 MINIMUM TEMPERATURE (F)   41        22      1952


SUNRISE AND SUNSET
OCTOBER 21 2017.......SUNRISE   806 AM EDT   SUNSET   652 PM EDT
OCTOBER 22 2017.......SUNRISE   807 AM EDT   SUNSET   651 PM EDT


-  INDICATES NEGATIVE NUMBERS.
R  INDICATES RECORD WAS SET OR TIED.
MM INDICATES DATA IS MISSING.
T  INDICATES TRACE AMOUNT.




$$
