000
CDUS43 KGRR 270521
CLIMKG


CLIMATE REPORT
NATIONAL WEATHER SERVICE GRAND RAPIDS, MI
121 AM EDT THU APR 27 2017


...................................

...THE MUSKEGON MI CLIMATE SUMMARY FOR APRIL 26 2017...

CLIMATE NORMAL PERIOD 1981 TO 2010
CLIMATE RECORD PERIOD 1896 TO 2017


WEATHER ITEM   OBSERVED TIME   RECORD YEAR NORMAL DEPARTURE LAST
                VALUE   (LST)  VALUE       VALUE  FROM      YEAR
                                                  NORMAL
..................................................................
TEMPERATURE (F)
 YESTERDAY
  MAXIMUM         80   1250 PM  84    1986  60     20       63
  MINIMUM         60   1101 PM  22    1932  41     19       42
  AVERAGE         70                        51     19       53

PRECIPITATION (IN)
  YESTERDAY        0.01          1.07 2011   0.10  -0.09     0.00
                                      2009
  MONTH TO DATE    2.97                      2.51   0.46     1.57
  SINCE MAR 1      5.58                      4.76   0.82     6.51
  SINCE JAN 1     11.28                      8.62   2.66    10.72

SNOWFALL (IN)
  YESTERDAY        0.0           T    1996   0.0    0.0      0.0
                                      1994
                                      1953
  MONTH TO DATE    0.0                       2.3   -2.3      2.4
  SINCE MAR 1      4.5                      11.3   -6.8      7.3
  SINCE JUL 1     49.0                      93.7  -44.7     61.8
  SNOW DEPTH       0

DEGREE DAYS
 HEATING
  YESTERDAY        0                        15    -15       12
  MONTH TO DATE  359                       501   -142      494
  SINCE MAR 1   1263                      1431   -168     1269
  SINCE JUL 1   5128                      6163  -1035     5289

 COOLING
  YESTERDAY        5                         0      5        0
  MONTH TO DATE    5                         0      5        0
  SINCE MAR 1      5                         0      5        0
  SINCE JAN 1      5                         0      5        0
..................................................................


WIND (MPH)
  RESULTANT WIND SPEED   8   RESULTANT WIND DIRECTION   S (160)
  HIGHEST WIND SPEED    28   HIGHEST WIND DIRECTION    SW (230)
  HIGHEST GUST SPEED    36   HIGHEST GUST DIRECTION    SW (230)
  AVERAGE WIND SPEED    10.9


SKY COVER
  AVERAGE SKY COVER 0.6


WEATHER CONDITIONS
 THE FOLLOWING WEATHER WAS RECORDED YESTERDAY.
  RAIN


RELATIVE HUMIDITY (PERCENT)
 HIGHEST    84          1100 PM
 LOWEST     48           100 PM
 AVERAGE    66

..........................................................


THE MUSKEGON MI CLIMATE NORMALS FOR TODAY
                         NORMAL    RECORD    YEAR
 MAXIMUM TEMPERATURE (F)   61        85      1899
 MINIMUM TEMPERATURE (F)   41        18      1934


SUNRISE AND SUNSET
APRIL 27 2017.........SUNRISE   644 AM EDT   SUNSET   842 PM EDT
APRIL 28 2017.........SUNRISE   642 AM EDT   SUNSET   843 PM EDT


-  INDICATES NEGATIVE NUMBERS.
R  INDICATES RECORD WAS SET OR TIED.
MM INDICATES DATA IS MISSING.
T  INDICATES TRACE AMOUNT.




$$
