000
CDUS44 KMEG 180739
CLIMKL


CLIMATE REPORT
NATIONAL WEATHER SERVICE MEMPHIS TN
138 AM CST WED JAN 18 2017


...................................

...THE JACKSON CLIMATE SUMMARY FOR JANUARY 17 2017...

CLIMATE NORMAL PERIOD 1981 TO 2010
CLIMATE RECORD PERIOD 1948 TO 2017


WEATHER ITEM   OBSERVED TIME   RECORD YEAR NORMAL DEPARTURE LAST
                VALUE   (LST)  VALUE       VALUE  FROM      YEAR
                                                  NORMAL
..................................................................
TEMPERATURE (F)
 YESTERDAY
  MAXIMUM         68   1213 AM  72    2012  48     20       41
  MINIMUM         46   1159 PM  -6    1982  28     18       23
  AVERAGE         57                        38     19       32

PRECIPITATION (IN)
  YESTERDAY        0.50          1.62 1990   0.13   0.37     0.00
  MONTH TO DATE    1.95                      2.17  -0.22     1.45
  SINCE DEC 1      9.13                      7.52   1.61     6.60
  SINCE JAN 1      1.95                      2.17  -0.22     1.45

DEGREE DAYS
 HEATING
  YESTERDAY        8                        27    -19       33
  MONTH TO DATE  351                       459   -108      462
  SINCE DEC 1   1063                      1210   -147      905
  SINCE JUL 1   1447                      1877   -430     1380

 COOLING
  YESTERDAY        0                         0      0        0
  MONTH TO DATE    0                         0      0        0
  SINCE DEC 1      2                         1      1        9
  SINCE JAN 1      0                         0      0        0
..................................................................


WIND (MPH)
  HIGHEST WIND SPEED    23   HIGHEST WIND DIRECTION     S (200)
  HIGHEST GUST SPEED    29   HIGHEST GUST DIRECTION     S (200)
  AVERAGE WIND SPEED     9.6


SKY COVER
  POSSIBLE SUNSHINE  MM
  AVERAGE SKY COVER 0.6


WEATHER CONDITIONS
 THE FOLLOWING WEATHER WAS RECORDED YESTERDAY.
  HEAVY RAIN
  RAIN
  LIGHT RAIN


RELATIVE HUMIDITY (PERCENT)
 HIGHEST    86           700 PM
 LOWEST     66           300 PM
 AVERAGE    76

..........................................................


THE JACKSON CLIMATE NORMALS FOR TODAY
                         NORMAL    RECORD    YEAR
 MAXIMUM TEMPERATURE (F)   48        70      1951
                                             1949
 MINIMUM TEMPERATURE (F)   28         5      1977


SUNRISE AND SUNSET
JANUARY 18 2017.......SUNRISE   703 AM CST   SUNSET   509 PM CST
JANUARY 19 2017.......SUNRISE   703 AM CST   SUNSET   510 PM CST


-  INDICATES NEGATIVE NUMBERS.
R  INDICATES RECORD WAS SET OR TIED.
MM INDICATES DATA IS MISSING.
T  INDICATES TRACE AMOUNT.


$$
