000
CDUS44 KMEG 200647
CLIMKL


CLIMATE REPORT
NATIONAL WEATHER SERVICE MEMPHIS TN
146 AM CDT SAT SEP 20 2014


...................................

...THE JACKSON CLIMATE SUMMARY FOR SEPTEMBER 19 2014...

CLIMATE NORMAL PERIOD 1981 TO 2010
CLIMATE RECORD PERIOD 1948 TO 2014


WEATHER ITEM   OBSERVED TIME   RECORD YEAR NORMAL DEPARTURE LAST
                VALUE   (LST)  VALUE       VALUE  FROM      YEAR
                                                  NORMAL
..................................................................
TEMPERATURE (F)
 YESTERDAY
  MAXIMUM         84    215 PM  97    2010  83      1       90
  MINIMUM         58    530 AM  42    1981  58      0       68
                                      1973
  AVERAGE         71                        70      1       79

PRECIPITATION (IN)
  YESTERDAY        0.00          1.85 2011   0.12  -0.12     0.00
  MONTH TO DATE    4.83                      1.98   2.85     0.24
  SINCE SEP 1      4.83                      1.98   2.85     0.24
  SINCE JAN 1     48.49                     37.85  10.64    45.33

SNOWFALL (IN)
  YESTERDAY        0.0          MM      MM   0.0    0.0      0.0
  MONTH TO DATE    0.0                       0.0    0.0      0.0
  SINCE SEP 1      0.0                       0.0    0.0      0.0
  SINCE JUL 1      0.0                       0.0    0.0      0.0
  SNOW DEPTH       0

DEGREE DAYS
 HEATING
  YESTERDAY        0                         1     -1        0
  MONTH TO DATE    7                         4      3        3
  SINCE SEP 1      7                         4      3        3
  SINCE JUL 1      7                         4      3        3

 COOLING
  YESTERDAY        6                         6      0       14
  MONTH TO DATE  157                       168    -11      197
  SINCE SEP 1    157                       168    -11      197
  SINCE JAN 1   1474                      1591   -117     1481
..................................................................


WIND (MPH)
  HIGHEST WIND SPEED     8   HIGHEST WIND DIRECTION     E (90)
  HIGHEST GUST SPEED    10   HIGHEST GUST DIRECTION     E (90)
  AVERAGE WIND SPEED     1.3


SKY COVER
  POSSIBLE SUNSHINE  MM
  AVERAGE SKY COVER 0.3


WEATHER CONDITIONS
 THE FOLLOWING WEATHER WAS RECORDED YESTERDAY.
  FOG
  FOG W/VISIBILITY <= 1/4 MILE


RELATIVE HUMIDITY (PERCENT)
 HIGHEST   100           500 AM
 LOWEST     55           100 PM
 AVERAGE    78

..........................................................


THE JACKSON CLIMATE NORMALS FOR TODAY
                         NORMAL    RECORD    YEAR
 MAXIMUM TEMPERATURE (F)   82        98      1954
 MINIMUM TEMPERATURE (F)   57        43      1991


SUNRISE AND SUNSET
SEPTEMBER 20 2014.....SUNRISE   642 AM CDT   SUNSET   655 PM CDT
SEPTEMBER 21 2014.....SUNRISE   643 AM CDT   SUNSET   654 PM CDT


-  INDICATES NEGATIVE NUMBERS.
R  INDICATES RECORD WAS SET OR TIED.
MM INDICATES DATA IS MISSING.
T  INDICATES TRACE AMOUNT.




$$
