000
CDUS44 KMEG 060740
CLIMKL


CLIMATE REPORT
NATIONAL WEATHER SERVICE MEMPHIS TN
139 AM CST FRI MAR 6 2015


...................................

...THE JACKSON CLIMATE SUMMARY FOR MARCH 5 2015...

CLIMATE NORMAL PERIOD 1981 TO 2010
CLIMATE RECORD PERIOD 1948 TO 2015


WEATHER ITEM   OBSERVED TIME   RECORD YEAR NORMAL DEPARTURE LAST
                VALUE   (LST)  VALUE       VALUE  FROM      YEAR
                                                  NORMAL
..................................................................
TEMPERATURE (F)
 YESTERDAY
  MAXIMUM         28    305 PM  77    1956  59    -31       34
  MINIMUM         16   1056 PM  10    1960  37    -21       27
  AVERAGE         22                        48    -26       31

PRECIPITATION (IN)
  YESTERDAY        0.50          2.22 1997   0.15   0.35     0.00
  MONTH TO DATE    3.22                      0.72   2.50     3.14
  SINCE MAR 1      3.22                      0.72   2.50     3.14
  SINCE JAN 1      9.11                      8.96   0.15    11.30

SNOWFALL (IN)
  YESTERDAY        3.6 R         0.2  1965   0.1    3.5      0.0
  MONTH TO DATE    4.4                       0.1    4.3      0.8
  SINCE MAR 1      4.4                       0.1    4.3      0.8
  SINCE JUL 1      5.9                       4.3    1.6      1.3
  SNOW DEPTH       0

DEGREE DAYS
 HEATING
  YESTERDAY       43                        17     26       34
  MONTH TO DATE  124                        90     34      148
  SINCE MAR 1    124                        90     34      148
  SINCE JUL 1   3297                      2974    323     3444

 COOLING
  YESTERDAY        0                         0      0        0
  MONTH TO DATE    0                         0      0        0
  SINCE MAR 1      0                         0      0        0
  SINCE JAN 1      0                         1     -1        0
..................................................................


WIND (MPH)
  HIGHEST WIND SPEED    23   HIGHEST WIND DIRECTION     N (10)
  HIGHEST GUST SPEED    29   HIGHEST GUST DIRECTION     N (20)
  AVERAGE WIND SPEED    13.7


SKY COVER
  POSSIBLE SUNSHINE  MM
  AVERAGE SKY COVER 0.5


WEATHER CONDITIONS
 THE FOLLOWING WEATHER WAS RECORDED YESTERDAY.
  LIGHT SNOW
  FOG
  HAZE


RELATIVE HUMIDITY (PERCENT)
 HIGHEST    88          1200 AM
 LOWEST     50           300 PM
 AVERAGE    69

..........................................................


THE JACKSON CLIMATE NORMALS FOR TODAY
                         NORMAL    RECORD    YEAR
 MAXIMUM TEMPERATURE (F)   59        80      1994
 MINIMUM TEMPERATURE (F)   37        18      1960


SUNRISE AND SUNSET
MARCH  6 2015.........SUNRISE   619 AM CST   SUNSET   555 PM CST
MARCH  7 2015.........SUNRISE   618 AM CST   SUNSET   556 PM CST


-  INDICATES NEGATIVE NUMBERS.
R  INDICATES RECORD WAS SET OR TIED.
MM INDICATES DATA IS MISSING.
T  INDICATES TRACE AMOUNT.




$$
