000
CDUS44 KMEG 190632
CLIMKL


CLIMATE REPORT
NATIONAL WEATHER SERVICE MEMPHIS TN
132 AM CDT SAT AUG 19 2017


...................................

...THE JACKSON CLIMATE SUMMARY FOR AUGUST 18 2017...

CLIMATE NORMAL PERIOD 1981 TO 2010
CLIMATE RECORD PERIOD 1948 TO 2017


WEATHER ITEM   OBSERVED TIME   RECORD YEAR NORMAL DEPARTURE LAST
                VALUE   (LST)  VALUE       VALUE  FROM      YEAR
                                                  NORMAL
..................................................................
TEMPERATURE (F)
 YESTERDAY
  MAXIMUM         89    423 PM 102    1954  90     -1       80
  MINIMUM         68   1151 PM  57    1992  67      1       73
  AVERAGE         79                        79      0       77

PRECIPITATION (IN)
  YESTERDAY        0.00          2.43 1969   0.10  -0.10     0.16
  MONTH TO DATE    2.53                      1.90   0.63     1.95
  SINCE JUN 1      8.05                     11.23  -3.18     6.79
  SINCE JAN 1     30.70                     34.77  -4.07    32.03

DEGREE DAYS
 HEATING
  YESTERDAY        0                         0      0        0
  MONTH TO DATE    0                         0      0        0
  SINCE JUN 1      0                         2     -2        0
  SINCE JUL 1      0                         0      0        0

 COOLING
  YESTERDAY       14                        14      0       12
  MONTH TO DATE  224                       252    -28      297
  SINCE JUN 1   1071                      1040     31     1251
  SINCE JAN 1   1339                      1255     84     1435
..................................................................


WIND (MPH)
  HIGHEST WIND SPEED    12   HIGHEST WIND DIRECTION    NW (300)
  HIGHEST GUST SPEED    15   HIGHEST GUST DIRECTION     W (280)
  AVERAGE WIND SPEED     4.6


SKY COVER
  POSSIBLE SUNSHINE  MM
  AVERAGE SKY COVER 0.1


WEATHER CONDITIONS
 THE FOLLOWING WEATHER WAS RECORDED YESTERDAY.
  NO SIGNIFICANT WEATHER WAS OBSERVED.


RELATIVE HUMIDITY (PERCENT)
 HIGHEST   100          1200 AM
 LOWEST     43           500 PM
 AVERAGE    72

..........................................................


THE JACKSON CLIMATE NORMALS FOR TODAY
                         NORMAL    RECORD    YEAR
 MAXIMUM TEMPERATURE (F)   90       103      1962
 MINIMUM TEMPERATURE (F)   67        60      1989


SUNRISE AND SUNSET
AUGUST 19 2017........SUNRISE   618 AM CDT   SUNSET   740 PM CDT
AUGUST 20 2017........SUNRISE   619 AM CDT   SUNSET   738 PM CDT


-  INDICATES NEGATIVE NUMBERS.
R  INDICATES RECORD WAS SET OR TIED.
MM INDICATES DATA IS MISSING.
T  INDICATES TRACE AMOUNT.




$$
