000
CDUS44 KMEG 100733
CLIMKL


CLIMATE REPORT
NATIONAL WEATHER SERVICE MEMPHIS TN
132 AM CST WED FEB 10 2016


...................................

...THE JACKSON CLIMATE SUMMARY FOR FEBRUARY 9 2016...

CLIMATE NORMAL PERIOD 1981 TO 2010
CLIMATE RECORD PERIOD 1948 TO 2016


WEATHER ITEM   OBSERVED TIME   RECORD YEAR NORMAL DEPARTURE LAST
                VALUE   (LST)  VALUE       VALUE  FROM      YEAR
                                                  NORMAL
..................................................................
TEMPERATURE (F)
 YESTERDAY
  MAXIMUM         32   1225 AM  77    1957  51    -19       56
  MINIMUM         21   1131 PM   1    1979  30     -9       35
  AVERAGE         27                        41    -14       46

PRECIPITATION (IN)
  YESTERDAY        T             1.70 1990   0.15  -0.15     0.00
  MONTH TO DATE    1.42                      1.36   0.06     0.72
  SINCE DEC 1      8.61                     10.78  -2.17     4.54
  SINCE JAN 1      3.46                      5.43  -1.97     1.46

SNOWFALL (IN)
  YESTERDAY       MM             1.7  2010   0.1   MM        0.0
  MONTH TO DATE    T                         0.7   -0.7      0.0
  SINCE DEC 1      1.5                       3.2   -1.7       T
  SINCE JUL 1      1.5                       3.3   -1.8      0.1
  SNOW DEPTH       0

DEGREE DAYS
 HEATING
  YESTERDAY       38                        24     14       19
  MONTH TO DATE  206                       225    -19      220
  SINCE DEC 1   1496                      1807   -311     1712
  SINCE JUL 1   1971                      2474   -503     2504

 COOLING
  YESTERDAY        0                         0      0        0
  MONTH TO DATE    0                         0      0        0
  SINCE DEC 1      9                         1      8        0
  SINCE JAN 1      0                         0      0        0
..................................................................


WIND (MPH)
  HIGHEST WIND SPEED    20   HIGHEST WIND DIRECTION    NW (320)
  HIGHEST GUST SPEED    26   HIGHEST GUST DIRECTION    NW (320)
  AVERAGE WIND SPEED     9.4


SKY COVER
  POSSIBLE SUNSHINE  MM
  AVERAGE SKY COVER 0.8


WEATHER CONDITIONS
 THE FOLLOWING WEATHER WAS RECORDED YESTERDAY.
  LIGHT SNOW
  FOG


RELATIVE HUMIDITY (PERCENT)
 HIGHEST    81          1000 AM
 LOWEST     58           200 AM
 AVERAGE    70

..........................................................


THE JACKSON CLIMATE NORMALS FOR TODAY
                         NORMAL    RECORD    YEAR
 MAXIMUM TEMPERATURE (F)   51        73      1999
                                             1959
                                             1954
 MINIMUM TEMPERATURE (F)   31         4      1979


SUNRISE AND SUNSET
FEBRUARY 10 2016......SUNRISE   648 AM CST   SUNSET   532 PM CST
FEBRUARY 11 2016......SUNRISE   647 AM CST   SUNSET   533 PM CST


-  INDICATES NEGATIVE NUMBERS.
R  INDICATES RECORD WAS SET OR TIED.
MM INDICATES DATA IS MISSING.
T  INDICATES TRACE AMOUNT.




$$
