668
CDUS44 KMEG 220634
CLIMKL


CLIMATE REPORT
NATIONAL WEATHER SERVICE MEMPHIS TN
133 AM CDT SUN OCT 22 2017


...................................

...THE JACKSON CLIMATE SUMMARY FOR OCTOBER 21 2017...

CLIMATE NORMAL PERIOD 1981 TO 2010
CLIMATE RECORD PERIOD 1948 TO 2017


WEATHER ITEM   OBSERVED TIME   RECORD YEAR NORMAL DEPARTURE LAST
                VALUE   (LST)  VALUE       VALUE  FROM      YEAR
                                                  NORMAL
..................................................................
TEMPERATURE (F)
 YESTERDAY
  MAXIMUM         80    305 PM  89    1963  72      8       67
                                      1953
  MINIMUM         52    116 AM  28    1952  46      6       42
  AVERAGE         66                        59      7       55

PRECIPITATION (IN)
  YESTERDAY        0.00          1.49 1949   0.12  -0.12     0.00
  MONTH TO DATE    1.51                      2.53  -1.02     1.15
  SINCE SEP 1      3.37                      5.91  -2.54     2.84
  SINCE JAN 1     38.40                     41.78  -3.38    36.71

DEGREE DAYS
 HEATING
  YESTERDAY        0                         7     -7       10
  MONTH TO DATE   51                       102    -51       25
  SINCE SEP 1     58                       128    -70       30
  SINCE JUL 1     58                       128    -70       30

 COOLING
  YESTERDAY        1                         1      0        0
  MONTH TO DATE   88                        39     49       97
  SINCE SEP 1    308                       259     49      419
  SINCE JAN 1   1788                      1682    106     2048
..................................................................


WIND (MPH)
  HIGHEST WIND SPEED    15   HIGHEST WIND DIRECTION     S (170)
  HIGHEST GUST SPEED    23   HIGHEST GUST DIRECTION     S (160)
  AVERAGE WIND SPEED     6.3


SKY COVER
  POSSIBLE SUNSHINE  MM
  AVERAGE SKY COVER 0.1


WEATHER CONDITIONS
 THE FOLLOWING WEATHER WAS RECORDED YESTERDAY.
  NO SIGNIFICANT WEATHER WAS OBSERVED.


RELATIVE HUMIDITY (PERCENT)
 HIGHEST    93          1200 AM
 LOWEST     54          1100 AM
 AVERAGE    74

..........................................................


THE JACKSON CLIMATE NORMALS FOR TODAY
                         NORMAL    RECORD    YEAR
 MAXIMUM TEMPERATURE (F)   71        90      1953
 MINIMUM TEMPERATURE (F)   46        25      1952


SUNRISE AND SUNSET
OCTOBER 22 2017.......SUNRISE   708 AM CDT   SUNSET   611 PM CDT
OCTOBER 23 2017.......SUNRISE   709 AM CDT   SUNSET   610 PM CDT


-  INDICATES NEGATIVE NUMBERS.
R  INDICATES RECORD WAS SET OR TIED.
MM INDICATES DATA IS MISSING.
T  INDICATES TRACE AMOUNT.




$$
