000
CDUS44 KMEG 292147
CLIMKL


CLIMATE REPORT
NATIONAL WEATHER SERVICE MEMPHIS TN
447 PM CDT SAT AUG 29 2015


...................................

...THE JACKSON CLIMATE SUMMARY FOR AUGUST 29 2015...
VALID TODAY AS OF 0400 PM LOCAL TIME.

CLIMATE NORMAL PERIOD 1981 TO 2010
CLIMATE RECORD PERIOD 1948 TO 2015


WEATHER ITEM   OBSERVED TIME   RECORD YEAR NORMAL DEPARTURE LAST
                VALUE   (LST)  VALUE       VALUE  FROM      YEAR
                                                  NORMAL
..................................................................
TEMPERATURE (F)
 TODAY
  MAXIMUM         91    215 PM 103    2000  89      2       91
  MINIMUM         66   1205 AM  48    1986  65      1       68
  AVERAGE         79                        77      2       80

PRECIPITATION (IN)
  TODAY            0.00          2.00 2005   0.08  -0.08     0.00
  MONTH TO DATE    3.72                      2.84   0.88     4.81
  SINCE JUN 1      8.78                     12.17  -3.39    21.17
  SINCE JAN 1     30.56                     35.71  -5.15    43.18

SNOWFALL (IN)
  TODAY            0.0

DEGREE DAYS
 HEATING
  TODAY            0                         0      0        0
  MONTH TO DATE    0                         0      0        0
  SINCE JUN 1      0                         2     -2        0
  SINCE JUL 1      0                         0      0        0

 COOLING
  TODAY           14                        12      2       15
  MONTH TO DATE  347                       393    -46      389
  SINCE JUN 1   1308                      1181    127     1042
  SINCE JAN 1   1539                      1396    143     1292
..................................................................


WIND (MPH)
  HIGHEST WIND SPEED    12   HIGHEST WIND DIRECTION     S (190)
  HIGHEST GUST SPEED    16   HIGHEST GUST DIRECTION     S (190)
  AVERAGE WIND SPEED     6.4


SKY COVER
  POSSIBLE SUNSHINE  MM
  AVERAGE SKY COVER 0.0


WEATHER CONDITIONS
 THE FOLLOWING WEATHER WAS RECORDED TODAY.
  NO SIGNIFICANT WEATHER WAS OBSERVED.


RELATIVE HUMIDITY (PERCENT)
 HIGHEST    90           500 AM
 LOWEST     41           200 PM
 AVERAGE    66

..........................................................


THE JACKSON CLIMATE NORMALS FOR TOMORROW
                         NORMAL    RECORD    YEAR
 MAXIMUM TEMPERATURE (F)   89       102      2000
                                             1951
 MINIMUM TEMPERATURE (F)   65        50      1988


SUNRISE AND SUNSET
AUGUST 29 2015........SUNRISE   625 AM CDT   SUNSET   727 PM CDT
AUGUST 30 2015........SUNRISE   626 AM CDT   SUNSET   726 PM CDT


-  INDICATES NEGATIVE NUMBERS.
R  INDICATES RECORD WAS SET OR TIED.
MM INDICATES DATA IS MISSING.
T  INDICATES TRACE AMOUNT.




$$
