000
CDUS44 KMEG 062147
CLIMKL


CLIMATE REPORT
NATIONAL WEATHER SERVICE MEMPHIS TN
446 PM CDT FRI MAY 6 2016


...................................

...THE JACKSON CLIMATE SUMMARY FOR MAY 6 2016...
VALID TODAY AS OF 0400 PM LOCAL TIME.

CLIMATE NORMAL PERIOD 1981 TO 2010
CLIMATE RECORD PERIOD 1948 TO 2016


WEATHER ITEM   OBSERVED TIME   RECORD YEAR NORMAL DEPARTURE LAST
                VALUE   (LST)  VALUE       VALUE  FROM      YEAR
                                                  NORMAL
..................................................................
TEMPERATURE (F)
 TODAY
  MAXIMUM         74    213 PM  92    1952  78     -4       84
  MINIMUM         41    412 AM  40    1992  54    -13       53
  AVERAGE         58                        66     -8       69

PRECIPITATION (IN)
  TODAY            0.00          2.82 1998   0.19  -0.19     0.00
  MONTH TO DATE    0.76                      1.14  -0.38     0.00
  SINCE MAR 1     15.25                     10.75   4.50    10.00
  SINCE JAN 1     20.87                     18.99   1.88    15.89

SNOWFALL (IN)
  TODAY            0.0

DEGREE DAYS
 HEATING
  TODAY            7                         2      5        0
  MONTH TO DATE   31                        16     15       16
  SINCE MAR 1    478                       658   -180      641
  SINCE JUL 1   2846                      3542   -696     3814

 COOLING
  TODAY            0                         3     -3        4
  MONTH TO DATE    7                        18    -11       14
  SINCE MAR 1     51                        76    -25       75
  SINCE JAN 1     51                        77    -26       75
..................................................................


WIND (MPH)
  HIGHEST WIND SPEED    15   HIGHEST WIND DIRECTION     W (290)
  HIGHEST GUST SPEED    19   HIGHEST GUST DIRECTION    NW (300)
  AVERAGE WIND SPEED     5.8


SKY COVER
  POSSIBLE SUNSHINE  MM
  AVERAGE SKY COVER 0.1


WEATHER CONDITIONS
 THE FOLLOWING WEATHER WAS RECORDED TODAY.
  NO SIGNIFICANT WEATHER WAS OBSERVED.


RELATIVE HUMIDITY (PERCENT)
 HIGHEST    96           300 AM
 LOWEST     38          1100 AM
 AVERAGE    67

..........................................................


THE JACKSON CLIMATE NORMALS FOR TOMORROW
                         NORMAL    RECORD    YEAR
 MAXIMUM TEMPERATURE (F)   78        93      1952
 MINIMUM TEMPERATURE (F)   55        37      1989


SUNRISE AND SUNSET
MAY  6 2016...........SUNRISE   558 AM CDT   SUNSET   747 PM CDT
MAY  7 2016...........SUNRISE   557 AM CDT   SUNSET   748 PM CDT


-  INDICATES NEGATIVE NUMBERS.
R  INDICATES RECORD WAS SET OR TIED.
MM INDICATES DATA IS MISSING.
T  INDICATES TRACE AMOUNT.




$$
