000
CDUS42 KMLB 120634
CLIMLB


CLIMATE REPORT
NATIONAL WEATHER SERVICE MELBOURNE FL
133 AM EST FRI FEB 12 2016


...................................

...THE MELBOURNE CLIMATE SUMMARY FOR FEBRUARY 11 2016...

CLIMATE NORMAL PERIOD 1981 TO 2010
CLIMATE RECORD PERIOD 1939 TO 2016


WEATHER ITEM   OBSERVED TIME   RECORD YEAR NORMAL DEPARTURE LAST
                VALUE   (LST)  VALUE       VALUE  FROM      YEAR
                                                  NORMAL
..................................................................
TEMPERATURE (F)
 YESTERDAY
  MAXIMUM         62    113 PM  90    1939  73    -11       67
  MINIMUM         36    651 AM  32    1973  51    -15       48
                                      1970
  AVERAGE         49                        62    -13       58

PRECIPITATION (IN)
  YESTERDAY        0.00          1.22 1990   0.08  -0.08     0.00
  MONTH TO DATE    1.31                      0.95   0.36     2.27
  SINCE DEC 1     12.83                      5.79   7.04     6.37
  SINCE JAN 1      9.14                      3.22   5.92     4.75

SNOWFALL (IN)
  YESTERDAY        0.0
  MONTH TO DATE    0.0
  SINCE JUL 1      0.0

DEGREE DAYS
 HEATING
  YESTERDAY       16                         5     11        7
  MONTH TO DATE   78                        55     23       42
  SINCE DEC 1    256                       382   -126      245
  SINCE JUL 1    261                       424   -163      310

 COOLING
  YESTERDAY        0                         2     -2        0
  MONTH TO DATE   33                        22     11        3
  SINCE DEC 1    353                       142    211      201
  SINCE JAN 1     69                        66      3       70
..................................................................


WIND (MPH)
  HIGHEST WIND SPEED    14   HIGHEST WIND DIRECTION    NW (330)
  HIGHEST GUST SPEED    19   HIGHEST GUST DIRECTION     N (350)
  AVERAGE WIND SPEED     6.1


SKY COVER
  AVERAGE SKY COVER 0.0


WEATHER CONDITIONS
 THE FOLLOWING WEATHER WAS RECORDED YESTERDAY.
  NO SIGNIFICANT WEATHER WAS OBSERVED.


RELATIVE HUMIDITY (PERCENT)
 HIGHEST    92           600 AM
 LOWEST     24          1100 AM
 AVERAGE    58

..........................................................


THE MELBOURNE CLIMATE NORMALS FOR TODAY
                         NORMAL    RECORD    YEAR
 MAXIMUM TEMPERATURE (F)   73        85      2013
                                             2004
                                             1994
 MINIMUM TEMPERATURE (F)   51        32      1955


SUNRISE AND SUNSET
FEBRUARY 12 2016......SUNRISE   703 AM EST   SUNSET   611 PM EST
FEBRUARY 13 2016......SUNRISE   702 AM EST   SUNSET   612 PM EST


-  INDICATES NEGATIVE NUMBERS.
R  INDICATES RECORD WAS SET OR TIED.
MM INDICATES DATA IS MISSING.
T  INDICATES TRACE AMOUNT.




$$
