000
CDUS42 KMLB 210628
CLIMLB


CLIMATE REPORT
NATIONAL WEATHER SERVICE MELBOURNE FL
227 AM EDT TUE OCT 21 2014


...................................

...THE MELBOURNE CLIMATE SUMMARY FOR OCTOBER 20 2014...

CLIMATE NORMAL PERIOD 1981 TO 2010
CLIMATE RECORD PERIOD 1939 TO 2014


WEATHER ITEM   OBSERVED TIME   RECORD YEAR NORMAL DEPARTURE LAST
                VALUE   (LST)  VALUE       VALUE  FROM      YEAR
                                                  NORMAL
..................................................................
TEMPERATURE (F)
 YESTERDAY
  MAXIMUM         85    237 PM  92    1982  83      2       90
  MINIMUM         65    516 AM  47    1989  67     -2       74
  AVERAGE         75                        75      0       82

PRECIPITATION (IN)
  YESTERDAY        0.00          1.63 1952   0.16  -0.16     0.00
  MONTH TO DATE    1.78                      3.63  -1.85     0.24
  SINCE SEP 1     14.31                     11.27   3.04     4.78
  SINCE JAN 1     52.14                     45.12   7.02    35.97

SNOWFALL (IN)
  YESTERDAY        0.0
  MONTH TO DATE    0.0
  SINCE JUL 1      0.0

DEGREE DAYS
 HEATING
  YESTERDAY        0                         0      0        0
  MONTH TO DATE    0                         0      0        0
  SINCE SEP 1      0                         0      0        0
  SINCE JUL 1      0                         0      0        0

 COOLING
  YESTERDAY       10                        10      0       17
  MONTH TO DATE  261                       246     15      271
  SINCE SEP 1    740                       712     28      768
  SINCE JAN 1   3227                      2938    289     3217
..................................................................


WIND (MPH)
  HIGHEST WIND SPEED    12   HIGHEST WIND DIRECTION     E (110)
  HIGHEST GUST SPEED    14   HIGHEST GUST DIRECTION     E (100)
  AVERAGE WIND SPEED     4.8


SKY COVER
  AVERAGE SKY COVER 0.1


WEATHER CONDITIONS
 THE FOLLOWING WEATHER WAS RECORDED YESTERDAY.
  NO SIGNIFICANT WEATHER WAS OBSERVED.


RELATIVE HUMIDITY (PERCENT)
 HIGHEST    93           200 AM
 LOWEST     48          1200 PM
 AVERAGE    71

..........................................................


THE MELBOURNE CLIMATE NORMALS FOR TODAY
                         NORMAL    RECORD    YEAR
 MAXIMUM TEMPERATURE (F)   83        91      1942
 MINIMUM TEMPERATURE (F)   67        46      1989


SUNRISE AND SUNSET
OCTOBER 21 2014.......SUNRISE   727 AM EDT   SUNSET   647 PM EDT
OCTOBER 22 2014.......SUNRISE   727 AM EDT   SUNSET   646 PM EDT


-  INDICATES NEGATIVE NUMBERS.
R  INDICATES RECORD WAS SET OR TIED.
MM INDICATES DATA IS MISSING.
T  INDICATES TRACE AMOUNT.




$$
