000
CDUS42 KMLB 210629
CLIMLB


CLIMATE REPORT
NATIONAL WEATHER SERVICE MELBOURNE FL
129 AM EST TUE NOV 21 2017


...................................

...THE MELBOURNE CLIMATE SUMMARY FOR NOVEMBER 20 2017...

CLIMATE NORMAL PERIOD 1981 TO 2010
CLIMATE RECORD PERIOD 1939 TO 2017


WEATHER ITEM   OBSERVED TIME   RECORD YEAR NORMAL DEPARTURE LAST
                VALUE   (LST)  VALUE       VALUE  FROM      YEAR
                                                  NORMAL
..................................................................
TEMPERATURE (F)
 YESTERDAY
  MAXIMUM         79    208 PM  87    1998  78      1       68
                                      1948
  MINIMUM         52    556 AM  40    2008  58     -6       47
                                      1968
  AVERAGE         66                        68     -2       58

PRECIPITATION (IN)
  YESTERDAY        0.00          3.05 2013   0.07  -0.07     0.00
  MONTH TO DATE    0.27                      2.07  -1.80     0.12
  SINCE SEP 1     34.65                     14.77  19.88    20.61
  SINCE JAN 1     62.34                     48.62  13.72    59.17

SNOWFALL (IN)
  YESTERDAY        0.0
  MONTH TO DATE    0.0
  SINCE JUL 1      0.0

DEGREE DAYS
 HEATING
  YESTERDAY        0                         1     -1        7
  MONTH TO DATE    0                        18    -18        7
  SINCE SEP 1     13                        22     -9        7
  SINCE JUL 1     13                        22     -9        7

 COOLING
  YESTERDAY        1                         4     -3        0
  MONTH TO DATE  188                       118     70      122
  SINCE SEP 1   1136                       929    207     1031
  SINCE JAN 1   4024                      3155    869     3679
..................................................................


WIND (MPH)
  HIGHEST WIND SPEED    18   HIGHEST WIND DIRECTION     E (70)
  HIGHEST GUST SPEED    24   HIGHEST GUST DIRECTION    NE (60)
  AVERAGE WIND SPEED    11.6


SKY COVER
  AVERAGE SKY COVER 0.2


WEATHER CONDITIONS
 THE FOLLOWING WEATHER WAS RECORDED YESTERDAY.
  NO SIGNIFICANT WEATHER WAS OBSERVED.


RELATIVE HUMIDITY (PERCENT)
 HIGHEST    89           600 AM
 LOWEST     48          1200 PM
 AVERAGE    69

..........................................................


THE MELBOURNE CLIMATE NORMALS FOR TODAY
                         NORMAL    RECORD    YEAR
 MAXIMUM TEMPERATURE (F)   78        86      1962
 MINIMUM TEMPERATURE (F)   58        34      1937


SUNRISE AND SUNSET
NOVEMBER 21 2017......SUNRISE   649 AM EST   SUNSET   528 PM EST
NOVEMBER 22 2017......SUNRISE   650 AM EST   SUNSET   527 PM EST


-  INDICATES NEGATIVE NUMBERS.
R  INDICATES RECORD WAS SET OR TIED.
MM INDICATES DATA IS MISSING.
T  INDICATES TRACE AMOUNT.




$$
