000
CDUS42 KMLB 260629
CLIMLB


CLIMATE REPORT
NATIONAL WEATHER SERVICE MELBOURNE FL
228 AM EDT FRI MAY 26 2017


...................................

...THE MELBOURNE CLIMATE SUMMARY FOR MAY 25 2017...

CLIMATE NORMAL PERIOD 1981 TO 2010
CLIMATE RECORD PERIOD 1939 TO 2017


WEATHER ITEM   OBSERVED TIME   RECORD YEAR NORMAL DEPARTURE LAST
                VALUE   (LST)  VALUE       VALUE  FROM      YEAR
                                                  NORMAL
..................................................................
TEMPERATURE (F)
 YESTERDAY
  MAXIMUM         88    429 PM  95    2000  87      1       85
  MINIMUM         68   1136 PM  58    1992  69     -1       75
  AVERAGE         78                        78      0       80

PRECIPITATION (IN)
  YESTERDAY        0.01          2.01 2001   0.15  -0.14     0.00
  MONTH TO DATE    2.29                      2.37  -0.08     6.99
  SINCE MAR 1      2.93                      7.78  -4.85    11.41
  SINCE JAN 1      7.82                     12.58  -4.76    21.27

SNOWFALL (IN)
  YESTERDAY        0.0
  MONTH TO DATE    0.0
  SINCE JUL 1      0.0

DEGREE DAYS
 HEATING
  YESTERDAY        0                         0      0        0
  MONTH TO DATE    0                         0      0        0
  SINCE MAR 1     42                        87    -45       20
  SINCE JUL 1    220                       576   -356      341

 COOLING
  YESTERDAY       13                        13      0       15
  MONTH TO DATE  353                       270     83      289
  SINCE MAR 1    877                       547    330      759
  SINCE JAN 1   1055                       645    410      849
..................................................................


WIND (MPH)
  HIGHEST WIND SPEED    23   HIGHEST WIND DIRECTION     W (290)
  HIGHEST GUST SPEED    28   HIGHEST GUST DIRECTION    NW (300)
  AVERAGE WIND SPEED    12.2


SKY COVER
  AVERAGE SKY COVER 0.4


WEATHER CONDITIONS
 THE FOLLOWING WEATHER WAS RECORDED YESTERDAY.
  LIGHT RAIN


RELATIVE HUMIDITY (PERCENT)
 HIGHEST    93           600 AM
 LOWEST     42           400 PM
 AVERAGE    68

..........................................................


THE MELBOURNE CLIMATE NORMALS FOR TODAY
                         NORMAL    RECORD    YEAR
 MAXIMUM TEMPERATURE (F)   87        95      1962
 MINIMUM TEMPERATURE (F)   69        54      1979


SUNRISE AND SUNSET
MAY 26 2017...........SUNRISE   628 AM EDT   SUNSET   812 PM EDT
MAY 27 2017...........SUNRISE   627 AM EDT   SUNSET   812 PM EDT


-  INDICATES NEGATIVE NUMBERS.
R  INDICATES RECORD WAS SET OR TIED.
MM INDICATES DATA IS MISSING.
T  INDICATES TRACE AMOUNT.




$$
