000
CDUS42 KMLB 240636
CLIMLB


CLIMATE REPORT
NATIONAL WEATHER SERVICE MELBOURNE FL
236 AM EDT TUE MAY 24 2016


...................................

...THE MELBOURNE CLIMATE SUMMARY FOR MAY 23 2016...

CLIMATE NORMAL PERIOD 1981 TO 2010
CLIMATE RECORD PERIOD 1939 TO 2016


WEATHER ITEM   OBSERVED TIME   RECORD YEAR NORMAL DEPARTURE LAST
                VALUE   (LST)  VALUE       VALUE  FROM      YEAR
                                                  NORMAL
..................................................................
TEMPERATURE (F)
 YESTERDAY
  MAXIMUM         83    354 PM  95    1961  87     -4       87
  MINIMUM         68    615 AM  57    1994  69     -1       72
  AVERAGE         76                        78     -2       80

PRECIPITATION (IN)
  YESTERDAY        0.00          5.00 1984   0.13  -0.13     0.00
  MONTH TO DATE    6.99                      2.08   4.91     1.38
  SINCE MAR 1     11.41                      7.49   3.92     5.55
  SINCE JAN 1     21.27                     12.29   8.98    11.66

SNOWFALL (IN)
  YESTERDAY        0.0
  MONTH TO DATE    0.0
  SINCE JUL 1      0.0

DEGREE DAYS
 HEATING
  YESTERDAY        0                         0      0        0
  MONTH TO DATE    0                         0      0        0
  SINCE MAR 1     20                        87    -67       14
  SINCE JUL 1    341                       576   -235      424

 COOLING
  YESTERDAY       11                        13     -2       15
  MONTH TO DATE  257                       244     13      276
  SINCE MAR 1    727                       521    206      887
  SINCE JAN 1    817                       619    198      985
..................................................................


WIND (MPH)
  HIGHEST WIND SPEED    14   HIGHEST WIND DIRECTION     E (70)
  HIGHEST GUST SPEED    18   HIGHEST GUST DIRECTION    NE (60)
  AVERAGE WIND SPEED     8.7


SKY COVER
  AVERAGE SKY COVER 0.2


WEATHER CONDITIONS
 THE FOLLOWING WEATHER WAS RECORDED YESTERDAY.
  NO SIGNIFICANT WEATHER WAS OBSERVED.


RELATIVE HUMIDITY (PERCENT)
 HIGHEST    87           300 AM
 LOWEST     55          1000 AM
 AVERAGE    71

..........................................................


THE MELBOURNE CLIMATE NORMALS FOR TODAY
                         NORMAL    RECORD    YEAR
 MAXIMUM TEMPERATURE (F)   87        95      2000
 MINIMUM TEMPERATURE (F)   69        57      1994


SUNRISE AND SUNSET
MAY 24 2016...........SUNRISE   628 AM EDT   SUNSET   811 PM EDT
MAY 25 2016...........SUNRISE   628 AM EDT   SUNSET   811 PM EDT


-  INDICATES NEGATIVE NUMBERS.
R  INDICATES RECORD WAS SET OR TIED.
MM INDICATES DATA IS MISSING.
T  INDICATES TRACE AMOUNT.




$$
