000
CDUS42 KMLB 050631
CLIMLB


CLIMATE REPORT
NATIONAL WEATHER SERVICE MELBOURNE FL
231 AM EDT SUN JUL 5 2015


...................................

...THE MELBOURNE CLIMATE SUMMARY FOR JULY 4 2015...

CLIMATE NORMAL PERIOD 1981 TO 2010
CLIMATE RECORD PERIOD 1939 TO 2015


WEATHER ITEM   OBSERVED TIME   RECORD YEAR NORMAL DEPARTURE LAST
                VALUE   (LST)  VALUE       VALUE  FROM      YEAR
                                                  NORMAL
..................................................................
TEMPERATURE (F)
 YESTERDAY
  MAXIMUM         88   1132 AM  98    1963  90     -2       94
  MINIMUM         71    428 AM  68    1975  72     -1       74
                                      1974
                                      1971
  AVERAGE         80                        81     -1       84

PRECIPITATION (IN)
  YESTERDAY        0.01          1.10 1961   0.20  -0.19     0.51
  MONTH TO DATE    0.29                      0.79  -0.50     0.91
  SINCE JUN 1      6.54                      7.50  -0.96     6.97
  SINCE JAN 1     19.39                     21.00  -1.61    23.19

SNOWFALL (IN)
  YESTERDAY        0.0
  MONTH TO DATE    0.0
  SINCE JUL 1      0.0

DEGREE DAYS
 HEATING
  YESTERDAY        0                         0      0        0
  MONTH TO DATE    0                         0      0        0
  SINCE JUN 1      0                         0      0        0
  SINCE JUL 1      0                         0      0        0

 COOLING
  YESTERDAY       15                        16     -1       19
  MONTH TO DATE   68                        64      4       73
  SINCE JUN 1    558                       526     32      534
  SINCE JAN 1   1670                      1252    418     1427
..................................................................


WIND (MPH)
  HIGHEST WIND SPEED    15   HIGHEST WIND DIRECTION     S (160)
  HIGHEST GUST SPEED    20   HIGHEST GUST DIRECTION    SE (150)
  AVERAGE WIND SPEED     4.5


SKY COVER
  AVERAGE SKY COVER 0.2


WEATHER CONDITIONS
 THE FOLLOWING WEATHER WAS RECORDED YESTERDAY.
  THUNDERSTORM
  RAIN
  LIGHT RAIN
  FOG
  HAZE


RELATIVE HUMIDITY (PERCENT)
 HIGHEST   100          1100 PM
 LOWEST     68          1100 AM
 AVERAGE    84

..........................................................


THE MELBOURNE CLIMATE NORMALS FOR TODAY
                         NORMAL    RECORD    YEAR
 MAXIMUM TEMPERATURE (F)   90        98      1966
 MINIMUM TEMPERATURE (F)   72        65      1977


SUNRISE AND SUNSET
JULY  5 2015..........SUNRISE   631 AM EDT   SUNSET   823 PM EDT
JULY  6 2015..........SUNRISE   631 AM EDT   SUNSET   823 PM EDT


-  INDICATES NEGATIVE NUMBERS.
R  INDICATES RECORD WAS SET OR TIED.
MM INDICATES DATA IS MISSING.
T  INDICATES TRACE AMOUNT.




$$
