000
CDUS42 KMLB 280628
CLIMLB


CLIMATE REPORT
NATIONAL WEATHER SERVICE MELBOURNE FL
228 AM EDT FRI JUL 28 2017


...................................

...THE MELBOURNE CLIMATE SUMMARY FOR JULY 27 2017...

CLIMATE NORMAL PERIOD 1981 TO 2010
CLIMATE RECORD PERIOD 1939 TO 2017


WEATHER ITEM   OBSERVED TIME   RECORD YEAR NORMAL DEPARTURE LAST
                VALUE   (LST)  VALUE       VALUE  FROM      YEAR
                                                  NORMAL
..................................................................
TEMPERATURE (F)
 YESTERDAY
  MAXIMUM         94   1223 PM  99    1982  91      3       92
  MINIMUM         79    629 AM  67    1983  73      6       75
  AVERAGE         87                        82      5       84

PRECIPITATION (IN)
  YESTERDAY        0.00          1.35 1991   0.20  -0.20     0.00
  MONTH TO DATE    6.39                      5.12   1.27     1.09
  SINCE JUN 1     12.84                     11.83   1.01    10.00
  SINCE JAN 1     21.18                     25.33  -4.15    31.97

SNOWFALL (IN)
  YESTERDAY        0.0
  MONTH TO DATE    0.0
  SINCE JUL 1      0.0

DEGREE DAYS
 HEATING
  YESTERDAY        0                         0      0        0
  MONTH TO DATE    0                         0      0        0
  SINCE JUN 1      0                         0      0        0
  SINCE JUL 1      0                         0      0        0

 COOLING
  YESTERDAY       22                        17      5       19
  MONTH TO DATE  530                       448     82      531
  SINCE JUN 1   1049                       910    139     1041
  SINCE JAN 1   2196                      1636    560     1974
..................................................................


WIND (MPH)
  HIGHEST WIND SPEED    16   HIGHEST WIND DIRECTION    SE (140)
  HIGHEST GUST SPEED    21   HIGHEST GUST DIRECTION     E (110)
  AVERAGE WIND SPEED     9.1


SKY COVER
  AVERAGE SKY COVER 0.1


WEATHER CONDITIONS
 THE FOLLOWING WEATHER WAS RECORDED YESTERDAY.
  NO SIGNIFICANT WEATHER WAS OBSERVED.


RELATIVE HUMIDITY (PERCENT)
 HIGHEST    97           600 AM
 LOWEST     59          1200 PM
 AVERAGE    78

..........................................................


THE MELBOURNE CLIMATE NORMALS FOR TODAY
                         NORMAL    RECORD    YEAR
 MAXIMUM TEMPERATURE (F)   91        98      1999
 MINIMUM TEMPERATURE (F)   73        67      1938


SUNRISE AND SUNSET
JULY 28 2017..........SUNRISE   643 AM EDT   SUNSET   815 PM EDT
JULY 29 2017..........SUNRISE   643 AM EDT   SUNSET   814 PM EDT


-  INDICATES NEGATIVE NUMBERS.
R  INDICATES RECORD WAS SET OR TIED.
MM INDICATES DATA IS MISSING.
T  INDICATES TRACE AMOUNT.




$$
