000
CDUS42 KMLB 200627
CLIMLB


CLIMATE REPORT
NATIONAL WEATHER SERVICE MELBOURNE
227 AM EDT SUN APR 20 2014


...................................

...THE MELBOURNE CLIMATE SUMMARY FOR APRIL 19 2014...

CLIMATE NORMAL PERIOD 1981 TO 2010
CLIMATE RECORD PERIOD 1939 TO 2014


WEATHER ITEM   OBSERVED TIME   RECORD YEAR NORMAL DEPARTURE LAST
                VALUE   (LST)  VALUE       VALUE  FROM      YEAR
                                                  NORMAL
..................................................................
TEMPERATURE (F)
 YESTERDAY
  MAXIMUM         81    332 PM  90    1975  81      0       88
                                      1944
  MINIMUM         62   1046 PM  41    1997  61      1       70
  AVERAGE         72                        71      1       79

PRECIPITATION (IN)
  YESTERDAY        0.52          2.19 1951   0.06   0.46     0.66
  MONTH TO DATE    3.36                      1.41   1.95     5.24
  SINCE MAR 1      5.38                      4.69   0.69     5.82
  SINCE JAN 1     12.44                      9.49   2.95     8.48

SNOWFALL (IN)
  YESTERDAY        0.0
  MONTH TO DATE    0.0
  SINCE JUL 1      0.0

DEGREE DAYS
 HEATING
  YESTERDAY        0                         0      0        0
  MONTH TO DATE    3                        15    -12        0
  SINCE MAR 1     52                        86    -34      179
  SINCE JUL 1    358                       575   -217      463

 COOLING
  YESTERDAY        7                         6      1       14
  MONTH TO DATE  135                        97     38      181
  SINCE MAR 1    246                       196     50      233
  SINCE JAN 1    414                       294    120      439
..................................................................


WIND (MPH)
  HIGHEST WIND SPEED    23   HIGHEST WIND DIRECTION     W (270)
  HIGHEST GUST SPEED    27   HIGHEST GUST DIRECTION     S (180)
  AVERAGE WIND SPEED    11.6


SKY COVER
  AVERAGE SKY COVER 0.5


WEATHER CONDITIONS
 THE FOLLOWING WEATHER WAS RECORDED YESTERDAY.
  THUNDERSTORM
  HEAVY RAIN
  RAIN
  LIGHT RAIN
  FOG


RELATIVE HUMIDITY (PERCENT)
 HIGHEST   100           600 AM
 LOWEST     51           300 PM
 AVERAGE    76

..........................................................


THE MELBOURNE CLIMATE NORMALS FOR TODAY
                         NORMAL    RECORD    YEAR
 MAXIMUM TEMPERATURE (F)   81        91      1944
 MINIMUM TEMPERATURE (F)   61        50      1999


SUNRISE AND SUNSET
APRIL 20 2014.........SUNRISE   653 AM EDT   SUNSET   751 PM EDT
APRIL 21 2014.........SUNRISE   652 AM EDT   SUNSET   751 PM EDT


-  INDICATES NEGATIVE NUMBERS.
R  INDICATES RECORD WAS SET OR TIED.
MM INDICATES DATA IS MISSING.
T  INDICATES TRACE AMOUNT.




$$
