000
CDUS43 KDVN 290927
CLIMLI


CLIMATE REPORT
NATIONAL WEATHER SERVICE QUAD CITIES IA IL
426 AM CDT FRI JUL 29 2016


...................................

...THE MOLINE IL CLIMATE SUMMARY FOR JULY 28 2016...

CLIMATE NORMAL PERIOD 1981 TO 2010
CLIMATE RECORD PERIOD 1872 TO 2016


WEATHER ITEM   OBSERVED TIME   RECORD YEAR NORMAL DEPARTURE LAST
                VALUE   (LST)  VALUE       VALUE  FROM      YEAR
                                                  NORMAL
..................................................................
TEMPERATURE (F)
 YESTERDAY
  MAXIMUM         86    144 PM 102    1983  85      1       86
                                      1916
  MINIMUM         67    506 AM  52    1925  65      2       70
  AVERAGE         77                        75      2       78

PRECIPITATION (IN)
  YESTERDAY        0.00          2.73 1911   0.12  -0.12     0.35
  MONTH TO DATE    7.41                      3.92   3.49     4.79
  SINCE JUN 1     11.21                      8.41   2.80    15.69
  SINCE JAN 1     21.21                     22.27  -1.06    24.63

SNOWFALL (IN)
  YESTERDAY        0.0          MM      MM   0.0    0.0      0.0
  MONTH TO DATE    0.0                       0.0    0.0      0.0
  SINCE JUN 1      0.0                       0.0    0.0      0.0
  SINCE JUL 1      0.0                       0.0    0.0      0.0
  SNOW DEPTH       0

DEGREE DAYS
 HEATING
  YESTERDAY        0                         0      0        0
  MONTH TO DATE    1                         0      1        4
  SINCE JUN 1      2                        19    -17       11
  SINCE JUL 1      1                         0      1        4

 COOLING
  YESTERDAY       12                        10      2       13
  MONTH TO DATE  310                       296     14      252
  SINCE JUN 1    612                       510    102      459
  SINCE JAN 1    714                       586    128      540
..................................................................


WIND (MPH)
  HIGHEST WIND SPEED    18   HIGHEST WIND DIRECTION    NW (300)
  HIGHEST GUST SPEED    23   HIGHEST GUST DIRECTION     W (280)
  AVERAGE WIND SPEED     6.9


SKY COVER
  POSSIBLE SUNSHINE  MM
  AVERAGE SKY COVER 0.2


WEATHER CONDITIONS
 THE FOLLOWING WEATHER WAS RECORDED YESTERDAY.
  THUNDERSTORM
  FOG


RELATIVE HUMIDITY (PERCENT)
 HIGHEST    90           200 AM
 LOWEST     55           400 PM
 AVERAGE    73

..........................................................


THE MOLINE IL CLIMATE NORMALS FOR TODAY
                         NORMAL    RECORD    YEAR
 MAXIMUM TEMPERATURE (F)   85       104      1916
 MINIMUM TEMPERATURE (F)   65        49      1981
                                             1971


SUNRISE AND SUNSET
JULY 29 2016..........SUNRISE   555 AM CDT   SUNSET   822 PM CDT
JULY 30 2016..........SUNRISE   555 AM CDT   SUNSET   821 PM CDT


-  INDICATES NEGATIVE NUMBERS.
R  INDICATES RECORD WAS SET OR TIED.
MM INDICATES DATA IS MISSING.
T  INDICATES TRACE AMOUNT.




$$
