000
CDUS43 KDVN 312125
CLIMLI


CLIMATE REPORT
NATIONAL WEATHER SERVICE QUAD CITIES IA IL
423 PM CDT WED AUG 31 2016


...................................

...THE MOLINE IL CLIMATE SUMMARY FOR AUGUST 31 2016...
VALID TODAY AS OF 0400 PM LOCAL TIME.

CLIMATE NORMAL PERIOD 1981 TO 2010
CLIMATE RECORD PERIOD 1872 TO 2016


WEATHER ITEM   OBSERVED TIME   RECORD YEAR NORMAL DEPARTURE LAST
                VALUE   (LST)  VALUE       VALUE  FROM      YEAR
                                                  NORMAL
..................................................................
TEMPERATURE (F)
 TODAY
  MAXIMUM         82    155 PM 100    1953  82      0       88
  MINIMUM         69    627 AM  45    2009  60      9       60
                                      1967
  AVERAGE         76                        71      5       74

PRECIPITATION (IN)
  TODAY            0.00          2.10 1989   0.14  -0.14     0.00
  MONTH TO DATE    8.07                      4.52   3.55     3.84
  SINCE JUN 1     19.42                     13.30   6.12    19.53
  SINCE JAN 1     29.42                     27.16   2.26    28.47

SNOWFALL (IN)
  TODAY            0.0          MM      MM   0.0    0.0      0.0
  MONTH TO DATE    0.0                       0.0    0.0       T
  SINCE JUN 1      0.0                       0.0    0.0       T
  SINCE JUL 1      0.0                       0.0    0.0       T
  SNOW DEPTH       0

DEGREE DAYS
 HEATING
  TODAY            0                         1     -1        0
  MONTH TO DATE    0                         1     -1        3
  SINCE JUN 1      2                        27    -25       14
  SINCE JUL 1      1                         8     -7        7

 COOLING
  TODAY           11                         7      4        9
  MONTH TO DATE  330                       269     61      214
  SINCE JUN 1    976                       807    169      707
  SINCE JAN 1   1078                       883    195      788
..................................................................


WIND (MPH)
  HIGHEST WIND SPEED    13   HIGHEST WIND DIRECTION    NE (30)
  HIGHEST GUST SPEED    17   HIGHEST GUST DIRECTION     N (340)
  AVERAGE WIND SPEED     5.6


SKY COVER
  POSSIBLE SUNSHINE  MM
  AVERAGE SKY COVER 0.2


WEATHER CONDITIONS
 THE FOLLOWING WEATHER WAS RECORDED TODAY.
  NO SIGNIFICANT WEATHER WAS OBSERVED.


RELATIVE HUMIDITY (PERCENT)
 HIGHEST    93          1200 AM
 LOWEST     54           200 PM
 AVERAGE    74

..........................................................


THE MOLINE IL CLIMATE NORMALS FOR TOMORROW
                         NORMAL    RECORD    YEAR
 MAXIMUM TEMPERATURE (F)   82        99      1953
                                             1913
 MINIMUM TEMPERATURE (F)   60        41      1967


SUNRISE AND SUNSET
AUGUST 31 2016........SUNRISE   628 AM CDT   SUNSET   736 PM CDT
SEPTEMBER  1 2016.....SUNRISE   629 AM CDT   SUNSET   734 PM CDT


-  INDICATES NEGATIVE NUMBERS.
R  INDICATES RECORD WAS SET OR TIED.
MM INDICATES DATA IS MISSING.
T  INDICATES TRACE AMOUNT.




$$
