000
CDUS43 KDVN 280936
CLIMLI


CLIMATE REPORT
NATIONAL WEATHER SERVICE QUAD CITIES IA IL
436 AM CDT TUE MAR 28 2017


...................................

...THE MOLINE IL CLIMATE SUMMARY FOR MARCH 27 2017...

CLIMATE NORMAL PERIOD 1981 TO 2010
CLIMATE RECORD PERIOD 1872 TO 2017


WEATHER ITEM   OBSERVED TIME   RECORD YEAR NORMAL DEPARTURE LAST
                VALUE   (LST)  VALUE       VALUE  FROM      YEAR
                                                  NORMAL
..................................................................
TEMPERATURE (F)
 YESTERDAY
  MAXIMUM         54    348 PM  83    1945  54      0       48
  MINIMUM         48    737 AM  13    1964  34     14       40
  AVERAGE         51                        44      7       44

PRECIPITATION (IN)
  YESTERDAY        T             1.52 1880   0.09  -0.09     0.33
  MONTH TO DATE    1.77                      2.46  -0.69     2.71
  SINCE MAR 1      1.77                      2.46  -0.69     2.71
  SINCE JAN 1      4.18                      5.55  -1.37     4.04

SNOWFALL (IN)
  YESTERDAY        0.0          MM      MM   0.1   -0.1      0.0
  MONTH TO DATE    5.9                       3.7    2.2      2.9
  SINCE MAR 1      5.9                       3.7    2.2      2.9
  SINCE JUL 1     22.4                      30.4   -8.0     24.1
  SNOW DEPTH       0

DEGREE DAYS
 HEATING
  YESTERDAY       14                        21     -7       21
  MONTH TO DATE  657                       724    -67      545
  SINCE MAR 1    657                       724    -67      545
  SINCE JUL 1   4460                      5522  -1062     4534

 COOLING
  YESTERDAY        0                         0      0        0
  MONTH TO DATE    0                         0      0        3
  SINCE MAR 1      0                         0      0        3
  SINCE JAN 1      0                         0      0        3
..................................................................


WIND (MPH)
  HIGHEST WIND SPEED     9   HIGHEST WIND DIRECTION    NE (40)
  HIGHEST GUST SPEED    12   HIGHEST GUST DIRECTION    NE (40)
  AVERAGE WIND SPEED     4.2


SKY COVER
  POSSIBLE SUNSHINE  MM
  AVERAGE SKY COVER 1.0


WEATHER CONDITIONS
 THE FOLLOWING WEATHER WAS RECORDED YESTERDAY.
  LIGHT RAIN
  FOG
  HAZE


RELATIVE HUMIDITY (PERCENT)
 HIGHEST    86          1200 AM
 LOWEST     71           500 PM
 AVERAGE    79

..........................................................


THE MOLINE IL CLIMATE NORMALS FOR TODAY
                         NORMAL    RECORD    YEAR
 MAXIMUM TEMPERATURE (F)   55        81      1910
 MINIMUM TEMPERATURE (F)   34        11      1970


SUNRISE AND SUNSET
MARCH 28 2017.........SUNRISE   651 AM CDT   SUNSET   723 PM CDT
MARCH 29 2017.........SUNRISE   650 AM CDT   SUNSET   724 PM CDT


-  INDICATES NEGATIVE NUMBERS.
R  INDICATES RECORD WAS SET OR TIED.
MM INDICATES DATA IS MISSING.
T  INDICATES TRACE AMOUNT.




$$
