000
CDUS43 KDVN 242126
CLIMLI


CLIMATE REPORT
NATIONAL WEATHER SERVICE QUAD CITIES IA IL
425 PM CDT SUN MAY 24 2015


...................................

...THE MOLINE IL CLIMATE SUMMARY FOR MAY 24 2015...
VALID TODAY AS OF 0400 PM LOCAL TIME.

CLIMATE NORMAL PERIOD 1981 TO 2010
CLIMATE RECORD PERIOD 1872 TO 2015


WEATHER ITEM   OBSERVED TIME   RECORD YEAR NORMAL DEPARTURE LAST
                VALUE   (LST)  VALUE       VALUE  FROM      YEAR
                                                  NORMAL
..................................................................
TEMPERATURE (F)
 TODAY
  MAXIMUM         77    240 PM  95    2010  76      1       78
  MINIMUM         59    658 AM  36    1925  53      6       47
  AVERAGE         68                        64      4       63

PRECIPITATION (IN)
  TODAY            0.49          2.11 1874   0.15   0.34     0.00
  MONTH TO DATE    2.70                      3.31  -0.61     1.80
  SINCE MAR 1      5.07                      9.76  -4.69     6.48
  SINCE JAN 1      8.00                     12.85  -4.85    10.50

SNOWFALL (IN)
  TODAY            0.0          MM      MM   0.0    0.0      0.0
  MONTH TO DATE    0.0                       0.0    0.0      0.0
  SINCE MAR 1      0.1                       4.9   -4.8     10.3
  SINCE JUL 1     39.1                      31.6    7.5     65.1
  SNOW DEPTH       0

DEGREE DAYS
 HEATING
  TODAY            0                         3     -3        2
  MONTH TO DATE  108                       142    -34      162
  SINCE MAR 1   1321                      1367    -46     1643
  SINCE JUL 1   6579                      6165    414     7313

 COOLING
  TODAY            3                         3      0        0
  MONTH TO DATE   49                        40      9       51
  SINCE MAR 1     49                        54     -5       56
  SINCE JAN 1     49                        54     -5       56
..................................................................


WIND (MPH)
  HIGHEST WIND SPEED    16   HIGHEST WIND DIRECTION     E (90)
  HIGHEST GUST SPEED    24   HIGHEST GUST DIRECTION     S (180)
  AVERAGE WIND SPEED     7.8


SKY COVER
  POSSIBLE SUNSHINE  MM
  AVERAGE SKY COVER 0.9


WEATHER CONDITIONS
 THE FOLLOWING WEATHER WAS RECORDED TODAY.
  HEAVY RAIN
  RAIN
  LIGHT RAIN
  FOG


RELATIVE HUMIDITY (PERCENT)
 HIGHEST    87           700 AM
 LOWEST     56           100 AM
 AVERAGE    72

..........................................................


THE MOLINE IL CLIMATE NORMALS FOR TOMORROW
                         NORMAL    RECORD    YEAR
 MAXIMUM TEMPERATURE (F)   76        94      1967
 MINIMUM TEMPERATURE (F)   54        35      1979


SUNRISE AND SUNSET
MAY 24 2015...........SUNRISE   536 AM CDT   SUNSET   823 PM CDT
MAY 25 2015...........SUNRISE   535 AM CDT   SUNSET   824 PM CDT


-  INDICATES NEGATIVE NUMBERS.
R  INDICATES RECORD WAS SET OR TIED.
MM INDICATES DATA IS MISSING.
T  INDICATES TRACE AMOUNT.




$$
