000
CDUS43 KDVN 192226
CLIMLI


CLIMATE REPORT
NATIONAL WEATHER SERVICE QUAD CITIES IA IL
425 PM CST THU JAN 19 2017


...................................

...THE MOLINE IL CLIMATE SUMMARY FOR JANUARY 19 2017...
VALID TODAY AS OF 0400 PM LOCAL TIME.

CLIMATE NORMAL PERIOD 1981 TO 2010
CLIMATE RECORD PERIOD 1872 TO 2017


WEATHER ITEM   OBSERVED TIME   RECORD YEAR NORMAL DEPARTURE LAST
                VALUE   (LST)  VALUE       VALUE  FROM      YEAR
                                                  NORMAL
..................................................................
TEMPERATURE (F)
 TODAY
  MAXIMUM         42    213 PM  58    2006  31     11       16
  MINIMUM         25    610 AM -23    1994  14     11        1
  AVERAGE         34                        22     12        9

PRECIPITATION (IN)
  TODAY            0.11          1.51 1995   0.04   0.07     0.06
  MONTH TO DATE    1.18                      0.94   0.24     0.29
  SINCE DEC 1      2.80                      3.12  -0.32     4.49
  SINCE JAN 1      1.18                      0.94   0.24     0.29

SNOWFALL (IN)
  TODAY            0.0          MM      MM   0.3   -0.3      0.9
  MONTH TO DATE    T                         5.8   -5.8      1.3
  SINCE DEC 1     13.8                      15.1   -1.3      4.8
  SINCE JUL 1     13.8                      16.3   -2.5     14.7
  SNOW DEPTH       0

DEGREE DAYS
 HEATING
  TODAY           31                        43    -12       56
  MONTH TO DATE  755                       806    -51      818
  SINCE DEC 1   1931                      1996    -65     1628
  SINCE JUL 1   2712                      3227   -515     2591

 COOLING
  TODAY            0                         0      0        0
  MONTH TO DATE    0                         0      0        0
  SINCE DEC 1      0                         0      0        0
  SINCE JAN 1      0                         0      0        0
..................................................................


WIND (MPH)
  HIGHEST WIND SPEED    14   HIGHEST WIND DIRECTION     E (80)
  HIGHEST GUST SPEED    16   HIGHEST GUST DIRECTION     E (80)
  AVERAGE WIND SPEED     5.5


SKY COVER
  POSSIBLE SUNSHINE  MM
  AVERAGE SKY COVER 0.4


WEATHER CONDITIONS
 THE FOLLOWING WEATHER WAS RECORDED TODAY.
  HEAVY RAIN
  RAIN
  LIGHT RAIN
  FOG
  HAZE


RELATIVE HUMIDITY (PERCENT)
 HIGHEST   100          1200 AM
 LOWEST     79           100 PM
 AVERAGE    90

..........................................................


THE MOLINE IL CLIMATE NORMALS FOR TOMORROW
                         NORMAL    RECORD    YEAR
 MAXIMUM TEMPERATURE (F)   31        63      1906
 MINIMUM TEMPERATURE (F)   14       -21      1985


SUNRISE AND SUNSET
JANUARY 19 2017.......SUNRISE   724 AM CST   SUNSET   502 PM CST
JANUARY 20 2017.......SUNRISE   723 AM CST   SUNSET   504 PM CST


-  INDICATES NEGATIVE NUMBERS.
R  INDICATES RECORD WAS SET OR TIED.
MM INDICATES DATA IS MISSING.
T  INDICATES TRACE AMOUNT.




$$
