000
CDUS43 KDVN 081020
CLIMLI


CLIMATE REPORT
NATIONAL WEATHER SERVICE QUAD CITIES IA IL
418 AM CST THU DEC 8 2016


...................................

...THE MOLINE IL CLIMATE SUMMARY FOR DECEMBER 7 2016...

CLIMATE NORMAL PERIOD 1981 TO 2010
CLIMATE RECORD PERIOD 1872 TO 2016


WEATHER ITEM   OBSERVED TIME   RECORD YEAR NORMAL DEPARTURE LAST
                VALUE   (LST)  VALUE       VALUE  FROM      YEAR
                                                  NORMAL
..................................................................
TEMPERATURE (F)
 YESTERDAY
  MAXIMUM         29    124 PM  66    1916  37     -8       42
  MINIMUM         21   1159 PM -15    1882  21      0       27
  AVERAGE         25                        29     -4       35

PRECIPITATION (IN)
  YESTERDAY        T             1.15 1980   0.08  -0.08     0.00
  MONTH TO DATE    0.61                      0.58   0.03      T
  SINCE DEC 1      0.61                      0.58   0.03      T
  SINCE JAN 1     35.45                     36.36  -0.91    40.34

SNOWFALL (IN)
  YESTERDAY        T            MM      MM   0.2   -0.2      0.0
  MONTH TO DATE    7.8                       1.6    6.2      0.6
  SINCE DEC 1      7.8                       1.6    6.2      0.6
  SINCE JUL 1      7.8                       2.8    5.0     10.5
  SNOW DEPTH       0

DEGREE DAYS
 HEATING
  YESTERDAY       40                        36      4       30
  MONTH TO DATE  216                       242    -26      206
  SINCE DEC 1    216                       242    -26      206
  SINCE JUL 1    997                      1473   -476     1169

 COOLING
  YESTERDAY        0                         0      0        0
  MONTH TO DATE    0                         0      0        0
  SINCE DEC 1      0                         0      0        0
  SINCE JAN 1   1314                      1004    310     1017
..................................................................


WIND (MPH)
  HIGHEST WIND SPEED    25   HIGHEST WIND DIRECTION     W (270)
  HIGHEST GUST SPEED    33   HIGHEST GUST DIRECTION     W (270)
  AVERAGE WIND SPEED    15.6


SKY COVER
  POSSIBLE SUNSHINE  MM
  AVERAGE SKY COVER 0.2


WEATHER CONDITIONS
 THE FOLLOWING WEATHER WAS RECORDED YESTERDAY.
  LIGHT SNOW


RELATIVE HUMIDITY (PERCENT)
 HIGHEST    74           800 AM
 LOWEST     55           500 PM
 AVERAGE    65

..........................................................


THE MOLINE IL CLIMATE NORMALS FOR TODAY
                         NORMAL    RECORD    YEAR
 MAXIMUM TEMPERATURE (F)   37        67      1991
 MINIMUM TEMPERATURE (F)   21       -11      1876


SUNRISE AND SUNSET
DECEMBER  8 2016......SUNRISE   716 AM CST   SUNSET   432 PM CST
DECEMBER  9 2016......SUNRISE   717 AM CST   SUNSET   432 PM CST


-  INDICATES NEGATIVE NUMBERS.
R  INDICATES RECORD WAS SET OR TIED.
MM INDICATES DATA IS MISSING.
T  INDICATES TRACE AMOUNT.




$$
