000
CDUS43 KDVN 282229
CLIMLI


CLIMATE REPORT
NATIONAL WEATHER SERVICE QUAD CITIES IA IL
429 PM CST FRI NOV 28 2014


...................................

...THE MOLINE IL CLIMATE SUMMARY FOR NOVEMBER 28 2014...
VALID TODAY AS OF 0400 PM LOCAL TIME.

CLIMATE NORMAL PERIOD 1981 TO 2010
CLIMATE RECORD PERIOD 1872 TO 2014


WEATHER ITEM   OBSERVED TIME   RECORD YEAR NORMAL DEPARTURE LAST
                VALUE   (LST)  VALUE       VALUE  FROM      YEAR
                                                  NORMAL
..................................................................
TEMPERATURE (F)
 TODAY
  MAXIMUM         36    329 PM  67    2006  42     -6       36
  MINIMUM         14    146 AM  -4    1976  25    -11       15
  AVERAGE         25                        33     -8       26

PRECIPITATION (IN)
  TODAY            T             1.57 1934   0.09  -0.09     0.00
  MONTH TO DATE    1.57                      2.40  -0.83     1.22
  SINCE SEP 1     10.00                      8.46   1.54     5.41
  SINCE JAN 1     38.57                     35.62   2.95    38.02

SNOWFALL (IN)
  TODAY            T            MM      MM   0.1   -0.1      0.0
  MONTH TO DATE    4.6                       1.0    3.6      0.6
  SINCE SEP 1      4.6                       1.0    3.6      1.0
  SINCE JUL 1      4.6                       1.0    3.6      1.0
  SNOW DEPTH       1

DEGREE DAYS
 HEATING
  TODAY           40                        32      8       39
  MONTH TO DATE  922                       684    238      779
  SINCE SEP 1   1447                      1158    289     1267
  SINCE JUL 1   1452                      1166    286     1278

 COOLING
  TODAY            0                         0      0        0
  MONTH TO DATE    0                         0      0        0
  SINCE SEP 1     73                       120    -47      184
  SINCE JAN 1    839                      1003   -164      998
..................................................................


WIND (MPH)
  HIGHEST WIND SPEED    16   HIGHEST WIND DIRECTION     S (160)
  HIGHEST GUST SPEED    22   HIGHEST GUST DIRECTION     S (160)
  AVERAGE WIND SPEED     8.8


SKY COVER
  POSSIBLE SUNSHINE  MM
  AVERAGE SKY COVER 0.5


WEATHER CONDITIONS
 THE FOLLOWING WEATHER WAS RECORDED TODAY.
  LIGHT SNOW


RELATIVE HUMIDITY (PERCENT)
 HIGHEST    76          1200 AM
 LOWEST     67           500 AM
 AVERAGE    72

..........................................................


THE MOLINE IL CLIMATE NORMALS FOR TOMORROW
                         NORMAL    RECORD    YEAR
 MAXIMUM TEMPERATURE (F)   41        69      1998
 MINIMUM TEMPERATURE (F)   24       -10      1891


SUNRISE AND SUNSET
NOVEMBER 28 2014......SUNRISE   706 AM CST   SUNSET   434 PM CST
NOVEMBER 29 2014......SUNRISE   707 AM CST   SUNSET   434 PM CST


-  INDICATES NEGATIVE NUMBERS.
R  INDICATES RECORD WAS SET OR TIED.
MM INDICATES DATA IS MISSING.
T  INDICATES TRACE AMOUNT.




$$
