000
CDUS43 KDVN 292130
CLIMLI


CLIMATE REPORT
NATIONAL WEATHER SERVICE QUAD CITIES IA IL
429 PM CDT THU SEP 29 2016


...................................

...THE MOLINE IL CLIMATE SUMMARY FOR SEPTEMBER 29 2016...
VALID TODAY AS OF 0400 PM LOCAL TIME.

CLIMATE NORMAL PERIOD 1981 TO 2010
CLIMATE RECORD PERIOD 1872 TO 2016


WEATHER ITEM   OBSERVED TIME   RECORD YEAR NORMAL DEPARTURE LAST
                VALUE   (LST)  VALUE       VALUE  FROM      YEAR
                                                  NORMAL
..................................................................
TEMPERATURE (F)
 TODAY
  MAXIMUM         76    241 PM  99    1953  71      5       69
  MINIMUM         54    441 AM  30    1984  48      6       51
                                      1949
  AVERAGE         65                        60      5       60

PRECIPITATION (IN)
  TODAY            0.00          1.19 1893   0.08  -0.08      T
  MONTH TO DATE    1.21                      3.00  -1.79     3.01
  SINCE SEP 1      1.21                      3.00  -1.79     3.01
  SINCE JAN 1     30.63                     30.16   0.47    31.48

SNOWFALL (IN)
  TODAY            0.0          MM      MM   0.0    0.0      0.0
  MONTH TO DATE    0.0                       0.0    0.0      0.0
  SINCE SEP 1      0.0                       0.0    0.0      0.0
  SINCE JUL 1      0.0                       0.0    0.0       T
  SNOW DEPTH       0

DEGREE DAYS
 HEATING
  TODAY            0                         7     -7        5
  MONTH TO DATE   15                        89    -74       31
  SINCE SEP 1     15                        89    -74       31
  SINCE JUL 1     16                        97    -81       38

 COOLING
  TODAY            0                         1     -1        0
  MONTH TO DATE  189                       106     83      214
  SINCE SEP 1    189                       106     83      214
  SINCE JAN 1   1262                       989    273     1002
..................................................................


WIND (MPH)
  HIGHEST WIND SPEED    21   HIGHEST WIND DIRECTION    NE (30)
  HIGHEST GUST SPEED    29   HIGHEST GUST DIRECTION    NE (40)
  AVERAGE WIND SPEED     9.6


SKY COVER
  POSSIBLE SUNSHINE  MM
  AVERAGE SKY COVER 0.3


WEATHER CONDITIONS
 THE FOLLOWING WEATHER WAS RECORDED TODAY.
  NO SIGNIFICANT WEATHER WAS OBSERVED.


RELATIVE HUMIDITY (PERCENT)
 HIGHEST    83           200 AM
 LOWEST     46           100 PM
 AVERAGE    65

..........................................................


THE MOLINE IL CLIMATE NORMALS FOR TOMORROW
                         NORMAL    RECORD    YEAR
 MAXIMUM TEMPERATURE (F)   71        92      1952
 MINIMUM TEMPERATURE (F)   48        28      1899


SUNRISE AND SUNSET
SEPTEMBER 29 2016.....SUNRISE   657 AM CDT   SUNSET   646 PM CDT
SEPTEMBER 30 2016.....SUNRISE   658 AM CDT   SUNSET   645 PM CDT


-  INDICATES NEGATIVE NUMBERS.
R  INDICATES RECORD WAS SET OR TIED.
MM INDICATES DATA IS MISSING.
T  INDICATES TRACE AMOUNT.




$$
