000
CDUS45 KBYZ 190724
CLIMLS


CLIMATE REPORT
NATIONAL WEATHER SERVICE BILLINGS MT
1224 AM MST SUN NOV 19 2017


...................................

...THE MILES CITY MT CLIMATE SUMMARY FOR NOVEMBER 18 2017...

CLIMATE NORMAL PERIOD 1981 TO 2010
CLIMATE RECORD PERIOD 1937 TO 2017


WEATHER ITEM   OBSERVED TIME   RECORD YEAR NORMAL DEPARTURE LAST
                VALUE   (LST)  VALUE       VALUE  FROM      YEAR
                                                  NORMAL
..................................................................
TEMPERATURE (F)
 YESTERDAY
  MAXIMUM         43    308 PM  72    2008  42      1       41
  MINIMUM         22    508 AM  -5    1955  20      2       21
  AVERAGE         33                        31      2       31

PRECIPITATION (IN)
  YESTERDAY        0.00          0.20 1941   0.01  -0.01     0.00
  MONTH TO DATE    0.20                      0.27  -0.07      T
  SINCE OCT 1      0.92                      1.19  -0.27     0.97
  SINCE JAN 1      6.06                     12.03  -5.97    14.43

DEGREE DAYS
 HEATING
  YESTERDAY       32                        34     -2       34
  MONTH TO DATE  652                       536    116      314
  SINCE SEP 1   1443                      1313    130      942
  SINCE JUL 1   1447                      1347    100      956

 COOLING
  YESTERDAY        0                         0      0        0
  MONTH TO DATE    0                         0      0        0
  SINCE SEP 1     91                        58     33       62
  SINCE JAN 1    985                       730    255      873
..................................................................


WIND (MPH)
  HIGHEST WIND SPEED    20   HIGHEST WIND DIRECTION     W (270)
  HIGHEST GUST SPEED    24   HIGHEST GUST DIRECTION     W (280)
  AVERAGE WIND SPEED     7.0


SKY COVER
  POSSIBLE SUNSHINE  MM
  AVERAGE SKY COVER 0.5


WEATHER CONDITIONS
 THE FOLLOWING WEATHER WAS RECORDED YESTERDAY.
  NO SIGNIFICANT WEATHER WAS OBSERVED.


RELATIVE HUMIDITY (PERCENT)
 HIGHEST   100           500 AM
 LOWEST     45           100 PM
 AVERAGE    73

..........................................................


THE MILES CITY MT CLIMATE NORMALS FOR TODAY
                         NORMAL    RECORD    YEAR
 MAXIMUM TEMPERATURE (F)   41        72      2003
 MINIMUM TEMPERATURE (F)   19        -9      1985


SUNRISE AND SUNSET
NOVEMBER 19 2017......SUNRISE   711 AM MST   SUNSET   426 PM MST
NOVEMBER 20 2017......SUNRISE   713 AM MST   SUNSET   425 PM MST


-  INDICATES NEGATIVE NUMBERS.
R  INDICATES RECORD WAS SET OR TIED.
MM INDICATES DATA IS MISSING.
T  INDICATES TRACE AMOUNT.




$$
