000
CDUS45 KBYZ 200723
CLIMLS


CLIMATE REPORT
NATIONAL WEATHER SERVICE BILLINGS MT
123 AM MDT THU JUL 20 2017


...................................

...THE MILES CITY MT CLIMATE SUMMARY FOR JULY 19 2017...

CLIMATE NORMAL PERIOD 1981 TO 2010
CLIMATE RECORD PERIOD 1937 TO 2017


WEATHER ITEM   OBSERVED TIME   RECORD YEAR NORMAL DEPARTURE LAST
                VALUE   (LST)  VALUE       VALUE  FROM      YEAR
                                                  NORMAL
..................................................................
TEMPERATURE (F)
 YESTERDAY
  MAXIMUM         96    540 PM 108    1960  89      7      102
  MINIMUM         70    613 AM  44    1948  60     10       71
  AVERAGE         83                        75      8       87

PRECIPITATION (IN)
  YESTERDAY        0.00          1.64 1948   0.05  -0.05     0.01
  MONTH TO DATE    T                         1.05  -1.05     1.17
  SINCE OCT 1      4.27                      9.86  -5.59    10.98
  SINCE JAN 1      3.18                      8.26  -5.08     9.72

DEGREE DAYS
 HEATING
  YESTERDAY        0                         0      0        0
  MONTH TO DATE    0                        10    -10        2
  SINCE JUN 1     19                        99    -80       11
  SINCE JUL 1      0                        10    -10        2

 COOLING
  YESTERDAY       18                        10      8       22
  MONTH TO DATE  327                       163    164      175
  SINCE JUN 1    461                       270    191      374
  SINCE JAN 1    482                       290    192      398
..................................................................


WIND (MPH)
  HIGHEST WIND SPEED    26   HIGHEST WIND DIRECTION    NE (30)
  HIGHEST GUST SPEED    33   HIGHEST GUST DIRECTION    NE (30)
  AVERAGE WIND SPEED     8.8


SKY COVER
  POSSIBLE SUNSHINE  MM
  AVERAGE SKY COVER 0.1


WEATHER CONDITIONS
 THE FOLLOWING WEATHER WAS RECORDED YESTERDAY.
  NO SIGNIFICANT WEATHER WAS OBSERVED.


RELATIVE HUMIDITY (PERCENT)
 HIGHEST    66           600 AM
 LOWEST     10           700 PM
 AVERAGE    38

..........................................................


THE MILES CITY MT CLIMATE NORMALS FOR TODAY
                         NORMAL    RECORD    YEAR
 MAXIMUM TEMPERATURE (F)   90       109      1960
 MINIMUM TEMPERATURE (F)   60        47      1972


SUNRISE AND SUNSET
JULY 20 2017..........SUNRISE   531 AM MDT   SUNSET   848 PM MDT
JULY 21 2017..........SUNRISE   532 AM MDT   SUNSET   847 PM MDT


-  INDICATES NEGATIVE NUMBERS.
R  INDICATES RECORD WAS SET OR TIED.
MM INDICATES DATA IS MISSING.
T  INDICATES TRACE AMOUNT.




$$
