000
CDUS45 KBYZ 251034
CLIMLS


CLIMATE REPORT
NATIONAL WEATHER SERVICE BILLINGS MT
332 AM MST THU DEC 25 2014


...................................

...THE MILES CITY MT CLIMATE SUMMARY FOR DECEMBER 24 2014...

CLIMATE NORMAL PERIOD 1981 TO 2010
CLIMATE RECORD PERIOD 1937 TO 2014


WEATHER ITEM   OBSERVED TIME   RECORD YEAR NORMAL DEPARTURE LAST
                VALUE   (LST)  VALUE       VALUE  FROM      YEAR
                                                  NORMAL
..................................................................
TEMPERATURE (F)
 YESTERDAY
  MAXIMUM         40    241 PM  54    1963  29     11       37
  MINIMUM         23    207 AM -38    1983   8     15       23
  AVERAGE         32                        19     13       30

PRECIPITATION (IN)
  YESTERDAY        0.08          0.35        0.01   0.07     0.35
  MONTH TO DATE    0.14                      0.21  -0.07     0.59
  SINCE OCT 1      0.97                      1.52  -0.55     1.66
  SINCE JAN 1     13.25                     12.36   0.89    17.09

DEGREE DAYS
 HEATING
  YESTERDAY       33                        46    -13       35
  MONTH TO DATE  834                      1060   -226     1325
  SINCE DEC 1    834                      1060   -226     1325
  SINCE JUL 1   2664                      2859   -195     3032

 COOLING
  YESTERDAY        0                         0      0        0
  MONTH TO DATE    0                         0      0        0
  SINCE DEC 1      0                         0      0        0
  SINCE JAN 1    648                       730    -82      877
..................................................................


WIND (MPH)
  HIGHEST WIND SPEED    14   HIGHEST WIND DIRECTION    NE (30)
  HIGHEST GUST SPEED    16   HIGHEST GUST DIRECTION    NE (30)
  AVERAGE WIND SPEED     7.7


SKY COVER
  POSSIBLE SUNSHINE  MM
  AVERAGE SKY COVER 0.8


WEATHER CONDITIONS
 THE FOLLOWING WEATHER WAS RECORDED YESTERDAY.
  LIGHT RAIN
  LIGHT SNOW
  FOG


RELATIVE HUMIDITY (PERCENT)
 HIGHEST    92           700 PM
 LOWEST     59           200 PM
 AVERAGE    76

..........................................................


THE MILES CITY MT CLIMATE NORMALS FOR TODAY
                         NORMAL    RECORD    YEAR
 MAXIMUM TEMPERATURE (F)   29        53      1963
 MINIMUM TEMPERATURE (F)    8       -32      1983


SUNRISE AND SUNSET
DECEMBER 25 2014......SUNRISE   746 AM MST   SUNSET   422 PM MST
DECEMBER 26 2014......SUNRISE   746 AM MST   SUNSET   422 PM MST


-  INDICATES NEGATIVE NUMBERS.
R  INDICATES RECORD WAS SET OR TIED.
MM INDICATES DATA IS MISSING.
T  INDICATES TRACE AMOUNT.





&&

THIS IS AN AUTOMATED...UNATTENDED WEATHER STATION AND MAY
UNDERESTIMATE WINTER PRECIPITATION.

$$
