000
CDUS45 KBYZ 301046
CLIMLS


CLIMATE REPORT
NATIONAL WEATHER SERVICE BILLINGS MT
335 AM MST FRI JAN 30 2015


...................................

...THE MILES CITY MT CLIMATE SUMMARY FOR JANUARY 29 2015...

CLIMATE NORMAL PERIOD 1981 TO 2010
CLIMATE RECORD PERIOD 1937 TO 2015


WEATHER ITEM   OBSERVED TIME   RECORD YEAR NORMAL DEPARTURE LAST
                VALUE   (LST)  VALUE       VALUE  FROM      YEAR
                                                  NORMAL
..................................................................
TEMPERATURE (F)
 YESTERDAY
  MAXIMUM         44    421 PM  58    1992  31     13       41
  MINIMUM         19    716 AM -27    1996  10      9       17
  AVERAGE         32                        21     11       29

PRECIPITATION (IN)
  YESTERDAY        0.00          0.22        0.00   0.00     0.10
  MONTH TO DATE    0.21                      0.30  -0.09     0.13
  SINCE OCT 1      1.22                      1.90  -0.68     1.81
  SINCE JAN 1      0.21                      0.30  -0.09     0.13

DEGREE DAYS
 HEATING
  YESTERDAY       33                        44    -11       36
  MONTH TO DATE 1258                      1322    -64     1190
  SINCE DEC 1   2459                      2707   -248     2801
  SINCE JUL 1   4289                      4506   -217     4508

 COOLING
  YESTERDAY        0                         0      0        0
  MONTH TO DATE    0                         0      0        0
  SINCE DEC 1      0                         0      0        0
  SINCE JAN 1      0                         0      0        0
..................................................................


WIND (MPH)
  HIGHEST WIND SPEED    13   HIGHEST WIND DIRECTION     S (170)
  HIGHEST GUST SPEED    16   HIGHEST GUST DIRECTION     S (160)
  AVERAGE WIND SPEED     7.8


SKY COVER
  POSSIBLE SUNSHINE  MM
  AVERAGE SKY COVER 0.0


WEATHER CONDITIONS
 THE FOLLOWING WEATHER WAS RECORDED YESTERDAY.
  FOG


RELATIVE HUMIDITY (PERCENT)
 HIGHEST    96           500 AM
 LOWEST     45           400 PM
 AVERAGE    71

..........................................................


THE MILES CITY MT CLIMATE NORMALS FOR TODAY
                         NORMAL    RECORD    YEAR
 MAXIMUM TEMPERATURE (F)   32        57      1992
 MINIMUM TEMPERATURE (F)   10       -37      1996


SUNRISE AND SUNSET
JANUARY 30 2015.......SUNRISE   729 AM MST   SUNSET   505 PM MST
JANUARY 31 2015.......SUNRISE   728 AM MST   SUNSET   506 PM MST


-  INDICATES NEGATIVE NUMBERS.
R  INDICATES RECORD WAS SET OR TIED.
MM INDICATES DATA IS MISSING.
T  INDICATES TRACE AMOUNT.





&&

THIS IS AN AUTOMATED...UNATTENDED WEATHER STATION AND MAY
UNDERESTIMATE WINTER PRECIPITATION.

$$
