000
CDUS45 KBYZ 260935
CLIMLS


CLIMATE REPORT
NATIONAL WEATHER SERVICE BILLINGS MT
333 AM MDT TUE MAY 26 2015


...................................

...THE MILES CITY MT CLIMATE SUMMARY FOR MAY 25 2015...

CLIMATE NORMAL PERIOD 1981 TO 2010
CLIMATE RECORD PERIOD 1937 TO 2015


WEATHER ITEM   OBSERVED TIME   RECORD YEAR NORMAL DEPARTURE LAST
                VALUE   (LST)  VALUE       VALUE  FROM      YEAR
                                                  NORMAL
..................................................................
TEMPERATURE (F)
 YESTERDAY
  MAXIMUM         70    128 PM  90    1969  71     -1       78
  MINIMUM         50    425 AM  32    2012  46      4       56
                                      2004
  AVERAGE         60                        59      1       67

PRECIPITATION (IN)
  YESTERDAY        T             0.67 1962   0.08  -0.08     0.00
  MONTH TO DATE    0.61                      1.68  -1.07     2.20
  SINCE OCT 1      2.52                      5.80  -3.28     5.77
  SINCE JAN 1      1.51                      4.20  -2.69     4.09

DEGREE DAYS
 HEATING
  YESTERDAY        5                         7     -2        0
  MONTH TO DATE  303                       264     39      305
  SINCE MAR 1   1490                      1776   -286     1966
  SINCE JUL 1   6960                      7510   -550     8005

 COOLING
  YESTERDAY        0                         1     -1        2
  MONTH TO DATE    1                        12    -11       13
  SINCE MAR 1      1                        13    -12       13
  SINCE JAN 1      1                        13    -12       13
..................................................................


WIND (MPH)
  HIGHEST WIND SPEED    15   HIGHEST WIND DIRECTION    NE (30)
  HIGHEST GUST SPEED    20   HIGHEST GUST DIRECTION     E (90)
  AVERAGE WIND SPEED     5.7


SKY COVER
  POSSIBLE SUNSHINE  MM
  AVERAGE SKY COVER 0.5


WEATHER CONDITIONS
 THE FOLLOWING WEATHER WAS RECORDED YESTERDAY.
  NO SIGNIFICANT WEATHER WAS OBSERVED.


RELATIVE HUMIDITY (PERCENT)
 HIGHEST   100          1200 AM
 LOWEST     45           100 PM
 AVERAGE    73

..........................................................


THE MILES CITY MT CLIMATE NORMALS FOR TODAY
                         NORMAL    RECORD    YEAR
 MAXIMUM TEMPERATURE (F)   71        98      1969
 MINIMUM TEMPERATURE (F)   46        32      2007


SUNRISE AND SUNSET
MAY 26 2015...........SUNRISE   519 AM MDT   SUNSET   843 PM MDT
MAY 27 2015...........SUNRISE   518 AM MDT   SUNSET   844 PM MDT


-  INDICATES NEGATIVE NUMBERS.
R  INDICATES RECORD WAS SET OR TIED.
MM INDICATES DATA IS MISSING.
T  INDICATES TRACE AMOUNT.





&&

THIS IS AN AUTOMATED...UNATTENDED WEATHER STATION AND MAY
UNDERESTIMATE WINTER PRECIPITATION.

$$
