000
CDUS45 KBYZ 262235
CLIMLS


CLIMATE REPORT
NATIONAL WEATHER SERVICE BILLINGS MT
434 PM MDT SUN MAR 26 2017


...................................

...THE MILES CITY MT CLIMATE SUMMARY FOR MARCH 26 2017...
VALID TODAY AS OF 0400 PM LOCAL TIME.

CLIMATE NORMAL PERIOD 1981 TO 2010
CLIMATE RECORD PERIOD 1937 TO 2017


WEATHER ITEM   OBSERVED TIME   RECORD YEAR NORMAL DEPARTURE LAST
                VALUE   (LST)  VALUE       VALUE  FROM      YEAR
                                                  NORMAL
..................................................................
TEMPERATURE (F)
 TODAY
  MAXIMUM         61    310 PM  81    1999  51     10       50
  MINIMUM         38    633 AM  -6    1937  27     11       17
  AVERAGE         50                        39     11       34

PRECIPITATION (IN)
  TODAY            0.00          0.42 1985   0.03  -0.03     0.00
  MONTH TO DATE    0.49                      0.46   0.03     0.21
  SINCE OCT 1      2.04                      2.61  -0.57     2.28
  SINCE JAN 1      0.95                      1.01  -0.06     1.02

DEGREE DAYS
 HEATING
  TODAY           15                        26    -11       31
  MONTH TO DATE  718                       815    -97      580
  SINCE MAR 1    718                       815    -97      580
  SINCE JUL 1   6270                      6549   -279     5273

 COOLING
  TODAY            0                         0      0        0
  MONTH TO DATE    0                         0      0        0
  SINCE MAR 1      0                         0      0        0
  SINCE JAN 1      0                         0      0        0
..................................................................


WIND (MPH)
  HIGHEST WIND SPEED    13   HIGHEST WIND DIRECTION     W (290)
  HIGHEST GUST SPEED    17   HIGHEST GUST DIRECTION     W (280)
  AVERAGE WIND SPEED     5.4


SKY COVER
  POSSIBLE SUNSHINE  MM
  AVERAGE SKY COVER 0.1


WEATHER CONDITIONS
 THE FOLLOWING WEATHER WAS RECORDED TODAY.
  NO SIGNIFICANT WEATHER WAS OBSERVED.


RELATIVE HUMIDITY (PERCENT)
 HIGHEST    85           500 AM
 LOWEST     29           300 PM
 AVERAGE    57

..........................................................


THE MILES CITY MT CLIMATE NORMALS FOR TOMORROW
                         NORMAL    RECORD    YEAR
 MAXIMUM TEMPERATURE (F)   51        82      1946
 MINIMUM TEMPERATURE (F)   27        -3      1937


SUNRISE AND SUNSET
MARCH 26 2017.........SUNRISE   654 AM MDT   SUNSET   725 PM MDT
MARCH 27 2017.........SUNRISE   652 AM MDT   SUNSET   726 PM MDT


-  INDICATES NEGATIVE NUMBERS.
R  INDICATES RECORD WAS SET OR TIED.
MM INDICATES DATA IS MISSING.
T  INDICATES TRACE AMOUNT.





&&

THIS IS AN AUTOMATED...UNATTENDED WEATHER STATION AND MAY
UNDERESTIMATE WINTER PRECIPITATION.

$$
