000
CDUS41 KCAR 282027
CLIMLT


CLIMATE REPORT
NATIONAL WEATHER SERVICE CARIBOU, ME
427 PM EDT TUE MAR 28 2017


...................................

...THE MILLINOCKET ME CLIMATE SUMMARY FOR MARCH 28 2017...
VALID TODAY AS OF 0400 PM LOCAL TIME.

CLIMATE NORMAL PERIOD 1981 TO 2010
CLIMATE RECORD PERIOD 1903 TO 2017


WEATHER ITEM   OBSERVED TIME   RECORD YEAR NORMAL DEPARTURE LAST
                VALUE   (LST)  VALUE       VALUE  FROM      YEAR
                                                  NORMAL
..................................................................
TEMPERATURE (F)
 TODAY
  MAXIMUM         33    259 PM  67    1993  42     -9       37
  MINIMUM         27    755 AM   0    1974  22      5       31
  AVERAGE         30                        32     -2       34

PRECIPITATION (IN)
  TODAY            T             1.49 1932   0.12  -0.12     0.83
  MONTH TO DATE    1.49                      2.69  -1.20     3.03
  SINCE MAR 1      1.49                      2.69  -1.20     3.03
  SINCE JAN 1      6.68                      7.80  -1.12     8.34

SNOWFALL (IN)
  TODAY           MM            MM      MM  MM     MM       MM
  MONTH TO DATE   MM                        MM     MM       MM
  SINCE MAR 1     MM                        MM     MM       MM
  SINCE JUL 1     MM                        MM     MM       MM
  SNOW DEPTH      MM

DEGREE DAYS
 HEATING
  TODAY           35                        33      2       31
  MONTH TO DATE 1207                      1050    157     1019
  SINCE MAR 1   1207                      1050    157     1019
  SINCE JUL 1   6702                      7102   -400     5983

 COOLING
  TODAY            0                         0      0        0
  MONTH TO DATE    0                         0      0        0
  SINCE MAR 1      0                         0      0        0
  SINCE JAN 1      0                         0      0        0
..................................................................


WIND (MPH)
  HIGHEST WIND SPEED     7   HIGHEST WIND DIRECTION    SE (120)
  HIGHEST GUST SPEED    10   HIGHEST GUST DIRECTION     S (180)
  AVERAGE WIND SPEED     3.7


SKY COVER
  POSSIBLE SUNSHINE  MM
  AVERAGE SKY COVER 1.0


WEATHER CONDITIONS
 THE FOLLOWING WEATHER WAS RECORDED TODAY.
  FOG


RELATIVE HUMIDITY (PERCENT)
 HIGHEST   100           100 AM
 LOWEST     89           100 PM
 AVERAGE    95

..........................................................


THE MILLINOCKET ME CLIMATE NORMALS FOR TOMORROW
                         NORMAL    RECORD    YEAR
 MAXIMUM TEMPERATURE (F)   42        73      1945
 MINIMUM TEMPERATURE (F)   23       -12      1923


SUNRISE AND SUNSET
MARCH 28 2017.........SUNRISE   622 AM EDT   SUNSET   658 PM EDT
MARCH 29 2017.........SUNRISE   620 AM EDT   SUNSET   659 PM EDT


-  INDICATES NEGATIVE NUMBERS.
R  INDICATES RECORD WAS SET OR TIED.
MM INDICATES DATA IS MISSING.
T  INDICATES TRACE AMOUNT.




$$
