000
CDUS41 KCAR 270527
CLIMLT


CLIMATE REPORT
NATIONAL WEATHER SERVICE CARIBOU, ME
127 AM EDT FRI MAR 27 2015


...................................

...THE MILLINOCKET ME CLIMATE SUMMARY FOR MARCH 26 2015...

CLIMATE NORMAL PERIOD 1981 TO 2010
CLIMATE RECORD PERIOD 1903 TO 2015


WEATHER ITEM   OBSERVED TIME   RECORD YEAR NORMAL DEPARTURE LAST
                VALUE   (LST)  VALUE       VALUE  FROM      YEAR
                                                  NORMAL
..................................................................
TEMPERATURE (F)
 YESTERDAY
  MAXIMUM         51    123 PM  69    1987  41     10       30
  MINIMUM         33   1210 AM  -7    1912  22     11        8
  AVERAGE         42                        31     11       19

PRECIPITATION (IN)
  YESTERDAY        0.14          2.44 1979   0.12   0.02      T
  MONTH TO DATE    1.78                      2.45  -0.67     1.66
  SINCE MAR 1      1.78                      2.45  -0.67     1.66
  SINCE JAN 1      5.01                      7.56  -2.55     6.85

SNOWFALL (IN)
  YESTERDAY       MM            MM      MM  MM     MM       MM
  MONTH TO DATE   MM                        MM     MM       MM
  SINCE MAR 1     MM                        MM     MM       MM
  SINCE JUL 1     MM                        MM     MM       MM
  SNOW DEPTH      MM

DEGREE DAYS
 HEATING
  YESTERDAY       23                        34    -11       46
  MONTH TO DATE 1090                       984    106     1213
  SINCE MAR 1   1090                       984    106     1213
  SINCE JUL 1   7135                      7036     99     7251

 COOLING
  YESTERDAY        0                         0      0        0
  MONTH TO DATE    0                         0      0        0
  SINCE MAR 1      0                         0      0        0
  SINCE JAN 1      0                         0      0        0
..................................................................


WIND (MPH)
  HIGHEST WIND SPEED    12   HIGHEST WIND DIRECTION     W (270)
  HIGHEST GUST SPEED    22   HIGHEST GUST DIRECTION     S (200)
  AVERAGE WIND SPEED     4.6


SKY COVER
  POSSIBLE SUNSHINE  MM
  AVERAGE SKY COVER 0.9


WEATHER CONDITIONS
 THE FOLLOWING WEATHER WAS RECORDED YESTERDAY.
  RAIN
  LIGHT RAIN
  FOG


RELATIVE HUMIDITY (PERCENT)
 HIGHEST   100           700 PM
 LOWEST     50           100 PM
 AVERAGE    75

..........................................................


THE MILLINOCKET ME CLIMATE NORMALS FOR TODAY
                         NORMAL    RECORD    YEAR
 MAXIMUM TEMPERATURE (F)   41        65      1986
 MINIMUM TEMPERATURE (F)   22       -11      1923


SUNRISE AND SUNSET
MARCH 27 2015.........SUNRISE   625 AM EDT   SUNSET   656 PM EDT
MARCH 28 2015.........SUNRISE   623 AM EDT   SUNSET   657 PM EDT


-  INDICATES NEGATIVE NUMBERS.
R  INDICATES RECORD WAS SET OR TIED.
MM INDICATES DATA IS MISSING.
T  INDICATES TRACE AMOUNT.




$$
