000
CDUS41 KCAR 210527
CLIMLT


CLIMATE REPORT
NATIONAL WEATHER SERVICE CARIBOU, ME
126 AM EDT FRI JUL 21 2017


...................................

...THE MILLINOCKET ME CLIMATE SUMMARY FOR JULY 20 2017...

CLIMATE NORMAL PERIOD 1981 TO 2010
CLIMATE RECORD PERIOD 1903 TO 2017


WEATHER ITEM   OBSERVED TIME   RECORD YEAR NORMAL DEPARTURE LAST
                VALUE   (LST)  VALUE       VALUE  FROM      YEAR
                                                  NORMAL
..................................................................
TEMPERATURE (F)
 YESTERDAY
  MAXIMUM         87    232 PM  93    1991  79      8       77
                                      1916
  MINIMUM         63   1159 PM  43    1943  58      5       55
  AVERAGE         75                        68      7       66

PRECIPITATION (IN)
  YESTERDAY        0.46          1.09 2015   0.12   0.34     0.00
  MONTH TO DATE    1.25                      2.60  -1.35     2.08
  SINCE JUN 1      7.41                      6.67   0.74     5.00
  SINCE JAN 1     23.09                     21.74   1.35    18.61

SNOWFALL (IN)
  YESTERDAY       MM            MM      MM  MM     MM       MM
  MONTH TO DATE   MM                        MM     MM       MM
  SINCE JUN 1     MM                        MM     MM       MM
  SINCE JUL 1     MM                        MM     MM       MM
  SNOW DEPTH      MM

DEGREE DAYS
 HEATING
  YESTERDAY        0                         1     -1        0
  MONTH TO DATE   13                        20     -7       33
  SINCE JUN 1    133                       136     -3      149
  SINCE JUL 1     13                        20     -7       33

 COOLING
  YESTERDAY       10                         4      6        1
  MONTH TO DATE   76                        77     -1       72
  SINCE JUN 1    128                       126      2       98
  SINCE JAN 1    137                       132      5      104
..................................................................


WIND (MPH)
  HIGHEST WIND SPEED    12   HIGHEST WIND DIRECTION     N (10)
  HIGHEST GUST SPEED    20   HIGHEST GUST DIRECTION     W (260)
  AVERAGE WIND SPEED     3.1


SKY COVER
  POSSIBLE SUNSHINE  MM
  AVERAGE SKY COVER 0.2


WEATHER CONDITIONS
 THE FOLLOWING WEATHER WAS RECORDED YESTERDAY.
  HEAVY RAIN
  LIGHT RAIN
  FOG


RELATIVE HUMIDITY (PERCENT)
 HIGHEST   100          1000 PM
 LOWEST     37           200 PM
 AVERAGE    69

..........................................................


THE MILLINOCKET ME CLIMATE NORMALS FOR TODAY
                         NORMAL    RECORD    YEAR
 MAXIMUM TEMPERATURE (F)   79        96      1991
 MINIMUM TEMPERATURE (F)   58        44      1912


SUNRISE AND SUNSET
JULY 21 2017..........SUNRISE   506 AM EDT   SUNSET   815 PM EDT
JULY 22 2017..........SUNRISE   507 AM EDT   SUNSET   815 PM EDT


-  INDICATES NEGATIVE NUMBERS.
R  INDICATES RECORD WAS SET OR TIED.
MM INDICATES DATA IS MISSING.
T  INDICATES TRACE AMOUNT.




$$
