000
CDUS44 KSHV 010839
CLIMLU


CLIMATE REPORT
NATIONAL WEATHER SERVICE SHREVEPORT, LA
238 AM CST SUN FEB 1 2015


...................................

...THE MONROE CLIMATE SUMMARY FOR JANUARY 31 2015...

CLIMATE NORMAL PERIOD 1981 TO 2010
CLIMATE RECORD PERIOD 1930 TO 2015


WEATHER ITEM   OBSERVED TIME   RECORD YEAR NORMAL DEPARTURE LAST
                VALUE   (LST)  VALUE       VALUE  FROM      YEAR
                                                  NORMAL
..................................................................
TEMPERATURE (F)
 YESTERDAY
  MAXIMUM         58    221 PM  81    2002  59     -1       65
  MINIMUM         35   1234 AM  14    1949  37     -2       42
  AVERAGE         47                        48     -1       54

PRECIPITATION (IN)
  YESTERDAY        T             1.44 1953   0.17  -0.17     0.00
  MONTH TO DATE    4.91                      5.01  -0.10     0.85
  SINCE DEC 1      9.39                     10.30  -0.91     4.11
  SINCE JAN 1      4.91                      5.01  -0.10     0.85

SNOWFALL (IN)
  YESTERDAY        0.0
  MONTH TO DATE    T
  SINCE DEC 1      T
  SINCE JUL 1      T
  SNOW DEPTH       0

DEGREE DAYS
 HEATING
  YESTERDAY       18                        18      0       11
  MONTH TO DATE  640                       580     60      731
  SINCE DEC 1   1103                      1109     -6     1309
  SINCE JUL 1   1577                      1481     96     1789

 COOLING
  YESTERDAY        0                         0      0        0
  MONTH TO DATE    0                         4     -4        0
  SINCE DEC 1      1                        11    -10       11
  SINCE JAN 1      0                         4     -4        0
..................................................................


WIND (MPH)
  HIGHEST WIND SPEED    12   HIGHEST WIND DIRECTION     E (110)
  HIGHEST GUST SPEED    15   HIGHEST GUST DIRECTION     E (110)
  AVERAGE WIND SPEED     4.8


SKY COVER
  POSSIBLE SUNSHINE  MM
  AVERAGE SKY COVER 0.0


WEATHER CONDITIONS
 THE FOLLOWING WEATHER WAS RECORDED YESTERDAY.
  LIGHT RAIN


RELATIVE HUMIDITY (PERCENT)
 HIGHEST    82          1200 AM
 LOWEST     36           300 PM
 AVERAGE    59

..........................................................


THE MONROE CLIMATE NORMALS FOR TODAY
                         NORMAL    RECORD    YEAR
 MAXIMUM TEMPERATURE (F)   59        80      1989
 MINIMUM TEMPERATURE (F)   37        11      1949


SUNRISE AND SUNSET
FEBRUARY  1 2015......SUNRISE   703 AM CST   SUNSET   541 PM CST
FEBRUARY  2 2015......SUNRISE   702 AM CST   SUNSET   542 PM CST


-  INDICATES NEGATIVE NUMBERS.
R  INDICATES RECORD WAS SET OR TIED.
MM INDICATES DATA IS MISSING.
T  INDICATES TRACE AMOUNT.




$$
