000
CDUS44 KSHV 290849
CLIMLU


CLIMATE REPORT
NATIONAL WEATHER SERVICE SHREVEPORT, LA
236 AM CST MON DEC 29 2014


...................................

...THE MONROE CLIMATE SUMMARY FOR DECEMBER 28 2014...

CLIMATE NORMAL PERIOD 1981 TO 2010
CLIMATE RECORD PERIOD 1930 TO 2014


WEATHER ITEM   OBSERVED TIME   RECORD YEAR NORMAL DEPARTURE LAST
                VALUE   (LST)  VALUE       VALUE  FROM      YEAR
                                                  NORMAL
..................................................................
TEMPERATURE (F)
 YESTERDAY
  MAXIMUM         49    204 AM  75    1984  57     -8       49
  MINIMUM         42   1159 PM  23    1961  36      6       37
  AVERAGE         46                        46      0       43

PRECIPITATION (IN)
  YESTERDAY        0.65          1.23 2000   0.16   0.49      T
  MONTH TO DATE    4.48                      4.81  -0.33     3.26
  SINCE DEC 1      4.48                      4.81  -0.33     3.26
  SINCE JAN 1     52.09                     53.54  -1.45    50.31

SNOWFALL (IN)
  YESTERDAY       MM
  MONTH TO DATE    0.0
  SINCE DEC 1      0.0
  SINCE JUL 1      0.0
  SNOW DEPTH       0

DEGREE DAYS
 HEATING
  YESTERDAY       19                        19      0       22
  MONTH TO DATE  391                       474    -83      512
  SINCE DEC 1    391                       474    -83      512
  SINCE JUL 1    865                       846     19      992

 COOLING
  YESTERDAY        0                         0      0        0
  MONTH TO DATE    1                         0      1       11
  SINCE DEC 1      1                         0      1       11
  SINCE JAN 1   2284                      2508   -224     2444
..................................................................


WIND (MPH)
  HIGHEST WIND SPEED    15   HIGHEST WIND DIRECTION     N (350)
  HIGHEST GUST SPEED    20   HIGHEST GUST DIRECTION    NW (330)
  AVERAGE WIND SPEED     7.9


SKY COVER
  POSSIBLE SUNSHINE  MM
  AVERAGE SKY COVER 1.0


WEATHER CONDITIONS
 THE FOLLOWING WEATHER WAS RECORDED YESTERDAY.
  RAIN
  LIGHT RAIN
  FOG


RELATIVE HUMIDITY (PERCENT)
 HIGHEST   100          1200 AM
 LOWEST     67          1100 PM
 AVERAGE    84

..........................................................


THE MONROE CLIMATE NORMALS FOR TODAY
                         NORMAL    RECORD    YEAR
 MAXIMUM TEMPERATURE (F)   57        78      1984
 MINIMUM TEMPERATURE (F)   36        16      1983


SUNRISE AND SUNSET
DECEMBER 29 2014......SUNRISE   709 AM CST   SUNSET   511 PM CST
DECEMBER 30 2014......SUNRISE   709 AM CST   SUNSET   512 PM CST


-  INDICATES NEGATIVE NUMBERS.
R  INDICATES RECORD WAS SET OR TIED.
MM INDICATES DATA IS MISSING.
T  INDICATES TRACE AMOUNT.




$$
