000
CDUS44 KSHV 230745
CLIMLU


CLIMATE REPORT
NATIONAL WEATHER SERVICE SHREVEPORT, LA
235 AM CDT SUN APR 23 2017


...................................

...THE MONROE CLIMATE SUMMARY FOR APRIL 22 2017...

CLIMATE NORMAL PERIOD 1981 TO 2010
CLIMATE RECORD PERIOD 1930 TO 2017


WEATHER ITEM   OBSERVED TIME   RECORD YEAR NORMAL DEPARTURE LAST
                VALUE   (LST)  VALUE       VALUE  FROM      YEAR
                                                  NORMAL
..................................................................
TEMPERATURE (F)
 YESTERDAY
  MAXIMUM         79   1113 AM  91    1965  80     -1       80
  MINIMUM         56   1141 PM  37    1931  56      0       59
  AVERAGE         68                        68      0       70

PRECIPITATION (IN)
  YESTERDAY        0.23          3.69 1995   0.16   0.07     0.00
  MONTH TO DATE    2.70                      3.28  -0.58     7.06
  SINCE DEC 1     21.22                     22.93  -1.71    45.24
  SINCE JAN 1     16.39                     17.64  -1.25    38.85

SNOWFALL (IN)
  YESTERDAY        0.0
  MONTH TO DATE    0.0
  SINCE MAR 1      0.0
  SINCE JUL 1      0.2
  SNOW DEPTH       0

DEGREE DAYS
 HEATING
  YESTERDAY        0                         2     -2        0
  MONTH TO DATE   19                        73    -54       34
  SINCE MAR 1    184                       323   -139      166
  SINCE JUL 1   1380                      2217   -837     1594

 COOLING
  YESTERDAY        3                         4     -1        5
  MONTH TO DATE  114                        64     50       40
  SINCE MAR 1    205                        96    109       81
  SINCE JAN 1    264                       107    157       89
..................................................................


WIND (MPH)
  HIGHEST WIND SPEED    17   HIGHEST WIND DIRECTION     N (20)
  HIGHEST GUST SPEED    25   HIGHEST GUST DIRECTION    NW (310)
  AVERAGE WIND SPEED     9.8


SKY COVER
  POSSIBLE SUNSHINE  MM
  AVERAGE SKY COVER 0.9


WEATHER CONDITIONS
 THE FOLLOWING WEATHER WAS RECORDED YESTERDAY.
  THUNDERSTORM
  HEAVY RAIN
  RAIN
  LIGHT RAIN
  FOG


RELATIVE HUMIDITY (PERCENT)
 HIGHEST    97           700 PM
 LOWEST     71          1100 AM
 AVERAGE    84

..........................................................


THE MONROE CLIMATE NORMALS FOR TODAY
                         NORMAL    RECORD    YEAR
 MAXIMUM TEMPERATURE (F)   80        91      1965
 MINIMUM TEMPERATURE (F)   56        41      1931


SUNRISE AND SUNSET
APRIL 23 2017.........SUNRISE   629 AM CDT   SUNSET   744 PM CDT
APRIL 24 2017.........SUNRISE   628 AM CDT   SUNSET   745 PM CDT


-  INDICATES NEGATIVE NUMBERS.
R  INDICATES RECORD WAS SET OR TIED.
MM INDICATES DATA IS MISSING.
T  INDICATES TRACE AMOUNT.




$$
