000
CDUS44 KSHV 252201
CLIMLU


CLIMATE REPORT
NATIONAL WEATHER SERVICE SHREVEPORT, LA
459 PM CDT SAT MAR 25 2017


...................................

...THE MONROE CLIMATE SUMMARY FOR MARCH 25 2017...
VALID TODAY AS OF 0400 PM LOCAL TIME.

CLIMATE NORMAL PERIOD 1981 TO 2010
CLIMATE RECORD PERIOD 1930 TO 2017


WEATHER ITEM   OBSERVED TIME   RECORD YEAR NORMAL DEPARTURE LAST
                VALUE   (LST)  VALUE       VALUE  FROM      YEAR
                                                  NORMAL
..................................................................
TEMPERATURE (F)
 TODAY
  MAXIMUM         77    259 PM  89    1935  72      5       63
  MINIMUM         60    521 AM  29    1966  48     12       42
  AVERAGE         69                        60      9       53

PRECIPITATION (IN)
  TODAY            0.80          2.17 1934   0.15   0.65     0.00
  MONTH TO DATE    3.47                      3.85  -0.38    23.49
  SINCE DEC 1     17.71                     18.78  -1.07    37.29
  SINCE JAN 1     12.88                     13.49  -0.61    30.90

SNOWFALL (IN)
  TODAY            0.0
  MONTH TO DATE    0.0
  SINCE MAR 1      0.0
  SINCE JUL 1      0.2
  SNOW DEPTH       0

DEGREE DAYS
 HEATING
  TODAY            0                         6     -6       12
  MONTH TO DATE  165                       218    -53      117
  SINCE MAR 1    165                       218    -53      117
  SINCE JUL 1   1361                      2112   -751     1545

 COOLING
  TODAY            4                         1      3        0
  MONTH TO DATE   60                        23     37       25
  SINCE MAR 1     60                        23     37       25
  SINCE JAN 1    119                        34     85       33
..................................................................


WIND (MPH)
  HIGHEST WIND SPEED    25   HIGHEST WIND DIRECTION    SW (220)
  HIGHEST GUST SPEED    31   HIGHEST GUST DIRECTION    SW (220)
  AVERAGE WIND SPEED    10.6


SKY COVER
  POSSIBLE SUNSHINE  MM
  AVERAGE SKY COVER 0.5


WEATHER CONDITIONS
 THE FOLLOWING WEATHER WAS RECORDED TODAY.
  THUNDERSTORM
  HEAVY RAIN
  RAIN
  LIGHT RAIN
  FOG


RELATIVE HUMIDITY (PERCENT)
 HIGHEST    90           500 AM
 LOWEST     40           300 PM
 AVERAGE    65

..........................................................


THE MONROE CLIMATE NORMALS FOR TOMORROW
                         NORMAL    RECORD    YEAR
 MAXIMUM TEMPERATURE (F)   73        88      2011
                                             1938
 MINIMUM TEMPERATURE (F)   48        27      1955


SUNRISE AND SUNSET
MARCH 25 2017.........SUNRISE   705 AM CDT   SUNSET   723 PM CDT
MARCH 26 2017.........SUNRISE   704 AM CDT   SUNSET   724 PM CDT


-  INDICATES NEGATIVE NUMBERS.
R  INDICATES RECORD WAS SET OR TIED.
MM INDICATES DATA IS MISSING.
T  INDICATES TRACE AMOUNT.




$$
