000
CDUS44 KSHV 220846
CLIMLU


CLIMATE REPORT
NATIONAL WEATHER SERVICE SHREVEPORT, LA
246 AM CST WED NOV 22 2017


...................................

...THE MONROE CLIMATE SUMMARY FOR NOVEMBER 21 2017...

CLIMATE NORMAL PERIOD 1981 TO 2010
CLIMATE RECORD PERIOD 1930 TO 2017


WEATHER ITEM   OBSERVED TIME   RECORD YEAR NORMAL DEPARTURE LAST
                VALUE   (LST)  VALUE       VALUE  FROM      YEAR
                                                  NORMAL
..................................................................
TEMPERATURE (F)
 YESTERDAY
  MAXIMUM         65   1229 PM  85    2011  66     -1       66
                                      1933
  MINIMUM         32    406 AM  25    1937  43    -11       28
                                      1914
  AVERAGE         49                        55     -6       47

PRECIPITATION (IN)
  YESTERDAY        0.00          5.38 1934   0.17  -0.17     0.00
  MONTH TO DATE    1.53                      3.28  -1.75     0.25
  SINCE DEC 1     55.23                     52.46   2.77    67.61
  SINCE JAN 1     50.40                     47.17   3.23    61.22

SNOWFALL (IN)
  YESTERDAY        0.0
  MONTH TO DATE    0.0
  SINCE SEP 1      0.0
  SINCE JUL 1      0.0
  SNOW DEPTH       0

DEGREE DAYS
 HEATING
  YESTERDAY       16                        11      5       18
  MONTH TO DATE  123                       170    -47      108
  SINCE SEP 1    203                       260    -57      124
  SINCE JUL 1    203                       260    -57      124

 COOLING
  YESTERDAY        0                         0      0        0
  MONTH TO DATE   68                        22     46       26
  SINCE SEP 1    597                       499     98      678
  SINCE JAN 1   2624                      2506    118     2732
..................................................................


WIND (MPH)
  HIGHEST WIND SPEED     7   HIGHEST WIND DIRECTION     S (180)
  HIGHEST GUST SPEED     9   HIGHEST GUST DIRECTION    SE (130)
  AVERAGE WIND SPEED     1.2


SKY COVER
  POSSIBLE SUNSHINE  MM
  AVERAGE SKY COVER 0.5


WEATHER CONDITIONS
 THE FOLLOWING WEATHER WAS RECORDED YESTERDAY.
  FOG


RELATIVE HUMIDITY (PERCENT)
 HIGHEST   100           700 AM
 LOWEST     48           100 PM
 AVERAGE    74

..........................................................


THE MONROE CLIMATE NORMALS FOR TODAY
                         NORMAL    RECORD    YEAR
 MAXIMUM TEMPERATURE (F)   66        81      1910
 MINIMUM TEMPERATURE (F)   43        24      1964


SUNRISE AND SUNSET
NOVEMBER 22 2017......SUNRISE   644 AM CST   SUNSET   504 PM CST
NOVEMBER 23 2017......SUNRISE   645 AM CST   SUNSET   504 PM CST


-  INDICATES NEGATIVE NUMBERS.
R  INDICATES RECORD WAS SET OR TIED.
MM INDICATES DATA IS MISSING.
T  INDICATES TRACE AMOUNT.




$$
