289
CDUS46 KPQR 171144
CLIMMV


CLIMATE REPORT
NATIONAL WEATHER SERVICE PORTLAND OREGON
343 AM PST TUE JAN 17 2017


...................................

...THE MCMINNVILLE OR CLIMATE SUMMARY FOR JANUARY 16 2017...

CLIMATE NORMAL PERIOD 1981 TO 2010
CLIMATE RECORD PERIOD 1894 TO 2017


WEATHER ITEM   OBSERVED TIME   RECORD YEAR NORMAL DEPARTURE LAST
                VALUE   (LST)  VALUE       VALUE  FROM      YEAR
                                                  NORMAL
..................................................................
TEMPERATURE (F)
 YESTERDAY
  MAXIMUM         34    334 PM  64    1958  48    -14       53
  MINIMUM         21    714 AM  18    1930  34    -13       41
  AVERAGE         28                        41    -13       47

PRECIPITATION (IN)
  YESTERDAY        0.00          2.45 1974   0.18  -0.18     0.57
  MONTH TO DATE    1.68                      3.38  -1.70     4.00
  SINCE OCT 1     25.49                     19.41   6.08    29.07
  SINCE JAN 1      1.68                      3.38  -1.70     4.00

DEGREE DAYS
 HEATING
  YESTERDAY       37                        24     13       18
  MONTH TO DATE  567                       396    171      401
  SINCE JUL 1   2336                      2401    -65     2016

 COOLING
  YESTERDAY        0                         0      0        0
  MONTH TO DATE    0                         0      0        0
  SINCE JAN 1      0                         0      0        0
..................................................................


WIND (MPH)
  HIGHEST WIND SPEED     8   HIGHEST WIND DIRECTION     E (110)
  HIGHEST GUST SPEED     8   HIGHEST GUST DIRECTION    SE (120)
  AVERAGE WIND SPEED     1.2


SKY COVER
  POSSIBLE SUNSHINE  MM
  AVERAGE SKY COVER 0.3


WEATHER CONDITIONS
 THE FOLLOWING WEATHER WAS RECORDED YESTERDAY.
  FOG


RELATIVE HUMIDITY (PERCENT)
 HIGHEST    92           900 PM
 LOWEST     56           200 PM
 AVERAGE    74

..........................................................


THE MCMINNVILLE OR CLIMATE NORMALS FOR TODAY
                         NORMAL    RECORD    YEAR
 MAXIMUM TEMPERATURE (F)   48        61      1975
 MINIMUM TEMPERATURE (F)   34        12      1907


SUNRISE AND SUNSET
JANUARY 17 2017.......SUNRISE   746 AM PST   SUNSET   500 PM PST
JANUARY 18 2017.......SUNRISE   746 AM PST   SUNSET   501 PM PST


-  INDICATES NEGATIVE NUMBERS.
R  INDICATES RECORD WAS SET OR TIED.
MM INDICATES DATA IS MISSING.
T  INDICATES TRACE AMOUNT.




$$
