000
CDUS46 KPQR 051141
CLIMMV


CLIMATE REPORT
NATIONAL WEATHER SERVICE PORTLAND OREGON
340 AM PST THU MAR 5 2015


...................................

...THE MCMINNVILLE OR CLIMATE SUMMARY FOR MARCH 4 2015...

CLIMATE NORMAL PERIOD 1981 TO 2010
CLIMATE RECORD PERIOD 1894 TO 2015


WEATHER ITEM   OBSERVED TIME   RECORD YEAR NORMAL DEPARTURE LAST
                VALUE   (LST)  VALUE       VALUE  FROM      YEAR
                                                  NORMAL
..................................................................
TEMPERATURE (F)
 YESTERDAY
  MAXIMUM         59    321 PM  68    1986  54      5       62
  MINIMUM         27    600 AM  22    1896  36     -9       41
  AVERAGE         43                        45     -2       52

PRECIPITATION (IN)
  YESTERDAY        0.00          1.33 1902   0.11  -0.11     0.04
  MONTH TO DATE    0.02                      0.48  -0.46     0.94
  SINCE OCT 1     25.54                     27.05  -1.51    14.17
  SINCE JAN 1      9.30                     11.02  -1.72     9.21

DEGREE DAYS
 HEATING
  YESTERDAY       22                        20      2       13
  MONTH TO DATE   83                        82      1       67
  SINCE JUL 1   2560                      3461   -901     3492

 COOLING
  YESTERDAY        0                         0      0        0
  MONTH TO DATE    0                         0      0        0
  SINCE JAN 1      0                         0      0        0
..................................................................


WIND (MPH)
  HIGHEST WIND SPEED     9   HIGHEST WIND DIRECTION     W (280)
  HIGHEST GUST SPEED     9   HIGHEST GUST DIRECTION    SE (140)
  AVERAGE WIND SPEED     2.3


SKY COVER
  POSSIBLE SUNSHINE  MM
  AVERAGE SKY COVER 0.0


WEATHER CONDITIONS
 THE FOLLOWING WEATHER WAS RECORDED YESTERDAY.
  NO SIGNIFICANT WEATHER WAS OBSERVED.


RELATIVE HUMIDITY (PERCENT)
 HIGHEST    92           400 AM
 LOWEST     40           400 PM
 AVERAGE    66

..........................................................


THE MCMINNVILLE OR CLIMATE NORMALS FOR TODAY
                         NORMAL    RECORD    YEAR
 MAXIMUM TEMPERATURE (F)   54        68      1984
 MINIMUM TEMPERATURE (F)   36        23      1920


SUNRISE AND SUNSET
MARCH  5 2015.........SUNRISE   644 AM PST   SUNSET   605 PM PST
MARCH  6 2015.........SUNRISE   642 AM PST   SUNSET   606 PM PST


-  INDICATES NEGATIVE NUMBERS.
R  INDICATES RECORD WAS SET OR TIED.
MM INDICATES DATA IS MISSING.
T  INDICATES TRACE AMOUNT.




$$
