000
CDUS46 KPQR 281141
CLIMMV


CLIMATE REPORT
NATIONAL WEATHER SERVICE PORTLAND OREGON
341 AM PST SUN DEC 28 2014


...................................

...THE MCMINNVILLE OR CLIMATE SUMMARY FOR DECEMBER 27 2014...

CLIMATE NORMAL PERIOD 1981 TO 2010
CLIMATE RECORD PERIOD 1894 TO 2014


WEATHER ITEM   OBSERVED TIME   RECORD YEAR NORMAL DEPARTURE LAST
                VALUE   (LST)  VALUE       VALUE  FROM      YEAR
                                                  NORMAL
..................................................................
TEMPERATURE (F)
 YESTERDAY
  MAXIMUM         48    810 PM  63    1994  45      3       36
  MINIMUM         41    152 AM  19    1948  33      8       30
  AVERAGE         45                        39      6       33

PRECIPITATION (IN)
  YESTERDAY        0.10          3.67 1937   0.19  -0.09     0.00
  MONTH TO DATE    5.98                      5.40   0.58     1.27
  SINCE OCT 1     16.18                     15.34   0.84     4.91
  SINCE JAN 1     39.96                     39.05   0.91    22.16

DEGREE DAYS
 HEATING
  YESTERDAY       20                        26     -6       32
  MONTH TO DATE  487                       680   -193      806
  SINCE JUL 1   1274                      1902   -628     1934

 COOLING
  YESTERDAY        0                         0      0        0
  MONTH TO DATE    0                         0      0        0
  SINCE JAN 1    529                       215    314      405
..................................................................


WIND (MPH)
  HIGHEST WIND SPEED    16   HIGHEST WIND DIRECTION    SW (210)
  HIGHEST GUST SPEED    20   HIGHEST GUST DIRECTION    SW (220)
  AVERAGE WIND SPEED     7.0


SKY COVER
  POSSIBLE SUNSHINE  MM
  AVERAGE SKY COVER 0.9


WEATHER CONDITIONS
 THE FOLLOWING WEATHER WAS RECORDED YESTERDAY.
  LIGHT RAIN
  FOG


RELATIVE HUMIDITY (PERCENT)
 HIGHEST   100           400 AM
 LOWEST     76          1000 AM
 AVERAGE    88

..........................................................


THE MCMINNVILLE OR CLIMATE NORMALS FOR TODAY
                         NORMAL    RECORD    YEAR
 MAXIMUM TEMPERATURE (F)   46        62      1917
 MINIMUM TEMPERATURE (F)   33        18      1978


SUNRISE AND SUNSET
DECEMBER 28 2014......SUNRISE   751 AM PST   SUNSET   437 PM PST
DECEMBER 29 2014......SUNRISE   751 AM PST   SUNSET   438 PM PST


-  INDICATES NEGATIVE NUMBERS.
R  INDICATES RECORD WAS SET OR TIED.
MM INDICATES DATA IS MISSING.
T  INDICATES TRACE AMOUNT.




$$
