989
CDUS46 KPQR 121145
CLIMMV


CLIMATE REPORT
NATIONAL WEATHER SERVICE PORTLAND OREGON
344 AM PST FRI FEB 12 2016


...................................

...THE MCMINNVILLE OR CLIMATE SUMMARY FOR FEBRUARY 11 2016...

CLIMATE NORMAL PERIOD 1981 TO 2010
CLIMATE RECORD PERIOD 1894 TO 2016


WEATHER ITEM   OBSERVED TIME   RECORD YEAR NORMAL DEPARTURE LAST
                VALUE   (LST)  VALUE       VALUE  FROM      YEAR
                                                  NORMAL
..................................................................
TEMPERATURE (F)
 YESTERDAY
  MAXIMUM         55    143 PM  67    1924  50      5       53
  MINIMUM         50    752 PM  12    1929  35     15       38
  AVERAGE         53                        42     11       46

PRECIPITATION (IN)
  YESTERDAY        0.23          1.33 1943   0.16   0.07     0.00
  MONTH TO DATE    1.21                      2.06  -0.85     4.90
  SINCE OCT 1     34.79                     24.19  10.60    24.45
  SINCE JAN 1      9.72                      8.16   1.56     8.21

DEGREE DAYS
 HEATING
  YESTERDAY       12                        23    -11       19
  MONTH TO DATE  189                       253    -64      168
  SINCE JUL 1   2467                      3008   -541     2201

 COOLING
  YESTERDAY        0                         0      0        0
  MONTH TO DATE    0                         0      0        0
  SINCE JAN 1      0                         0      0        0
..................................................................


WIND (MPH)
  HIGHEST WIND SPEED     8   HIGHEST WIND DIRECTION    NE (40)
  HIGHEST GUST SPEED    10   HIGHEST GUST DIRECTION     N (360)
  AVERAGE WIND SPEED     2.7


SKY COVER
  POSSIBLE SUNSHINE  MM
  AVERAGE SKY COVER 0.9


WEATHER CONDITIONS
 THE FOLLOWING WEATHER WAS RECORDED YESTERDAY.
  RAIN
  LIGHT RAIN
  FOG


RELATIVE HUMIDITY (PERCENT)
 HIGHEST    96          1000 PM
 LOWEST     83          1200 AM
 AVERAGE    90

..........................................................


THE MCMINNVILLE OR CLIMATE NORMALS FOR TODAY
                         NORMAL    RECORD    YEAR
 MAXIMUM TEMPERATURE (F)   50        63      1981
 MINIMUM TEMPERATURE (F)   35        17      1929


SUNRISE AND SUNSET
FEBRUARY 12 2016......SUNRISE   719 AM PST   SUNSET   535 PM PST
FEBRUARY 13 2016......SUNRISE   717 AM PST   SUNSET   537 PM PST


-  INDICATES NEGATIVE NUMBERS.
R  INDICATES RECORD WAS SET OR TIED.
MM INDICATES DATA IS MISSING.
T  INDICATES TRACE AMOUNT.




$$
