415
CDUS46 KPQR 210222
CLIMMV


CLIMATE REPORT
NATIONAL WEATHER SERVICE PORTLAND OREGON
721 PM PDT THU JUL 20 2017


...................................

...THE MCMINNVILLE OR CLIMATE SUMMARY FOR JULY 20 2017...
VALID TODAY AS OF 0700 PM LOCAL TIME.

CLIMATE NORMAL PERIOD 1981 TO 2010
CLIMATE RECORD PERIOD 1894 TO 2017


WEATHER ITEM   OBSERVED TIME   RECORD YEAR NORMAL DEPARTURE LAST
                VALUE   (LST)  VALUE       VALUE  FROM      YEAR
                                                  NORMAL
..................................................................
TEMPERATURE (F)
 TODAY
  MAXIMUM         76    556 PM 105    1946  83     -7       85
  MINIMUM         52    246 AM  36    1953  51      1       54
  AVERAGE         64                        67     -3       70

PRECIPITATION (IN)
  TODAY            0.01                      0.00   0.01     0.00
  MONTH TO DATE    0.01                      0.40  -0.39     0.35
  SINCE OCT 1     53.32                     37.68  15.64    49.54
  SINCE JAN 1     29.51                     21.65   7.86    24.47

DEGREE DAYS
 HEATING
  TODAY            1                                         0
  MONTH TO DATE    5                                        17
  SINCE JUN 1    105                                       118
  SINCE JUL 1      5                                        17

 COOLING
  TODAY            0                                         5
  MONTH TO DATE   48                                        25
  SINCE JUN 1    104                                        97
  SINCE JAN 1    128                                       116
..................................................................


WIND (MPH)
  HIGHEST WIND SPEED    12   HIGHEST WIND DIRECTION     S (200)
  HIGHEST GUST SPEED    15   HIGHEST GUST DIRECTION     S (200)
  AVERAGE WIND SPEED     5.5


SKY COVER
  POSSIBLE SUNSHINE  MM
  AVERAGE SKY COVER 0.8


WEATHER CONDITIONS
 THE FOLLOWING WEATHER WAS RECORDED TODAY.
  LIGHT RAIN
  FOG


RELATIVE HUMIDITY (PERCENT)
 HIGHEST    93           200 AM
 LOWEST     41           300 PM
 AVERAGE    67

..........................................................


THE MCMINNVILLE OR CLIMATE NORMALS FOR TOMORROW
                         NORMAL    RECORD    YEAR
 MAXIMUM TEMPERATURE (F)   83       108      1938
 MINIMUM TEMPERATURE (F)   51        39      1984


SUNRISE AND SUNSET
JULY 20 2017..........SUNRISE   445 AM PST   SUNSET   753 PM PST
JULY 21 2017..........SUNRISE   446 AM PST   SUNSET   752 PM PST


-  INDICATES NEGATIVE NUMBERS.
R  INDICATES RECORD WAS SET OR TIED.
MM INDICATES DATA IS MISSING.
T  INDICATES TRACE AMOUNT.




$$
