988
CDUS46 KPQR 011141
CLIMMV


CLIMATE REPORT
NATIONAL WEATHER SERVICE PORTLAND OREGON
440 AM PDT SUN MAY 1 2016


...................................

...THE MCMINNVILLE OR CLIMATE SUMMARY FOR APRIL 30 2016...

CLIMATE NORMAL PERIOD 1981 TO 2010
CLIMATE RECORD PERIOD 1894 TO 2016


WEATHER ITEM   OBSERVED TIME   RECORD YEAR NORMAL DEPARTURE LAST
                VALUE   (LST)  VALUE       VALUE  FROM      YEAR
                                                  NORMAL
..................................................................
TEMPERATURE (F)
 YESTERDAY
  MAXIMUM         70    537 PM  85    2014  64      6       72
  MINIMUM         38    538 AM  27    1964  41     -3       37
  AVERAGE         54                        52      2       55

PRECIPITATION (IN)
  YESTERDAY        0.00          1.23 1940   0.07  -0.07     0.00
  MONTH TO DATE    2.90                      2.91  -0.01     1.54
  SINCE OCT 1     46.76                     33.51  13.25    30.88
  SINCE JAN 1     21.69                     17.48   4.21    14.64

DEGREE DAYS
 HEATING
  YESTERDAY       11                        13     -2       10
  MONTH TO DATE  281                       448   -167      436
  SINCE JUL 1   3529                      4398   -869     3346

 COOLING
  YESTERDAY        0                         0      0        0
  MONTH TO DATE   11                         0     11        0
  SINCE JAN 1     11                         0     11        0
..................................................................


WIND (MPH)
  HIGHEST WIND SPEED    15   HIGHEST WIND DIRECTION     N (10)
  HIGHEST GUST SPEED    20   HIGHEST GUST DIRECTION    NE (30)
  AVERAGE WIND SPEED     3.9


SKY COVER
  POSSIBLE SUNSHINE  MM
  AVERAGE SKY COVER 0.1


WEATHER CONDITIONS
 THE FOLLOWING WEATHER WAS RECORDED YESTERDAY.
  FOG


RELATIVE HUMIDITY (PERCENT)
 HIGHEST   100           400 AM
 LOWEST     44           400 PM
 AVERAGE    72

..........................................................


THE MCMINNVILLE OR CLIMATE NORMALS FOR TODAY
                         NORMAL    RECORD    YEAR
 MAXIMUM TEMPERATURE (F)   65        88      2014
 MINIMUM TEMPERATURE (F)   41        24      1954


SUNRISE AND SUNSET
MAY  1 2016...........SUNRISE   500 AM PST   SUNSET   719 PM PST
MAY  2 2016...........SUNRISE   459 AM PST   SUNSET   721 PM PST


-  INDICATES NEGATIVE NUMBERS.
R  INDICATES RECORD WAS SET OR TIED.
MM INDICATES DATA IS MISSING.
T  INDICATES TRACE AMOUNT.




$$
