000
CDUS46 KPQR 281151
CLIMMV


CLIMATE REPORT
NATIONAL WEATHER SERVICE PORTLAND OREGON
350 AM PST TUE FEB 28 2017


...................................

...THE MCMINNVILLE OR CLIMATE SUMMARY FOR FEBRUARY 27 2017...

CLIMATE NORMAL PERIOD 1981 TO 2010
CLIMATE RECORD PERIOD 1894 TO 2017


WEATHER ITEM   OBSERVED TIME   RECORD YEAR NORMAL DEPARTURE LAST
                VALUE   (LST)  VALUE       VALUE  FROM      YEAR
                                                  NORMAL
..................................................................
TEMPERATURE (F)
 YESTERDAY
  MAXIMUM         45    245 PM  70    1968  53     -8       58
  MINIMUM         35    801 AM  16    1962  35      0       46
  AVERAGE         40                        44     -4       52

PRECIPITATION (IN)
  YESTERDAY        0.08          1.81 1972   0.17  -0.09     0.05
  MONTH TO DATE   11.48                      4.27   7.21     3.51
  SINCE OCT 1     38.97                     26.40  12.57    37.09
  SINCE JAN 1     15.16                     10.37   4.79    12.02

DEGREE DAYS
 HEATING
  YESTERDAY       25                        21      4       13
  MONTH TO DATE  594                       604    -10      446
  SINCE JUL 1   3274                      3359    -85     2724

 COOLING
  YESTERDAY        0                         0      0        0
  MONTH TO DATE    0                         0      0        0
  SINCE JAN 1      0                         0      0        0
..................................................................


WIND (MPH)
  HIGHEST WIND SPEED    20   HIGHEST WIND DIRECTION    SW (240)
  HIGHEST GUST SPEED    25   HIGHEST GUST DIRECTION    SW (240)
  AVERAGE WIND SPEED     9.2


SKY COVER
  POSSIBLE SUNSHINE  MM
  AVERAGE SKY COVER 0.9


WEATHER CONDITIONS
 THE FOLLOWING WEATHER WAS RECORDED YESTERDAY.
  LIGHT RAIN
  FOG


RELATIVE HUMIDITY (PERCENT)
 HIGHEST    92          1200 AM
 LOWEST     76           400 PM
 AVERAGE    84

..........................................................


THE MCMINNVILLE OR CLIMATE NORMALS FOR TODAY
                         NORMAL    RECORD    YEAR
 MAXIMUM TEMPERATURE (F)   53        72      1968
 MINIMUM TEMPERATURE (F)   35        24      1951


SUNRISE AND SUNSET
FEBRUARY 28 2017......SUNRISE   652 AM PST   SUNSET   559 PM PST
MARCH  1 2017.........SUNRISE   650 AM PST   SUNSET   600 PM PST


-  INDICATES NEGATIVE NUMBERS.
R  INDICATES RECORD WAS SET OR TIED.
MM INDICATES DATA IS MISSING.
T  INDICATES TRACE AMOUNT.




$$
