000
CDUS44 KMOB 160627
CLIMOB


CLIMATE REPORT
NATIONAL WEATHER SERVICE MOBILE AL
127 AM CDT WED APR 16 2014


...................................

...THE MOBILE CLIMATE SUMMARY FOR APRIL 15 2014...

CLIMATE NORMAL PERIOD 1981 TO 2010
CLIMATE RECORD PERIOD 1842 TO 2014


WEATHER ITEM   OBSERVED TIME   RECORD YEAR NORMAL DEPARTURE LAST
                VALUE   (LST)  VALUE       VALUE  FROM      YEAR
                                                  NORMAL
..................................................................
TEMPERATURE (F)
 YESTERDAY
  MAXIMUM         64    430 AM  89    2001  77    -13       78
                                      1981
  MINIMUM         43   1159 PM  36    2008  55    -12       63
  AVERAGE         54                        66    -12       71

PRECIPITATION (IN)
  YESTERDAY        0.56          3.81 1934   0.16   0.40      T
  MONTH TO DATE    5.40                      2.53   2.87     3.81
  SINCE MAR 1     11.90                      8.67   3.23     4.61
  SINCE JAN 1     19.02                     19.44  -0.42    18.79

DEGREE DAYS
 HEATING
  YESTERDAY       11                         2      9        0
  MONTH TO DATE   39                        44     -5       39
  SINCE MAR 1    315                       233     82      349
  SINCE JUL 1   2018                      1675    343     1525

 COOLING
  YESTERDAY        0                         3     -3        6
  MONTH TO DATE   30                        38     -8       31
  SINCE MAR 1     31                        77    -46       48
  SINCE JAN 1     43                        93    -50       75
..................................................................


WIND (MPH)
  HIGHEST WIND SPEED    29   HIGHEST WIND DIRECTION     N (340)
  HIGHEST GUST SPEED    38   HIGHEST GUST DIRECTION     N (340)
  AVERAGE WIND SPEED    15.1


SKY COVER
  POSSIBLE SUNSHINE  MM
  AVERAGE SKY COVER 0.8


WEATHER CONDITIONS
 THE FOLLOWING WEATHER WAS RECORDED YESTERDAY.
  HEAVY RAIN
  RAIN
  LIGHT RAIN
  FOG


RELATIVE HUMIDITY (PERCENT)
 HIGHEST   100          1200 AM
 LOWEST     44           500 PM
 AVERAGE    72

..........................................................


THE MOBILE CLIMATE NORMALS FOR TODAY
                         NORMAL    RECORD    YEAR
 MAXIMUM TEMPERATURE (F)   78        89      1925
 MINIMUM TEMPERATURE (F)   55        37      2007


SUNRISE AND SUNSET
APRIL 16 2014.........SUNRISE   624 AM CDT   SUNSET   722 PM CDT
APRIL 17 2014.........SUNRISE   623 AM CDT   SUNSET   722 PM CDT


-  INDICATES NEGATIVE NUMBERS.
R  INDICATES RECORD WAS SET OR TIED.
MM INDICATES DATA IS MISSING.
T  INDICATES TRACE AMOUNT.




$$
