000
CDUS44 KMOB 212246
CLIMOB


CLIMATE REPORT
NATIONAL WEATHER SERVICE MOBILE AL
541 PM CDT TUE OCT 21 2014


...................................

...THE MOBILE CLIMATE SUMMARY FOR OCTOBER 21 2014...
VALID TODAY AS OF 0500 PM LOCAL TIME.

CLIMATE NORMAL PERIOD 1981 TO 2010
CLIMATE RECORD PERIOD 1842 TO 2014


WEATHER ITEM   OBSERVED TIME   RECORD YEAR NORMAL DEPARTURE LAST
                VALUE   (LST)  VALUE       VALUE  FROM      YEAR
                                                  NORMAL
..................................................................
TEMPERATURE (F)
 TODAY
  MAXIMUM         81    230 PM  88    1963  78      3       74
  MINIMUM         50    512 AM  35    1989  56     -6       58
  AVERAGE         66                        67     -1       66

PRECIPITATION (IN)
  TODAY            0.00          0.69 1947   0.11  -0.11      T
  MONTH TO DATE    3.02                      2.45   0.57     2.08
  SINCE MAR 1     58.83                     43.95  14.88    44.19
  SINCE JAN 1     65.95                     54.72  11.23    58.37

DEGREE DAYS
 HEATING
  TODAY            0                         2     -2        0
  MONTH TO DATE   16                        22     -6        4
  SINCE SEP 1     16                        24     -8        4
  SINCE JUL 1     16                        24     -8        4

 COOLING
  TODAY            1                         4     -3        1
  MONTH TO DATE  115                       125    -10      173
  SINCE SEP 1    529                       502     27      623
  SINCE JAN 1   2277                      2429   -152     2453
..................................................................


WIND (MPH)
  HIGHEST WIND SPEED    14   HIGHEST WIND DIRECTION     N (340)
  HIGHEST GUST SPEED    16   HIGHEST GUST DIRECTION     N (340)
  AVERAGE WIND SPEED     5.8


SKY COVER
  POSSIBLE SUNSHINE  MM
  AVERAGE SKY COVER 0.0


WEATHER CONDITIONS
 THE FOLLOWING WEATHER WAS RECORDED TODAY.
  NO SIGNIFICANT WEATHER WAS OBSERVED.


RELATIVE HUMIDITY (PERCENT)
 HIGHEST   100           500 AM
 LOWEST     36           200 PM
 AVERAGE    68

..........................................................


THE MOBILE CLIMATE NORMALS FOR TOMORROW
                         NORMAL    RECORD    YEAR
 MAXIMUM TEMPERATURE (F)   78        91      1963
 MINIMUM TEMPERATURE (F)   56        38      2011
                                             1987


SUNRISE AND SUNSET
OCTOBER 21 2014.......SUNRISE   700 AM CDT   SUNSET   615 PM CDT
OCTOBER 22 2014.......SUNRISE   700 AM CDT   SUNSET   614 PM CDT


-  INDICATES NEGATIVE NUMBERS.
R  INDICATES RECORD WAS SET OR TIED.
MM INDICATES DATA IS MISSING.
T  INDICATES TRACE AMOUNT.




$$
