000
CDUS44 KMOB 220645
CLIMOB


CLIMATE REPORT
NATIONAL WEATHER SERVICE MOBILE AL
145 AM CDT SUN OCT 22 2017


...................................

...THE MOBILE CLIMATE SUMMARY FOR OCTOBER 21 2017...

CLIMATE NORMAL PERIOD 1981 TO 2010
CLIMATE RECORD PERIOD 1842 TO 2017


WEATHER ITEM   OBSERVED TIME   RECORD YEAR NORMAL DEPARTURE LAST
                VALUE   (LST)  VALUE       VALUE  FROM      YEAR
                                                  NORMAL
..................................................................
TEMPERATURE (F)
 YESTERDAY
  MAXIMUM         83    318 PM  88    1963  78      5       76
  MINIMUM         64    319 AM  35    1989  56      8       52
  AVERAGE         74                        67      7       64

PRECIPITATION (IN)
  YESTERDAY        T             0.69 1947   0.11  -0.11     0.00
  MONTH TO DATE    9.31                      2.45   6.86     0.00
  SINCE MAR 1     62.59                     43.95  18.64    42.76
  SINCE JAN 1     74.80                     54.72  20.08    52.21

DEGREE DAYS
 HEATING
  YESTERDAY        0                         2     -2        1
  MONTH TO DATE    0                        22    -22        1
  SINCE SEP 1      0                        24    -24        1
  SINCE JUL 1      0                        24    -24        1

 COOLING
  YESTERDAY        9                         4      5        0
  MONTH TO DATE  228                       125    103      189
  SINCE SEP 1    627                       502    125      655
  SINCE JAN 1   2713                      2429    284     2705
..................................................................


WIND (MPH)
  HIGHEST WIND SPEED    18   HIGHEST WIND DIRECTION    SE (120)
  HIGHEST GUST SPEED    22   HIGHEST GUST DIRECTION    SE (120)
  AVERAGE WIND SPEED    10.4


SKY COVER
  POSSIBLE SUNSHINE  MM
  AVERAGE SKY COVER 0.6


WEATHER CONDITIONS
 THE FOLLOWING WEATHER WAS RECORDED YESTERDAY.
  LIGHT RAIN


RELATIVE HUMIDITY (PERCENT)
 HIGHEST    87           600 AM
 LOWEST     65          1200 PM
 AVERAGE    76

..........................................................


THE MOBILE CLIMATE NORMALS FOR TODAY
                         NORMAL    RECORD    YEAR
 MAXIMUM TEMPERATURE (F)   78        91      1963
 MINIMUM TEMPERATURE (F)   56        38      2011
                                             1987


SUNRISE AND SUNSET
OCTOBER 22 2017.......SUNRISE   700 AM CDT   SUNSET   614 PM CDT
OCTOBER 23 2017.......SUNRISE   701 AM CDT   SUNSET   613 PM CDT


-  INDICATES NEGATIVE NUMBERS.
R  INDICATES RECORD WAS SET OR TIED.
MM INDICATES DATA IS MISSING.
T  INDICATES TRACE AMOUNT.




$$
