000
CDUS44 KMOB 260645
CLIMOB


CLIMATE REPORT
NATIONAL WEATHER SERVICE MOBILE AL
145 AM CDT THU MAY 26 2016


...................................

...THE MOBILE CLIMATE SUMMARY FOR MAY 25 2016...

CLIMATE NORMAL PERIOD 1981 TO 2010
CLIMATE RECORD PERIOD 1842 TO 2016


WEATHER ITEM   OBSERVED TIME   RECORD YEAR NORMAL DEPARTURE LAST
                VALUE   (LST)  VALUE       VALUE  FROM      YEAR
                                                  NORMAL
..................................................................
TEMPERATURE (F)
 YESTERDAY
  MAXIMUM         85    332 PM  97    1962  86     -1       80
  MINIMUM         62    400 AM  53    1979  66     -4       72
  AVERAGE         74                        76     -2       76

PRECIPITATION (IN)
  YESTERDAY        0.00          3.38 1909   0.17  -0.17     0.30
  MONTH TO DATE    2.48                      4.09  -1.61     7.01
  SINCE MAR 1     18.53                     15.02   3.51    24.87
  SINCE JAN 1     27.98                     25.79   2.19    30.92

DEGREE DAYS
 COOLING
  YESTERDAY        9                        11     -2       11
  MONTH TO DATE  194                       214    -20      248
  SINCE MAR 1    366                       357      9      523
  SINCE JAN 1    380                       373      7      527
..................................................................


WIND (MPH)
  HIGHEST WIND SPEED    15   HIGHEST WIND DIRECTION    SE (140)
  HIGHEST GUST SPEED    20   HIGHEST GUST DIRECTION    SE (130)
  AVERAGE WIND SPEED     6.0


SKY COVER
  POSSIBLE SUNSHINE  MM
  AVERAGE SKY COVER 0.5


WEATHER CONDITIONS
 THE FOLLOWING WEATHER WAS RECORDED YESTERDAY.
  FOG


RELATIVE HUMIDITY (PERCENT)
 HIGHEST   100           100 AM
 LOWEST     43           500 PM
 AVERAGE    72

..........................................................


THE MOBILE CLIMATE NORMALS FOR TODAY
                         NORMAL    RECORD    YEAR
 MAXIMUM TEMPERATURE (F)   87        96      1962
                                             1953
                                             1878
 MINIMUM TEMPERATURE (F)   66        48      1979


SUNRISE AND SUNSET
MAY 26 2016...........SUNRISE   552 AM CDT   SUNSET   748 PM CDT
MAY 27 2016...........SUNRISE   552 AM CDT   SUNSET   749 PM CDT


-  INDICATES NEGATIVE NUMBERS.
R  INDICATES RECORD WAS SET OR TIED.
MM INDICATES DATA IS MISSING.
T  INDICATES TRACE AMOUNT.




$$
