000
CDUS44 KMOB 300635
CLIMOB


CLIMATE REPORT
NATIONAL WEATHER SERVICE MOBILE AL
125 AM CDT TUE SEP 30 2014


...................................

...THE MOBILE CLIMATE SUMMARY FOR SEPTEMBER 29 2014...

CLIMATE NORMAL PERIOD 1981 TO 2010
CLIMATE RECORD PERIOD 1842 TO 2014


WEATHER ITEM   OBSERVED TIME   RECORD YEAR NORMAL DEPARTURE LAST
                VALUE   (LST)  VALUE       VALUE  FROM      YEAR
                                                  NORMAL
..................................................................
TEMPERATURE (F)
 YESTERDAY
  MAXIMUM         84    319 PM  94    1904  84      0       82
  MINIMUM         71   1159 PM  42    1967  64      7       63
  AVERAGE         78                        74      4       73

PRECIPITATION (IN)
  YESTERDAY        0.00          4.10 1898   0.16  -0.16     0.00
  MONTH TO DATE    5.53                      4.96   0.57     4.57
  SINCE MAR 1     55.81                     41.35  14.46    42.09
  SINCE JAN 1     62.93                     52.12  10.81    56.27

DEGREE DAYS
 HEATING
  YESTERDAY        0                         0      0        0
  MONTH TO DATE    0                         0      0        0
  SINCE SEP 1      0                         0      0        0
  SINCE JUL 1      0                         0      0        0

 COOLING
  YESTERDAY       13                         9      4        8
  MONTH TO DATE  403                       368     35      439
  SINCE SEP 1    403                       368     35      439
  SINCE JAN 1   2151                      2295   -144     2269
..................................................................


WIND (MPH)
  HIGHEST WIND SPEED    17   HIGHEST WIND DIRECTION     N (350)
  HIGHEST GUST SPEED    21   HIGHEST GUST DIRECTION     N (340)
  AVERAGE WIND SPEED     7.3


SKY COVER
  POSSIBLE SUNSHINE  MM
  AVERAGE SKY COVER 0.7


WEATHER CONDITIONS
 THE FOLLOWING WEATHER WAS RECORDED YESTERDAY.
  FOG
  HAZE


RELATIVE HUMIDITY (PERCENT)
 HIGHEST   100           300 AM
 LOWEST     65           300 PM
 AVERAGE    83

..........................................................


THE MOBILE CLIMATE NORMALS FOR TODAY
                         NORMAL    RECORD    YEAR
 MAXIMUM TEMPERATURE (F)   84        93      1933
 MINIMUM TEMPERATURE (F)   63        45      1967


SUNRISE AND SUNSET
SEPTEMBER 30 2014.....SUNRISE   646 AM CDT   SUNSET   639 PM CDT
OCTOBER  1 2014.......SUNRISE   647 AM CDT   SUNSET   638 PM CDT


-  INDICATES NEGATIVE NUMBERS.
R  INDICATES RECORD WAS SET OR TIED.
MM INDICATES DATA IS MISSING.
T  INDICATES TRACE AMOUNT.




$$
