000
CDUS44 KMOB 260645
CLIMOB


CLIMATE REPORT
NATIONAL WEATHER SERVICE MOBILE AL
145 AM CDT THU MAR 26 2015


...................................

...THE MOBILE CLIMATE SUMMARY FOR MARCH 25 2015...

CLIMATE NORMAL PERIOD 1981 TO 2010
CLIMATE RECORD PERIOD 1842 TO 2015


WEATHER ITEM   OBSERVED TIME   RECORD YEAR NORMAL DEPARTURE LAST
                VALUE   (LST)  VALUE       VALUE  FROM      YEAR
                                                  NORMAL
..................................................................
TEMPERATURE (F)
 YESTERDAY
  MAXIMUM         78    132 PM  86    1907  73      5       64
  MINIMUM         61    556 AM  31    1983  51     10       41
  AVERAGE         70                        62      8       53

PRECIPITATION (IN)
  YESTERDAY        0.00          4.38 1872   0.21  -0.21     0.00
  MONTH TO DATE    3.87                      4.97  -1.10     2.95
  SINCE MAR 1      3.87                      4.97  -1.10     2.95
  SINCE JAN 1      9.92                     15.74  -5.82    10.07

SNOWFALL (IN)
  YESTERDAY        0.0          MM      MM   0.0    0.0      0.0
  MONTH TO DATE    0.0                       0.1   -0.1      0.0
  SINCE MAR 1      0.0                       0.1   -0.1      0.0
  SINCE JUL 1      T                         0.2   -0.2      1.3
  SNOW DEPTH       0

DEGREE DAYS
 HEATING
  YESTERDAY        0                         5     -5       12
  MONTH TO DATE   83                       164    -81      224
  SINCE MAR 1     83                       164    -81      224
  SINCE JUL 1   1785                      1606    179     1927

 COOLING
  YESTERDAY        5                         1      4        0
  MONTH TO DATE   83                        25     58        1
  SINCE MAR 1     83                        25     58        1
  SINCE JAN 1     87                        41     46       13
..................................................................


WIND (MPH)
  HIGHEST WIND SPEED    17   HIGHEST WIND DIRECTION    SE (150)
  HIGHEST GUST SPEED    22   HIGHEST GUST DIRECTION    SE (130)
  AVERAGE WIND SPEED     8.9


SKY COVER
  POSSIBLE SUNSHINE  MM
  AVERAGE SKY COVER 0.7


WEATHER CONDITIONS
 THE FOLLOWING WEATHER WAS RECORDED YESTERDAY.
  FOG
  HAZE


RELATIVE HUMIDITY (PERCENT)
 HIGHEST   100           100 AM
 LOWEST     56           100 PM
 AVERAGE    78

..........................................................


THE MOBILE CLIMATE NORMALS FOR TODAY
                         NORMAL    RECORD    YEAR
 MAXIMUM TEMPERATURE (F)   73        86      1935
 MINIMUM TEMPERATURE (F)   51        30      1894


SUNRISE AND SUNSET
MARCH 26 2015.........SUNRISE   650 AM CDT   SUNSET   708 PM CDT
MARCH 27 2015.........SUNRISE   648 AM CDT   SUNSET   709 PM CDT


-  INDICATES NEGATIVE NUMBERS.
R  INDICATES RECORD WAS SET OR TIED.
MM INDICATES DATA IS MISSING.
T  INDICATES TRACE AMOUNT.




$$
