000
CDUS46 KSTO 250841
CLIMOD


CLIMATE REPORT
NATIONAL WEATHER SERVICE SACRAMENTO, CA
140 AM PDT THU MAY 25 2017


...................................

...THE MODESTO CA CLIMATE SUMMARY FOR MAY 24 2017...

CLIMATE NORMAL PERIOD 1981 TO 2010
CLIMATE RECORD PERIOD 1931 TO 2017


WEATHER ITEM   OBSERVED TIME   RECORD YEAR NORMAL DEPARTURE LAST
                VALUE   (LST)  VALUE       VALUE  FROM      YEAR
                                                  NORMAL
..................................................................
TEMPERATURE (F)
 YESTERDAY
  MAXIMUM         92    330 PM 100    1982  85      7       78
  MINIMUM         59   1159 PM  42    1953  56      3       54
  AVERAGE         76

PRECIPITATION (IN)
  YESTERDAY        0.00          0.37 1993   0.01  -0.01     0.00
  MONTH TO DATE    0.01                      0.52  -0.51     0.25
  SINCE OCT 1     16.79                     12.60   4.19    15.61
  SINCE JAN 1     11.76                      8.52   3.24    11.20

SNOWFALL (IN)
  YESTERDAY        0.0          MM      MM
  MONTH TO DATE    0.0
  SINCE MAR 1      0.0
  SINCE JUL 1      0.0
  SNOW DEPTH       0

DEGREE DAYS
 HEATING
  YESTERDAY        0                         1     -1        0
  MONTH TO DATE   22                        31     -9       16
  SINCE MAR 1    292                       397   -105      242
  SINCE JUL 1   1808                      2165   -357     1834

 COOLING
  YESTERDAY       11                         6      5        1
  MONTH TO DATE  171                       108     63      118
  SINCE MAR 1    188                       152     36      172
  SINCE JAN 1    188                       152     36      172
..................................................................


WIND (MPH)
  RESULTANT WIND SPEED   6   RESULTANT WIND DIRECTION  NW (330)
  HIGHEST WIND SPEED    15   HIGHEST WIND DIRECTION    NW (330)
  HIGHEST GUST SPEED    19   HIGHEST GUST DIRECTION    NW (300)


SKY COVER
  POSSIBLE SUNSHINE  MM
  AVERAGE SKY COVER 0.0


WEATHER CONDITIONS
 THE FOLLOWING WEATHER WAS RECORDED YESTERDAY.
  NO SIGNIFICANT WEATHER WAS OBSERVED.


RELATIVE HUMIDITY (PERCENT)
 HIGHEST    72          1100 PM
 LOWEST     18           400 PM
 AVERAGE    45

..........................................................


THE MODESTO CA CLIMATE NORMALS FOR TODAY
                         NORMAL    RECORD    YEAR
 MAXIMUM TEMPERATURE (F)   85        99      1979
 MINIMUM TEMPERATURE (F)   56        42      1962


SUNRISE AND SUNSET
MAY 25 2017...........SUNRISE   547 AM PDT   SUNSET   815 PM PDT
MAY 26 2017...........SUNRISE   546 AM PDT   SUNSET   816 PM PDT


-  INDICATES NEGATIVE NUMBERS.
R  INDICATES RECORD WAS SET OR TIED.
MM INDICATES DATA IS MISSING.
T  INDICATES TRACE AMOUNT.




$$
