000
CDUS46 KSTO 250039
CLIMOD


CLIMATE REPORT
NATIONAL WEATHER SERVICE SACRAMENTO, CA
538 PM PDT SUN MAY 24 2015


...................................

...THE MODESTO CA CLIMATE SUMMARY FOR MAY 24 2015...
VALID TODAY AS OF 0500 PM LOCAL TIME.

CLIMATE NORMAL PERIOD 1981 TO 2010
CLIMATE RECORD PERIOD 1931 TO 2015


WEATHER ITEM   OBSERVED TIME   RECORD YEAR NORMAL DEPARTURE LAST
                VALUE   (LST)  VALUE       VALUE  FROM      YEAR
                                                  NORMAL
..................................................................
TEMPERATURE (F)
 TODAY
  MAXIMUM         86    359 PM 100    1982  85      1       93
  MINIMUM         54    503 AM  42    1953  56     -2       64
  AVERAGE         70

PRECIPITATION (IN)
  TODAY            0.00          0.37 1993   0.01  -0.01     0.00
  MONTH TO DATE    0.27                      0.52  -0.25     0.01
  SINCE OCT 1     10.25                     12.60  -2.35     6.87
  SINCE JAN 1      2.85                      8.52  -5.67     5.51

SNOWFALL (IN)
  TODAY            0.0          MM      MM
  MONTH TO DATE    0.0
  SINCE MAR 1      0.0
  SINCE JUL 1      0.0

DEGREE DAYS
 HEATING
  TODAY            0                         1     -1        0
  MONTH TO DATE   23                        31     -8       12
  SINCE MAR 1    200                       397   -197      271
  SINCE JUL 1   1612                      2165   -553     1969

 COOLING
  TODAY            5                         6     -1       14
  MONTH TO DATE   49                       108    -59      129
  SINCE MAR 1    132                       152    -20      190
  SINCE JAN 1    132                       152    -20      190
..................................................................


WIND (MPH)
  RESULTANT WIND SPEED   2   RESULTANT WIND DIRECTION   N (350)
  HIGHEST WIND SPEED    10   HIGHEST WIND DIRECTION     W (280)
  HIGHEST GUST SPEED    14   HIGHEST GUST DIRECTION     W (290)


SKY COVER
  POSSIBLE SUNSHINE  MM
  AVERAGE SKY COVER 0.0


WEATHER CONDITIONS
 THE FOLLOWING WEATHER WAS RECORDED TODAY.
  NO SIGNIFICANT WEATHER WAS OBSERVED.


RELATIVE HUMIDITY (PERCENT)
 HIGHEST    83           500 AM
 LOWEST     27           400 PM
 AVERAGE    55

..........................................................


THE MODESTO CA CLIMATE NORMALS FOR TOMORROW
                         NORMAL    RECORD    YEAR
 MAXIMUM TEMPERATURE (F)   85        99      1979
 MINIMUM TEMPERATURE (F)   56        42      1962


SUNRISE AND SUNSET
MAY 24 2015...........SUNRISE   548 AM PDT   SUNSET   814 PM PDT
MAY 25 2015...........SUNRISE   547 AM PDT   SUNSET   815 PM PDT


-  INDICATES NEGATIVE NUMBERS.
R  INDICATES RECORD WAS SET OR TIED.
MM INDICATES DATA IS MISSING.
T  INDICATES TRACE AMOUNT.




$$
