000
CDUS46 KSTO 220845
CLIMOD


CLIMATE REPORT
NATIONAL WEATHER SERVICE SACRAMENTO, CA
142 AM PDT FRI SEP 22 2017


...................................

...THE MODESTO CA CLIMATE SUMMARY FOR SEPTEMBER 21 2017...

CLIMATE NORMAL PERIOD 1981 TO 2010
CLIMATE RECORD PERIOD 1931 TO 2017


WEATHER ITEM   OBSERVED TIME   RECORD YEAR NORMAL DEPARTURE LAST
                VALUE   (LST)  VALUE       VALUE  FROM      YEAR
                                                  NORMAL
..................................................................
TEMPERATURE (F)
 YESTERDAY
  MAXIMUM         73    337 PM 104    1939  88    -15       85
  MINIMUM         54    623 AM  45    1960  58     -4       61
  AVERAGE         64

PRECIPITATION (IN)
  YESTERDAY        0.00          T    2005   0.02  -0.02      T
                                      2005
                                      2016
  MONTH TO DATE    T                         0.14  -0.14      T
  SINCE OCT 1     16.93                     12.99   3.94    15.61
  SINCE JAN 1     11.90                      8.91   2.99    11.20

SNOWFALL (IN)
  YESTERDAY        0.0          MM      MM
  MONTH TO DATE    0.0
  SINCE SEP 1      0.0
  SINCE JUL 1      0.0
  SNOW DEPTH       0

DEGREE DAYS
 HEATING
  YESTERDAY        1                         0      1        0
  MONTH TO DATE    1                         0      1        2
  SINCE SEP 1      1                         0      1        2
  SINCE JUL 1      1                         0      1        2

 COOLING
  YESTERDAY        0                         8     -8        8
  MONTH TO DATE  281                       210     71      212
  SINCE SEP 1    281                       210     71      212
  SINCE JAN 1   2016                      1546    470     1829
..................................................................


WIND (MPH)
  RESULTANT WIND SPEED   7   RESULTANT WIND DIRECTION  NW (310)
  HIGHEST WIND SPEED    17   HIGHEST WIND DIRECTION    NW (300)
  HIGHEST GUST SPEED    23   HIGHEST GUST DIRECTION    NW (310)


SKY COVER
  POSSIBLE SUNSHINE  MM
  AVERAGE SKY COVER 0.2


WEATHER CONDITIONS
 THE FOLLOWING WEATHER WAS RECORDED YESTERDAY.
  NO SIGNIFICANT WEATHER WAS OBSERVED.


RELATIVE HUMIDITY (PERCENT)
 HIGHEST    72           600 AM
 LOWEST     31           300 PM
 AVERAGE    52

..........................................................


THE MODESTO CA CLIMATE NORMALS FOR TODAY
                         NORMAL    RECORD    YEAR
 MAXIMUM TEMPERATURE (F)   88       102      1939
 MINIMUM TEMPERATURE (F)   58        44      1945


SUNRISE AND SUNSET
SEPTEMBER 22 2017.....SUNRISE   652 AM PDT   SUNSET   700 PM PDT
SEPTEMBER 23 2017.....SUNRISE   653 AM PDT   SUNSET   659 PM PDT


-  INDICATES NEGATIVE NUMBERS.
R  INDICATES RECORD WAS SET OR TIED.
MM INDICATES DATA IS MISSING.
T  INDICATES TRACE AMOUNT.




$$
