000
CDUS46 KSTO 210841
CLIMOD


CLIMATE REPORT
NATIONAL WEATHER SERVICE SACRAMENTO, CA
138 AM PDT TUE OCT 21 2014


...................................

...THE MODESTO CA CLIMATE SUMMARY FOR OCTOBER 20 2014...

CLIMATE NORMAL PERIOD 1981 TO 2010
CLIMATE RECORD PERIOD 1931 TO 2014


WEATHER ITEM   OBSERVED TIME   RECORD YEAR NORMAL DEPARTURE LAST
                VALUE   (LST)  VALUE       VALUE  FROM      YEAR
                                                  NORMAL
..................................................................
TEMPERATURE (F)
 YESTERDAY
  MAXIMUM         77    102 PM  90    1964  77      0       83
  MINIMUM         57   1120 PM  31    1949  52      5       48
  AVERAGE         67

PRECIPITATION (IN)
  YESTERDAY        0.00          0.24 1944   0.03  -0.03     0.00
  MONTH TO DATE    0.00                      0.36  -0.36     0.00
  SINCE JUL 1      0.30                      0.64  -0.34     0.13
  SINCE JAN 1      5.81                      9.39  -3.58     3.34

SNOWFALL (IN)
  YESTERDAY        0.0           0.0  2002
                                      2001
  MONTH TO DATE    0.0
  SINCE SEP 1      0.0
  SINCE JUL 1      0.0
  SNOW DEPTH       0

DEGREE DAYS
 HEATING
  YESTERDAY        0                         2     -2        0
  MONTH TO DATE    0                        21    -21       25
  SINCE SEP 1      1                        24    -23       27
  SINCE JUL 1      1                        24    -23       27

 COOLING
  YESTERDAY        2                         2      0        1
  MONTH TO DATE  126                        75     51       11
  SINCE SEP 1    425                       351     74      245
  SINCE JAN 1   1854                      1687    167     1717
..................................................................


WIND (MPH)
  RESULTANT WIND SPEED   8   RESULTANT WIND DIRECTION  NW (310)
  HIGHEST WIND SPEED    24   HIGHEST WIND DIRECTION    NW (300)
  HIGHEST GUST SPEED    29   HIGHEST GUST DIRECTION    NW (300)


SKY COVER
  POSSIBLE SUNSHINE  MM
  AVERAGE SKY COVER 0.2


WEATHER CONDITIONS
 THE FOLLOWING WEATHER WAS RECORDED YESTERDAY.
  HAZE


RELATIVE HUMIDITY (PERCENT)
 HIGHEST    87           500 AM
 LOWEST     46          1200 PM
 AVERAGE    67

..........................................................


THE MODESTO CA CLIMATE NORMALS FOR TODAY
                         NORMAL    RECORD    YEAR
 MAXIMUM TEMPERATURE (F)   77        91      1991
 MINIMUM TEMPERATURE (F)   51        31      1949


SUNRISE AND SUNSET
OCTOBER 21 2014.......SUNRISE   718 AM PDT   SUNSET   618 PM PDT
OCTOBER 22 2014.......SUNRISE   719 AM PDT   SUNSET   617 PM PDT


-  INDICATES NEGATIVE NUMBERS.
R  INDICATES RECORD WAS SET OR TIED.
MM INDICATES DATA IS MISSING.
T  INDICATES TRACE AMOUNT.




$$
