000
CDUS43 KBIS 280723
CLIMOT


CLIMATE REPORT
NATIONAL WEATHER SERVICE BISMARCK ND
222 AM CDT WED JUN 28 2017


...................................

...THE MINOT ND CLIMATE SUMMARY FOR JUNE 27 2017...

CLIMATE NORMAL PERIOD 1981 TO 2010
CLIMATE RECORD PERIOD 1897 TO 2017


WEATHER ITEM   OBSERVED TIME   RECORD YEAR NORMAL DEPARTURE LAST
                VALUE   (LST)  VALUE       VALUE  FROM      YEAR
                                                  NORMAL
..................................................................
TEMPERATURE (F)
 YESTERDAY
  MAXIMUM         88    400 PM 101    1988  78     10       74
  MINIMUM         61   1203 AM  36    1911  56      5       56
  AVERAGE         75                        67      8       65

PRECIPITATION (IN)
  YESTERDAY        T             3.44 1944   0.12  -0.12     0.00
  MONTH TO DATE    1.23                      3.24  -2.01     2.74
  SINCE JUN 1      1.23                      3.24  -2.01     2.74
  SINCE JAN 1      2.59                      8.63  -6.04     7.89

DEGREE DAYS
 COOLING
  YESTERDAY       10                         4      6        0
  MONTH TO DATE   89                        61     28      118
  SINCE JUN 1     89                        61     28      118
  SINCE JAN 1     92                        77     15      158
..................................................................


WIND (MPH)
  HIGHEST WIND SPEED    28   HIGHEST WIND DIRECTION     S (170)
  HIGHEST GUST SPEED    36   HIGHEST GUST DIRECTION     S (170)
  AVERAGE WIND SPEED    15.0


SKY COVER
  POSSIBLE SUNSHINE  MM
  AVERAGE SKY COVER 0.1


WEATHER CONDITIONS
 THE FOLLOWING WEATHER WAS RECORDED YESTERDAY.
  LIGHT RAIN


RELATIVE HUMIDITY (PERCENT)
 HIGHEST    68          1100 PM
 LOWEST     34           100 PM
 AVERAGE    51

..........................................................


THE MINOT ND CLIMATE NORMALS FOR TODAY
                         NORMAL    RECORD    YEAR
 MAXIMUM TEMPERATURE (F)   78       103      1931
 MINIMUM TEMPERATURE (F)   56        34      1923


SUNRISE AND SUNSET
JUNE 28 2017..........SUNRISE   547 AM CDT   SUNSET   950 PM CDT
JUNE 29 2017..........SUNRISE   548 AM CDT   SUNSET   950 PM CDT


-  INDICATES NEGATIVE NUMBERS.
R  INDICATES RECORD WAS SET OR TIED.
MM INDICATES DATA IS MISSING.
T  INDICATES TRACE AMOUNT.




$$
