000
CDUS43 KBIS 240734
CLIMOT


CLIMATE REPORT
NATIONAL WEATHER SERVICE BISMARCK ND
234 AM CDT TUE OCT 24 2017


...................................

...THE MINOT ND CLIMATE SUMMARY FOR OCTOBER 23 2017...

CLIMATE NORMAL PERIOD 1981 TO 2010
CLIMATE RECORD PERIOD 1897 TO 2017


WEATHER ITEM   OBSERVED TIME   RECORD YEAR NORMAL DEPARTURE LAST
                VALUE   (LST)  VALUE       VALUE  FROM      YEAR
                                                  NORMAL
..................................................................
TEMPERATURE (F)
 YESTERDAY
  MAXIMUM         55    218 PM  78    1963  51      4       53
  MINIMUM         39   1159 PM  -1    1919  31      8       34
  AVERAGE         47                        41      6       44

PRECIPITATION (IN)
  YESTERDAY        0.00          0.34 2015   0.02  -0.02     0.00
  MONTH TO DATE    0.04                      0.92  -0.88     1.06
  SINCE SEP 1      2.00                      2.38  -0.38     4.04
  SINCE JAN 1      7.33                     15.82  -8.49    15.90

DEGREE DAYS
 HEATING
  YESTERDAY       18                        24     -6       21
  MONTH TO DATE  337                       431    -94      419
  SINCE SEP 1    525                       680   -155      608
  SINCE JUL 1    535                       751   -216      619

 COOLING
  YESTERDAY        0                         0      0        0
  MONTH TO DATE    0                         0      0        0
  SINCE SEP 1     62                        33     29       29
  SINCE JAN 1    580                       444    136      682
..................................................................


WIND (MPH)
  HIGHEST WIND SPEED    38   HIGHEST WIND DIRECTION    NW (310)
  HIGHEST GUST SPEED    45   HIGHEST GUST DIRECTION    NW (300)
  AVERAGE WIND SPEED    20.5


SKY COVER
  POSSIBLE SUNSHINE  MM
  AVERAGE SKY COVER 0.4


WEATHER CONDITIONS
 THE FOLLOWING WEATHER WAS RECORDED YESTERDAY.
  NO SIGNIFICANT WEATHER WAS OBSERVED.


RELATIVE HUMIDITY (PERCENT)
 HIGHEST    82           700 AM
 LOWEST     46           200 PM
 AVERAGE    64

..........................................................


THE MINOT ND CLIMATE NORMALS FOR TODAY
                         NORMAL    RECORD    YEAR
 MAXIMUM TEMPERATURE (F)   51        79      1992
                                             1948
 MINIMUM TEMPERATURE (F)   31       -16      1919


SUNRISE AND SUNSET
OCTOBER 24 2017.......SUNRISE   819 AM CDT   SUNSET   639 PM CDT
OCTOBER 25 2017.......SUNRISE   820 AM CDT   SUNSET   637 PM CDT


-  INDICATES NEGATIVE NUMBERS.
R  INDICATES RECORD WAS SET OR TIED.
MM INDICATES DATA IS MISSING.
T  INDICATES TRACE AMOUNT.




$$
