000
CDUS43 KBIS 010727
CLIMOT


CLIMATE REPORT
NATIONAL WEATHER SERVICE BISMARCK ND
126 AM CST SUN FEB 1 2015


...................................

...THE MINOT ND CLIMATE SUMMARY FOR JANUARY 31 2015...

CLIMATE NORMAL PERIOD 1981 TO 2010
CLIMATE RECORD PERIOD 1905 TO 2015


WEATHER ITEM   OBSERVED TIME   RECORD YEAR NORMAL DEPARTURE LAST
                VALUE   (LST)  VALUE       VALUE  FROM      YEAR
                                                  NORMAL
..................................................................
TEMPERATURE (F)
 YESTERDAY
  MAXIMUM         20   1257 AM  53    1931  22     -2       17
  MINIMUM         -9   1159 PM -33    1918   5    -14       -7
  AVERAGE          6                        14     -8        5

PRECIPITATION (IN)
  YESTERDAY        T             0.23 1965   0.01  -0.01      T
  MONTH TO DATE    0.24                      0.51  -0.27     0.19
  SINCE DEC 1      0.25                      0.89  -0.64     0.37
  SINCE JAN 1      0.24                      0.51  -0.27     0.19

DEGREE DAYS
 HEATING
  YESTERDAY       59                        51      8       60
  MONTH TO DATE 1471                      1634   -163     1642
  SINCE DEC 1   2906                      3174   -268     3527
  SINCE JUL 1   5085                      5232   -147     5582
..................................................................


WIND (MPH)
  HIGHEST WIND SPEED    18   HIGHEST WIND DIRECTION    NE (50)
  HIGHEST GUST SPEED    23   HIGHEST GUST DIRECTION    NE (50)
  AVERAGE WIND SPEED    13.5


SKY COVER
  POSSIBLE SUNSHINE  MM
  AVERAGE SKY COVER 1.0


WEATHER CONDITIONS
 THE FOLLOWING WEATHER WAS RECORDED YESTERDAY.
  SNOW
  LIGHT SNOW
  HAZE


RELATIVE HUMIDITY (PERCENT)
 HIGHEST    88           500 AM
 LOWEST     57          1100 PM
 AVERAGE    73

..........................................................


THE MINOT ND CLIMATE NORMALS FOR TODAY
                         NORMAL    RECORD    YEAR
 MAXIMUM TEMPERATURE (F)   22        60      1992
 MINIMUM TEMPERATURE (F)    5       -35      1917


SUNRISE AND SUNSET
FEBRUARY  1 2015......SUNRISE   814 AM CST   SUNSET   544 PM CST
FEBRUARY  2 2015......SUNRISE   812 AM CST   SUNSET   546 PM CST


-  INDICATES NEGATIVE NUMBERS.
R  INDICATES RECORD WAS SET OR TIED.
MM INDICATES DATA IS MISSING.
T  INDICATES TRACE AMOUNT.




$$
