000
CDUS43 KBIS 220735
CLIMOT


CLIMATE REPORT
NATIONAL WEATHER SERVICE BISMARCK ND
235 AM CDT FRI AUG 22 2014


...................................

...THE MINOT ND CLIMATE SUMMARY FOR AUGUST 21 2014...

CLIMATE NORMAL PERIOD 1981 TO 2010
CLIMATE RECORD PERIOD 1905 TO 2014


WEATHER ITEM   OBSERVED TIME   RECORD YEAR NORMAL DEPARTURE LAST
                VALUE   (LST)  VALUE       VALUE  FROM      YEAR
                                                  NORMAL
..................................................................
TEMPERATURE (F)
 YESTERDAY
  MAXIMUM         80    357 PM 103    1971  81     -1       77
  MINIMUM         62   1022 PM  32    1920  55      7       54
  AVERAGE         71                        68      3       66

PRECIPITATION (IN)
  YESTERDAY        T             1.73 1966   0.07  -0.07     0.00
  MONTH TO DATE    0.73                      1.40  -0.67     1.34
  SINCE JUN 1      7.79                      7.41   0.38    10.38
  SINCE JAN 1     11.60                     12.80  -1.20    18.75

DEGREE DAYS
 COOLING
  YESTERDAY        6                         4      2        1
  MONTH TO DATE  125                       117      8       75
  SINCE JUN 1    256                       359   -103      262
  SINCE JAN 1    297                       375    -78      272
..................................................................


WIND (MPH)
  HIGHEST WIND SPEED    16   HIGHEST WIND DIRECTION    NW (330)
  HIGHEST GUST SPEED    20   HIGHEST GUST DIRECTION     N (340)
  AVERAGE WIND SPEED     8.6


SKY COVER
  POSSIBLE SUNSHINE  MM
  AVERAGE SKY COVER 0.7


WEATHER CONDITIONS
 THE FOLLOWING WEATHER WAS RECORDED YESTERDAY.
  LIGHT RAIN
  FOG
  HAZE


RELATIVE HUMIDITY (PERCENT)
 HIGHEST    93           100 AM
 LOWEST     54           400 PM
 AVERAGE    74

..........................................................


THE MINOT ND CLIMATE NORMALS FOR TODAY
                         NORMAL    RECORD    YEAR
 MAXIMUM TEMPERATURE (F)   80        99      1969
 MINIMUM TEMPERATURE (F)   55        33      1923


SUNRISE AND SUNSET
AUGUST 22 2014........SUNRISE   649 AM CDT   SUNSET   846 PM CDT
AUGUST 23 2014........SUNRISE   650 AM CDT   SUNSET   844 PM CDT


-  INDICATES NEGATIVE NUMBERS.
R  INDICATES RECORD WAS SET OR TIED.
MM INDICATES DATA IS MISSING.
T  INDICATES TRACE AMOUNT.




$$
