000
CDUS43 KBIS 190749
CLIMOT


CLIMATE REPORT
NATIONAL WEATHER SERVICE BISMARCK ND
147 AM CST FRI DEC 19 2014


...................................

...THE MINOT ND CLIMATE SUMMARY FOR DECEMBER 18 2014...

CLIMATE NORMAL PERIOD 1981 TO 2010
CLIMATE RECORD PERIOD 1905 TO 2014


WEATHER ITEM   OBSERVED TIME   RECORD YEAR NORMAL DEPARTURE LAST
                VALUE   (LST)  VALUE       VALUE  FROM      YEAR
                                                  NORMAL
..................................................................
TEMPERATURE (F)
 YESTERDAY
  MAXIMUM         25   1159 PM  53    1923  23      2       32
  MINIMUM          4   1230 AM -31    1922   6     -2        0
  AVERAGE         15                        14      1       16

PRECIPITATION (IN)
  YESTERDAY        T             0.18 2002   0.01  -0.01      T
  MONTH TO DATE    T                         0.21  -0.21     0.15
  SINCE DEC 1      T                         0.21  -0.21     0.15
  SINCE JAN 1     15.95                     17.02  -1.07    24.96

DEGREE DAYS
 HEATING
  YESTERDAY       50                        51     -1       49
  MONTH TO DATE  816                       864    -48     1092
  SINCE DEC 1    816                       864    -48     1092
  SINCE JUL 1   2995                      2922     73     3147
..................................................................


WIND (MPH)
  HIGHEST WIND SPEED    13   HIGHEST WIND DIRECTION     S (180)
  HIGHEST GUST SPEED    14   HIGHEST GUST DIRECTION     S (180)
  AVERAGE WIND SPEED     5.8


SKY COVER
  POSSIBLE SUNSHINE  MM
  AVERAGE SKY COVER 0.9


WEATHER CONDITIONS
 THE FOLLOWING WEATHER WAS RECORDED YESTERDAY.
  LIGHT SNOW
  FOG
  HAZE


RELATIVE HUMIDITY (PERCENT)
 HIGHEST    88           800 AM
 LOWEST     77          1000 AM
 AVERAGE    83

..........................................................


THE MINOT ND CLIMATE NORMALS FOR TODAY
                         NORMAL    RECORD    YEAR
 MAXIMUM TEMPERATURE (F)   22        53      1923
 MINIMUM TEMPERATURE (F)    6       -37      1916


SUNRISE AND SUNSET
DECEMBER 19 2014......SUNRISE   832 AM CST   SUNSET   452 PM CST
DECEMBER 20 2014......SUNRISE   833 AM CST   SUNSET   453 PM CST


-  INDICATES NEGATIVE NUMBERS.
R  INDICATES RECORD WAS SET OR TIED.
MM INDICATES DATA IS MISSING.
T  INDICATES TRACE AMOUNT.




$$
