000
CDUS43 KBIS 280033
CLIMOT


CLIMATE REPORT
NATIONAL WEATHER SERVICE BISMARCK ND
733 PM CDT SUN JUL 27 2014


...................................

...THE MINOT ND CLIMATE SUMMARY FOR JULY 27 2014...
VALID TODAY AS OF 0700 PM LOCAL TIME.

CLIMATE NORMAL PERIOD 1981 TO 2010
CLIMATE RECORD PERIOD 1905 TO 2014


WEATHER ITEM   OBSERVED TIME   RECORD YEAR NORMAL DEPARTURE LAST
                VALUE   (LST)  VALUE       VALUE  FROM      YEAR
                                                  NORMAL
..................................................................
TEMPERATURE (F)
 TODAY
  MAXIMUM         69    506 PM 108    1931  83    -14       70
  MINIMUM         56    603 AM  40    1925  58     -2       43
  AVERAGE         63                        71     -8       57

PRECIPITATION (IN)
  TODAY            0.00          1.06 1993   0.06  -0.06     0.00
  MONTH TO DATE    1.63                      2.19  -0.56     4.15
  SINCE JUN 1      6.97                      5.77   1.20     8.75
  SINCE JAN 1     10.78                     11.16  -0.38    17.12

DEGREE DAYS
 HEATING
  TODAY            2                         1      1        8
  MONTH TO DATE   28                        23      5       24
  SINCE JUN 1    119                       129    -10      108
  SINCE JUL 1     28                        23      5       24

 COOLING
  TODAY            0                         6     -6        0
  MONTH TO DATE  100                       144    -44      123
  SINCE JUN 1    122                       217    -95      187
  SINCE JAN 1    163                       233    -70      197
..................................................................


WIND (MPH)
  RESULTANT WIND SPEED  11   RESULTANT WIND DIRECTION  NW (320)
  HIGHEST WIND SPEED    18   HIGHEST WIND DIRECTION    NW (330)
  HIGHEST GUST SPEED    23   HIGHEST GUST DIRECTION    NW (330)
  AVERAGE WIND SPEED    11.7


SKY COVER
  POSSIBLE SUNSHINE  MM
  AVERAGE SKY COVER 0.9


WEATHER CONDITIONS
 THE FOLLOWING WEATHER WAS RECORDED TODAY.
  NO SIGNIFICANT WEATHER WAS OBSERVED.


RELATIVE HUMIDITY (PERCENT)
 HIGHEST    93           100 AM
 LOWEST     53           300 PM
 AVERAGE    73

..........................................................


THE MINOT ND CLIMATE NORMALS FOR TOMORROW
                         NORMAL    RECORD    YEAR
 MAXIMUM TEMPERATURE (F)   83       104      1917
 MINIMUM TEMPERATURE (F)   58        41      1925


SUNRISE AND SUNSET
JULY 27 2014..........SUNRISE   614 AM CDT   SUNSET   928 PM CDT
JULY 28 2014..........SUNRISE   615 AM CDT   SUNSET   927 PM CDT


-  INDICATES NEGATIVE NUMBERS.
R  INDICATES RECORD WAS SET OR TIED.
MM INDICATES DATA IS MISSING.
T  INDICATES TRACE AMOUNT.




$$
