000
CDUS43 KBIS 010732
CLIMOT


CLIMATE REPORT
NATIONAL WEATHER SERVICE BISMARCK ND
231 AM CDT SUN MAY 1 2016


...................................

...THE MINOT ND CLIMATE SUMMARY FOR APRIL 30 2016...

CLIMATE NORMAL PERIOD 1981 TO 2010
CLIMATE RECORD PERIOD 1897 TO 2016


WEATHER ITEM   OBSERVED TIME   RECORD YEAR NORMAL DEPARTURE LAST
                VALUE   (LST)  VALUE       VALUE  FROM      YEAR
                                                  NORMAL
..................................................................
TEMPERATURE (F)
 YESTERDAY
  MAXIMUM         67    449 PM  89    1939  62      5       72
                                      1926
  MINIMUM         34    549 AM  14    1909  37     -3       46
  AVERAGE         51                        50      1       59

PRECIPITATION (IN)
  YESTERDAY        0.00          1.00 1898   0.06  -0.06     0.01
  MONTH TO DATE    2.17                      1.14   1.03     0.59
  SINCE MAR 1      2.58                      1.98   0.60     0.96
  SINCE JAN 1      3.16                      2.89   0.27     1.43

DEGREE DAYS
 HEATING
  YESTERDAY       14                        16     -2        6
  MONTH TO DATE  589                       653    -64      622
  SINCE MAR 1   1385                      1790   -405     1583
  SINCE JUL 1   6817                      8366  -1549     8271

 COOLING
  YESTERDAY        0                         0      0        0
  MONTH TO DATE    0                         1     -1        0
  SINCE MAR 1      0                         1     -1        0
  SINCE JAN 1      0                         1     -1        0
..................................................................


WIND (MPH)
  HIGHEST WIND SPEED    22   HIGHEST WIND DIRECTION    NE (60)
  HIGHEST GUST SPEED    33   HIGHEST GUST DIRECTION     E (80)
  AVERAGE WIND SPEED     8.4


SKY COVER
  POSSIBLE SUNSHINE  MM
  AVERAGE SKY COVER 0.0


WEATHER CONDITIONS
 THE FOLLOWING WEATHER WAS RECORDED YESTERDAY.
  NO SIGNIFICANT WEATHER WAS OBSERVED.


RELATIVE HUMIDITY (PERCENT)
 HIGHEST    64           100 AM
 LOWEST     20           500 PM
 AVERAGE    42

..........................................................


THE MINOT ND CLIMATE NORMALS FOR TODAY
                         NORMAL    RECORD    YEAR
 MAXIMUM TEMPERATURE (F)   62        88      1939
 MINIMUM TEMPERATURE (F)   38         9      1909


SUNRISE AND SUNSET
MAY  1 2016...........SUNRISE   625 AM CDT   SUNSET   900 PM CDT
MAY  2 2016...........SUNRISE   624 AM CDT   SUNSET   901 PM CDT


-  INDICATES NEGATIVE NUMBERS.
R  INDICATES RECORD WAS SET OR TIED.
MM INDICATES DATA IS MISSING.
T  INDICATES TRACE AMOUNT.




$$
