000
CDUS43 KBIS 260726
CLIMOT


CLIMATE REPORT
NATIONAL WEATHER SERVICE BISMARCK ND
225 AM CDT TUE JUL 26 2016


...................................

...THE MINOT ND CLIMATE SUMMARY FOR JULY 25 2016...

CLIMATE NORMAL PERIOD 1981 TO 2010
CLIMATE RECORD PERIOD 1897 TO 2016


WEATHER ITEM   OBSERVED TIME   RECORD YEAR NORMAL DEPARTURE LAST
                VALUE   (LST)  VALUE       VALUE  FROM      YEAR
                                                  NORMAL
..................................................................
TEMPERATURE (F)
 YESTERDAY
  MAXIMUM         91    410 PM 106    1931  83      8       92
  MINIMUM         59    537 AM  43    1911  58      1       56
  AVERAGE         75                        71      4       74

PRECIPITATION (IN)
  YESTERDAY        0.00          1.39 1963   0.06  -0.06      T
  MONTH TO DATE    2.72                      2.07   0.65     1.96
  SINCE JUN 1      5.46                      5.65  -0.19     5.99
  SINCE JAN 1     10.61                     11.04  -0.43    10.12

DEGREE DAYS
 COOLING
  YESTERDAY       10                         6      4        9
  MONTH TO DATE  197                       132     65      154
  SINCE JUN 1    328                       205    123      228
  SINCE JAN 1    368                       221    147      235
..................................................................


WIND (MPH)
  HIGHEST WIND SPEED    13   HIGHEST WIND DIRECTION     N (10)
  HIGHEST GUST SPEED    15   HIGHEST GUST DIRECTION     N (20)
  AVERAGE WIND SPEED     4.6


SKY COVER
  POSSIBLE SUNSHINE  MM
  AVERAGE SKY COVER 0.0


WEATHER CONDITIONS
 THE FOLLOWING WEATHER WAS RECORDED YESTERDAY.
  NO SIGNIFICANT WEATHER WAS OBSERVED.


RELATIVE HUMIDITY (PERCENT)
 HIGHEST    90           300 AM
 LOWEST     39          1200 PM
 AVERAGE    65

..........................................................


THE MINOT ND CLIMATE NORMALS FOR TODAY
                         NORMAL    RECORD    YEAR
 MAXIMUM TEMPERATURE (F)   83       104      1929
 MINIMUM TEMPERATURE (F)   58        39      1918


SUNRISE AND SUNSET
JULY 26 2016..........SUNRISE   614 AM CDT   SUNSET   929 PM CDT
JULY 27 2016..........SUNRISE   615 AM CDT   SUNSET   928 PM CDT


-  INDICATES NEGATIVE NUMBERS.
R  INDICATES RECORD WAS SET OR TIED.
MM INDICATES DATA IS MISSING.
T  INDICATES TRACE AMOUNT.




$$
