000
CDUS43 KBIS 250836
CLIMOT


CLIMATE REPORT
NATIONAL WEATHER SERVICE BISMARCK ND
235 AM CST SAT FEB 25 2017


...................................

...THE MINOT ND CLIMATE SUMMARY FOR FEBRUARY 24 2017...

CLIMATE NORMAL PERIOD 1981 TO 2010
CLIMATE RECORD PERIOD 1897 TO 2017


WEATHER ITEM   OBSERVED TIME   RECORD YEAR NORMAL DEPARTURE LAST
                VALUE   (LST)  VALUE       VALUE  FROM      YEAR
                                                  NORMAL
..................................................................
TEMPERATURE (F)
 YESTERDAY
  MAXIMUM         32    412 PM  51    1958  28      4       36
  MINIMUM         16    722 AM -24    1900  12      4       25
  AVERAGE         24                        20      4       31

PRECIPITATION (IN)
  YESTERDAY        T             0.23 1984   0.01  -0.01      T
  MONTH TO DATE    0.02                      0.33  -0.31     0.37
  SINCE DEC 1      0.71                      1.22  -0.51     0.89
  SINCE JAN 1      0.09                      0.84  -0.75     0.58

DEGREE DAYS
 HEATING
  YESTERDAY       41                        45     -4       34
  MONTH TO DATE  991                      1167   -176      892
  SINCE DEC 1   4207                      4341   -134     3575
  SINCE JUL 1   5722                      6399   -677     5276
..................................................................


WIND (MPH)
  HIGHEST WIND SPEED    12   HIGHEST WIND DIRECTION    NW (330)
  HIGHEST GUST SPEED    14   HIGHEST GUST DIRECTION    NW (330)
  AVERAGE WIND SPEED     5.4


SKY COVER
  POSSIBLE SUNSHINE  MM
  AVERAGE SKY COVER 0.4


WEATHER CONDITIONS
 THE FOLLOWING WEATHER WAS RECORDED YESTERDAY.
  NO SIGNIFICANT WEATHER WAS OBSERVED.


RELATIVE HUMIDITY (PERCENT)
 HIGHEST    84           100 AM
 LOWEST     50          1200 PM
 AVERAGE    67

..........................................................


THE MINOT ND CLIMATE NORMALS FOR TODAY
                         NORMAL    RECORD    YEAR
 MAXIMUM TEMPERATURE (F)   28        66      1958
 MINIMUM TEMPERATURE (F)   12       -28      1919


SUNRISE AND SUNSET
FEBRUARY 25 2017......SUNRISE   733 AM CST   SUNSET   624 PM CST
FEBRUARY 26 2017......SUNRISE   731 AM CST   SUNSET   625 PM CST


-  INDICATES NEGATIVE NUMBERS.
R  INDICATES RECORD WAS SET OR TIED.
MM INDICATES DATA IS MISSING.
T  INDICATES TRACE AMOUNT.




$$
