000
CDUS41 KPHI 210631
CLIMPO


CLIMATE REPORT
NATIONAL WEATHER SERVICE MOUNT HOLLY NJ
129 AM EST TUE FEB 21 2017


...................................

...THE MOUNT POCONO PA CLIMATE SUMMARY FOR FEBRUARY 20 2017...

CLIMATE NORMAL PERIOD 1981 TO 2010
CLIMATE RECORD PERIOD 1901 TO 2017


WEATHER ITEM   OBSERVED TIME   RECORD YEAR NORMAL DEPARTURE LAST
                VALUE   (LST)  VALUE       VALUE  FROM      YEAR
                                                  NORMAL
..................................................................
TEMPERATURE (F)
 YESTERDAY
  MAXIMUM         43    420 PM  59    1939  35      8       54
  MINIMUM         26   1057 PM -18    1993  19      7       28
  AVERAGE         35                        27      8       41

PRECIPITATION (IN)
  YESTERDAY        0.00          1.52 1909   0.09  -0.09     0.00
  MONTH TO DATE    1.27                      1.65  -0.38     2.82
  SINCE DEC 1      6.39                      8.37  -1.98     9.88
  SINCE JAN 1      4.20                      4.50  -0.30     6.05

DEGREE DAYS
 HEATING
  YESTERDAY       30                        38     -8       24
  MONTH TO DATE  731                       795    -64      789
  SINCE DEC 1   3032                      3247   -215     2753
  SINCE JUL 1   4425                      4826   -401     4020

 COOLING
  YESTERDAY        0                         0      0        0
  MONTH TO DATE    0                         0      0        0
  SINCE DEC 1      0                         0      0        0
  SINCE JAN 1      0                         0      0        0
..................................................................


WIND (MPH)
  HIGHEST WIND SPEED    20   HIGHEST WIND DIRECTION     N (340)
  HIGHEST GUST SPEED    28   HIGHEST GUST DIRECTION    NW (330)
  AVERAGE WIND SPEED    10.3


SKY COVER
  POSSIBLE SUNSHINE  MM
  AVERAGE SKY COVER 0.0


WEATHER CONDITIONS
 THE FOLLOWING WEATHER WAS RECORDED YESTERDAY.
  NO SIGNIFICANT WEATHER WAS OBSERVED.


RELATIVE HUMIDITY (PERCENT)
 HIGHEST    85           700 AM
 LOWEST     29           400 PM
 AVERAGE    57

..........................................................


THE MOUNT POCONO PA CLIMATE NORMALS FOR TODAY
                         NORMAL    RECORD    YEAR
 MAXIMUM TEMPERATURE (F)   35        60      1930
 MINIMUM TEMPERATURE (F)   19       -10      2015


SUNRISE AND SUNSET
FEBRUARY 21 2017......SUNRISE   647 AM EST   SUNSET   543 PM EST
FEBRUARY 22 2017......SUNRISE   646 AM EST   SUNSET   545 PM EST


-  INDICATES NEGATIVE NUMBERS.
R  INDICATES RECORD WAS SET OR TIED.
MM INDICATES DATA IS MISSING.
T  INDICATES TRACE AMOUNT.




$$
