000
CDUS41 KPHI 210547
CLIMPO


CLIMATE REPORT
NATIONAL WEATHER SERVICE MOUNT HOLLY NJ
147 AM EDT MON AUG 21 2017


...................................

...THE MOUNT POCONO PA CLIMATE SUMMARY FOR AUGUST 20 2017...

CLIMATE NORMAL PERIOD 1981 TO 2010
CLIMATE RECORD PERIOD 1901 TO 2017


WEATHER ITEM   OBSERVED TIME   RECORD YEAR NORMAL DEPARTURE LAST
                VALUE   (LST)  VALUE       VALUE  FROM      YEAR
                                                  NORMAL
..................................................................
TEMPERATURE (F)
 YESTERDAY
  MAXIMUM         75    420 PM  89    1955  76     -1       80
  MINIMUM         57    521 AM  36    1941  57      0       56
  AVERAGE         66                        66      0       68

PRECIPITATION (IN)
  YESTERDAY        0.00          3.73 1986   0.15  -0.15     0.00
  MONTH TO DATE    4.08                      3.08   1.00     3.07
  SINCE JUN 1     13.52                     12.10   1.42    11.30
  SINCE JAN 1     30.42                     29.60   0.82    28.73

DEGREE DAYS
 HEATING
  YESTERDAY        0                         1     -1        0
  MONTH TO DATE   30                        20     10        1
  SINCE JUN 1    169                       142     27      109
  SINCE JUL 1     42                        42      0       17

 COOLING
  YESTERDAY        1                         3     -2        3
  MONTH TO DATE   36                        74    -38      103
  SINCE JUN 1    201                       257    -56      290
  SINCE JAN 1    219                       276    -57      319
..................................................................


WIND (MPH)
  HIGHEST WIND SPEED    16   HIGHEST WIND DIRECTION    NW (310)
  HIGHEST GUST SPEED    22   HIGHEST GUST DIRECTION    NW (320)
  AVERAGE WIND SPEED     7.8


SKY COVER
  POSSIBLE SUNSHINE  MM
  AVERAGE SKY COVER 1.0


WEATHER CONDITIONS
 THE FOLLOWING WEATHER WAS RECORDED YESTERDAY.
  NO SIGNIFICANT WEATHER WAS OBSERVED.


RELATIVE HUMIDITY (PERCENT)
 HIGHEST   100          1200 AM
 LOWEST     53           100 PM
 AVERAGE    77

..........................................................


THE MOUNT POCONO PA CLIMATE NORMALS FOR TODAY
                         NORMAL    RECORD    YEAR
 MAXIMUM TEMPERATURE (F)   76        88      1955
 MINIMUM TEMPERATURE (F)   57        34      1908


SUNRISE AND SUNSET
AUGUST 21 2017........SUNRISE   617 AM EDT   SUNSET   751 PM EDT
AUGUST 22 2017........SUNRISE   618 AM EDT   SUNSET   750 PM EDT


-  INDICATES NEGATIVE NUMBERS.
R  INDICATES RECORD WAS SET OR TIED.
MM INDICATES DATA IS MISSING.
T  INDICATES TRACE AMOUNT.




$$
