000
CDUS41 KPHI 280629
CLIMPO


CLIMATE REPORT
NATIONAL WEATHER SERVICE MOUNT HOLLY NJ
229 AM EDT WED JUN 28 2017


...................................

...THE MOUNT POCONO PA CLIMATE SUMMARY FOR JUNE 27 2017...

CLIMATE NORMAL PERIOD 1981 TO 2010
CLIMATE RECORD PERIOD 1901 TO 2017


WEATHER ITEM   OBSERVED TIME   RECORD YEAR NORMAL DEPARTURE LAST
                VALUE   (LST)  VALUE       VALUE  FROM      YEAR
                                                  NORMAL
..................................................................
TEMPERATURE (F)
 YESTERDAY
  MAXIMUM         68   1238 PM  88    1999  77     -9       79
  MINIMUM         50   1159 PM  38    1940  57     -7       59
  AVERAGE         59                        67     -8       69

PRECIPITATION (IN)
  YESTERDAY        0.03          3.14 2006   0.12  -0.09     0.17
  MONTH TO DATE    3.56                      4.00  -0.44     1.59
  SINCE JUN 1      3.56                      4.00  -0.44     1.59
  SINCE JAN 1     20.46                     21.50  -1.04    19.02

DEGREE DAYS
 HEATING
  YESTERDAY        6                         1      5        0
  MONTH TO DATE  120                        95     25       90
  SINCE JUN 1    120                        95     25       90
  SINCE JUL 1   6644                      7111   -467     6142

 COOLING
  YESTERDAY        0                         3     -3        4
  MONTH TO DATE   49                        52     -3       21
  SINCE JUN 1     49                        52     -3       21
  SINCE JAN 1     67                        71     -4       50
..................................................................


WIND (MPH)
  HIGHEST WIND SPEED    21   HIGHEST WIND DIRECTION     W (290)
  HIGHEST GUST SPEED    28   HIGHEST GUST DIRECTION     W (280)
  AVERAGE WIND SPEED     7.1


SKY COVER
  POSSIBLE SUNSHINE  MM
  AVERAGE SKY COVER 0.3


WEATHER CONDITIONS
 THE FOLLOWING WEATHER WAS RECORDED YESTERDAY.
  THUNDERSTORM
  LIGHT RAIN


RELATIVE HUMIDITY (PERCENT)
 HIGHEST   100           100 AM
 LOWEST     52          1200 PM
 AVERAGE    76

..........................................................


THE MOUNT POCONO PA CLIMATE NORMALS FOR TODAY
                         NORMAL    RECORD    YEAR
 MAXIMUM TEMPERATURE (F)   77        88      1911
 MINIMUM TEMPERATURE (F)   57        36      1988


SUNRISE AND SUNSET
JUNE 28 2017..........SUNRISE   531 AM EDT   SUNSET   838 PM EDT
JUNE 29 2017..........SUNRISE   532 AM EDT   SUNSET   838 PM EDT


-  INDICATES NEGATIVE NUMBERS.
R  INDICATES RECORD WAS SET OR TIED.
MM INDICATES DATA IS MISSING.
T  INDICATES TRACE AMOUNT.




$$
