000
CDUS41 KPHI 280630
CLIMPO


CLIMATE REPORT
NATIONAL WEATHER SERVICE MOUNT HOLLY NJ
230 AM EDT MON JUL 28 2014


...................................

...THE MOUNT POCONO PA CLIMATE SUMMARY FOR JULY 27 2014...

CLIMATE NORMAL PERIOD 1981 TO 2010
CLIMATE RECORD PERIOD 1901 TO 2014


WEATHER ITEM   OBSERVED TIME   RECORD YEAR NORMAL DEPARTURE LAST
                VALUE   (LST)  VALUE       VALUE  FROM      YEAR
                                                  NORMAL
..................................................................
TEMPERATURE (F)
 YESTERDAY
  MAXIMUM         81    449 PM  91    1955  78      3       77
  MINIMUM         63   1159 PM  39    1977  58      5       52
  AVERAGE         72                        68      4       65

PRECIPITATION (IN)
  YESTERDAY        0.04          1.83 1987   0.16  -0.12     0.02
  MONTH TO DATE    3.47                      3.88  -0.41     5.58
  SINCE JUN 1      6.92                      8.26  -1.34    14.77
  SINCE JAN 1     25.68                     25.76  -0.08    28.78

SNOWFALL (IN)
  YESTERDAY       MM            MM      MM  MM     MM       MM
  MONTH TO DATE   MM                        MM     MM       MM
  SINCE JUN 1     MM                        MM     MM       MM
  SINCE JUL 1     MM                        MM     MM       MM
  SNOW DEPTH      MM

DEGREE DAYS
 HEATING
  YESTERDAY        0                         1     -1        0
  MONTH TO DATE   12                        27    -15        7
  SINCE JUN 1     67                       127    -60       83
  SINCE JUL 1     12                        27    -15        7

 COOLING
  YESTERDAY        7                         4      3        0
  MONTH TO DATE  107                       107      0      225
  SINCE JUN 1    167                       169     -2      306
  SINCE JAN 1    174                       188    -14      338
..................................................................


WIND (MPH)
  HIGHEST WIND SPEED    20   HIGHEST WIND DIRECTION     W (270)
  HIGHEST GUST SPEED    26   HIGHEST GUST DIRECTION     W (280)
  AVERAGE WIND SPEED     8.7


SKY COVER
  POSSIBLE SUNSHINE  MM
  AVERAGE SKY COVER 0.4


WEATHER CONDITIONS
 THE FOLLOWING WEATHER WAS RECORDED YESTERDAY.
  LIGHT RAIN
  FOG
  HAZE


RELATIVE HUMIDITY (PERCENT)
 HIGHEST    87           300 AM
 LOWEST     51           300 PM
 AVERAGE    69

..........................................................


THE MOUNT POCONO PA CLIMATE NORMALS FOR TODAY
                         NORMAL    RECORD    YEAR
 MAXIMUM TEMPERATURE (F)   78        93      1949
 MINIMUM TEMPERATURE (F)   58        38      1903


SUNRISE AND SUNSET
JULY 28 2014..........SUNRISE   553 AM EDT   SUNSET   822 PM EDT
JULY 29 2014..........SUNRISE   554 AM EDT   SUNSET   821 PM EDT


-  INDICATES NEGATIVE NUMBERS.
R  INDICATES RECORD WAS SET OR TIED.
MM INDICATES DATA IS MISSING.
T  INDICATES TRACE AMOUNT.




$$
