000
CDUS41 KPHI 060627
CLIMPO


CLIMATE REPORT
NATIONAL WEATHER SERVICE MOUNT HOLLY NJ
227 AM EDT FRI MAY 6 2016


...................................

...THE MOUNT POCONO PA CLIMATE SUMMARY FOR MAY 5 2016...

CLIMATE NORMAL PERIOD 1981 TO 2010
CLIMATE RECORD PERIOD 1901 TO 2016


WEATHER ITEM   OBSERVED TIME   RECORD YEAR NORMAL DEPARTURE LAST
                VALUE   (LST)  VALUE       VALUE  FROM      YEAR
                                                  NORMAL
..................................................................
TEMPERATURE (F)
 YESTERDAY
  MAXIMUM         51    330 PM  83    1955  62    -11       76
  MINIMUM         39    441 AM  20    1911  42     -3       56
  AVERAGE         45                        52     -7       66

PRECIPITATION (IN)
  YESTERDAY        0.00          1.30 1917   0.12  -0.12      T
  MONTH TO DATE    1.98                      0.57   1.41     0.01
  SINCE MAR 1      5.52                      8.42  -2.90     5.24
  SINCE JAN 1     13.50                     13.68  -0.18     8.59

SNOWFALL (IN)
  YESTERDAY       MM            MM      MM  MM     MM       MM
  MONTH TO DATE   MM                        MM     MM       MM
  SINCE MAR 1     MM                        MM     MM       MM
  SINCE JUL 1     MM                        MM     MM       MM
  SNOW DEPTH      MM

DEGREE DAYS
 HEATING
  YESTERDAY       20                        13      7        0
  MONTH TO DATE   98                        68     30       38
  SINCE MAR 1   1471                      1639   -168     1729
  SINCE JUL 1   5756                      6762  -1006     7164

 COOLING
  YESTERDAY        0                         0      0        1
  MONTH TO DATE    0                         0      0        1
  SINCE MAR 1      0                         4     -4        1
  SINCE JAN 1      0                         4     -4        1
..................................................................


WIND (MPH)
  HIGHEST WIND SPEED    17   HIGHEST WIND DIRECTION    NE (50)
  HIGHEST GUST SPEED    22   HIGHEST GUST DIRECTION    NE (40)
  AVERAGE WIND SPEED     8.9


SKY COVER
  POSSIBLE SUNSHINE  MM
  AVERAGE SKY COVER 1.0


WEATHER CONDITIONS
 THE FOLLOWING WEATHER WAS RECORDED YESTERDAY.
  FOG
  FOG W/VISIBILITY <= 1/4 MILE


RELATIVE HUMIDITY (PERCENT)
 HIGHEST   100          1200 AM
 LOWEST     74           100 PM
 AVERAGE    87

..........................................................


THE MOUNT POCONO PA CLIMATE NORMALS FOR TODAY
                         NORMAL    RECORD    YEAR
 MAXIMUM TEMPERATURE (F)   63        85      1939
 MINIMUM TEMPERATURE (F)   42        23      1911


SUNRISE AND SUNSET
MAY  6 2016...........SUNRISE   553 AM EDT   SUNSET   804 PM EDT
MAY  7 2016...........SUNRISE   551 AM EDT   SUNSET   805 PM EDT


-  INDICATES NEGATIVE NUMBERS.
R  INDICATES RECORD WAS SET OR TIED.
MM INDICATES DATA IS MISSING.
T  INDICATES TRACE AMOUNT.




$$
