000
CDUS41 KBTV 200546
CLIMPV


CLIMATE REPORT
NATIONAL WEATHER SERVICE BURLINGTON VT
1242 AM EST FRI JAN 20 2017


...................................

...THE MONTPELIER VT CLIMATE SUMMARY FOR JANUARY 19 2017...

CLIMATE NORMAL PERIOD 1981 TO 2010
CLIMATE RECORD PERIOD 1948 TO 2017


WEATHER ITEM   OBSERVED TIME   RECORD YEAR NORMAL DEPARTURE LAST
                VALUE   (LST)  VALUE       VALUE  FROM      YEAR
                                                  NORMAL
..................................................................
TEMPERATURE (F)
 YESTERDAY
  MAXIMUM         35    201 PM  57    1949  26      9       13
  MINIMUM         29    425 AM -26    1997   7     22        3
  AVERAGE         32                        16     16        8

PRECIPITATION (IN)
  YESTERDAY        T             1.07        0.07  -0.07     0.01
  MONTH TO DATE    0.84                      1.41  -0.57     1.17
  SINCE DEC 1      3.43                      4.15  -0.72     4.86
  SINCE JAN 1      0.84                      1.41  -0.57     1.17

DEGREE DAYS
 HEATING
  YESTERDAY       33                        49    -16       57
  MONTH TO DATE  811                       919   -108      854
  SINCE DEC 1   2106                      2221   -115     1782
  SINCE JUL 1   3695                      4067   -372     3425

 COOLING
  YESTERDAY        0                         0      0        0
  MONTH TO DATE    0                         0      0        0
  SINCE DEC 1      0                         0      0        0
  SINCE JAN 1      0                         0      0        0
..................................................................


WIND (MPH)
  HIGHEST WIND SPEED    13   HIGHEST WIND DIRECTION    NW (310)
  HIGHEST GUST SPEED    17   HIGHEST GUST DIRECTION    NW (310)
  AVERAGE WIND SPEED     3.5


SKY COVER
  AVERAGE SKY COVER 1.0


WEATHER CONDITIONS
 THE FOLLOWING WEATHER WAS RECORDED YESTERDAY.
  LIGHT SNOW
  FOG


RELATIVE HUMIDITY (PERCENT)
 HIGHEST   100           400 AM
 LOWEST     82           700 PM
 AVERAGE    91

..........................................................


THE MONTPELIER VT CLIMATE NORMALS FOR TODAY
                         NORMAL    RECORD    YEAR
 MAXIMUM TEMPERATURE (F)   26        52      2006
                                             1954
 MINIMUM TEMPERATURE (F)    7       -24      1971


SUNRISE AND SUNSET
JANUARY 20 2017.......SUNRISE   719 AM EST   SUNSET   444 PM EST
JANUARY 21 2017.......SUNRISE   718 AM EST   SUNSET   445 PM EST


-  INDICATES NEGATIVE NUMBERS.
R  INDICATES RECORD WAS SET OR TIED.
MM INDICATES DATA IS MISSING.
T  INDICATES TRACE AMOUNT.




$$
