000
CDUS41 KBTV 110619
CLIMPV


CLIMATE REPORT
NATIONAL WEATHER SERVICE BURLINGTON VT
117 AM EST MON DEC 11 2017


...................................

...THE MONTPELIER VT CLIMATE SUMMARY FOR DECEMBER 10 2017...

CLIMATE NORMAL PERIOD 1981 TO 2010
CLIMATE RECORD PERIOD 1948 TO 2017


WEATHER ITEM   OBSERVED TIME   RECORD YEAR NORMAL DEPARTURE LAST
                VALUE   (LST)  VALUE       VALUE  FROM      YEAR
                                                  NORMAL
..................................................................
TEMPERATURE (F)
 YESTERDAY
  MAXIMUM         30   1210 PM  55    2008  33     -3       18
                                      1966
  MINIMUM         20    802 AM -14    1949  17      3        5
  AVERAGE         25                        25      0       12

PRECIPITATION (IN)
  YESTERDAY        0.01          0.93        0.10  -0.09      T
  MONTH TO DATE    0.38                      1.00  -0.62     0.75
  SINCE DEC 1      0.38                      1.00  -0.62     0.75
  SINCE JAN 1     41.31                     35.53   5.78    32.66

DEGREE DAYS
 HEATING
  YESTERDAY       40                        40      0       53
  MONTH TO DATE  338                       379    -41      373
  SINCE DEC 1    338                       379    -41      373
  SINCE JUL 1   1972                      2225   -253     1962

 COOLING
  YESTERDAY        0                         0      0        0
  MONTH TO DATE    0                         0      0        0
  SINCE DEC 1      0                         0      0        0
  SINCE JAN 1    243                       264    -21      300
..................................................................


WIND (MPH)
  HIGHEST WIND SPEED    17   HIGHEST WIND DIRECTION     W (280)
  HIGHEST GUST SPEED    30   HIGHEST GUST DIRECTION    NW (310)
  AVERAGE WIND SPEED     5.5


SKY COVER
  AVERAGE SKY COVER 0.9


WEATHER CONDITIONS
 THE FOLLOWING WEATHER WAS RECORDED YESTERDAY.
  LIGHT SNOW
  FOG


RELATIVE HUMIDITY (PERCENT)
 HIGHEST   100          1200 AM
 LOWEST     63           200 PM
 AVERAGE    82

..........................................................


THE MONTPELIER VT CLIMATE NORMALS FOR TODAY
                         NORMAL    RECORD    YEAR
 MAXIMUM TEMPERATURE (F)   33        58      1966
 MINIMUM TEMPERATURE (F)   16       -20      1958


SUNRISE AND SUNSET
DECEMBER 11 2017......SUNRISE   716 AM EST   SUNSET   411 PM EST
DECEMBER 12 2017......SUNRISE   717 AM EST   SUNSET   412 PM EST


-  INDICATES NEGATIVE NUMBERS.
R  INDICATES RECORD WAS SET OR TIED.
MM INDICATES DATA IS MISSING.
T  INDICATES TRACE AMOUNT.




$$
