000
CDUS41 KBTV 280523
CLIMPV


CLIMATE REPORT
NATIONAL WEATHER SERVICE BURLINGTON VT
121 AM EDT WED SEP 28 2016


...................................

...THE MONTPELIER VT CLIMATE SUMMARY FOR SEPTEMBER 27 2016...

CLIMATE NORMAL PERIOD 1981 TO 2010
CLIMATE RECORD PERIOD 1948 TO 2016


WEATHER ITEM   OBSERVED TIME   RECORD YEAR NORMAL DEPARTURE LAST
                VALUE   (LST)  VALUE       VALUE  FROM      YEAR
                                                  NORMAL
..................................................................
TEMPERATURE (F)
 YESTERDAY
  MAXIMUM         69    405 PM  80    2007  64      5       70
  MINIMUM         45   1159 PM  26    1965  42      3       34
  AVERAGE         57                        53      4       52

PRECIPITATION (IN)
  YESTERDAY        0.07          1.64        0.12  -0.05     0.00
  MONTH TO DATE    1.78                      2.78  -1.00     2.74
  SINCE SEP 1      1.78                      2.78  -1.00     2.74
  SINCE JAN 1     26.34                     27.58  -1.24    28.68

DEGREE DAYS
 HEATING
  YESTERDAY        8                        12     -4       13
  MONTH TO DATE  125                       207    -82      114
  SINCE SEP 1    125                       207    -82      114
  SINCE JUL 1    179                       315   -136      191

 COOLING
  YESTERDAY        0                         0      0        0
  MONTH TO DATE   28                        16     12       48
  SINCE SEP 1     28                        16     12       48
  SINCE JAN 1    300                       260     40      289
..................................................................


WIND (MPH)
  HIGHEST WIND SPEED     9   HIGHEST WIND DIRECTION     S (160)
  HIGHEST GUST SPEED    11   HIGHEST GUST DIRECTION     W (280)
  AVERAGE WIND SPEED     2.8


SKY COVER
  AVERAGE SKY COVER 0.4


WEATHER CONDITIONS
 THE FOLLOWING WEATHER WAS RECORDED YESTERDAY.
  LIGHT RAIN
  FOG


RELATIVE HUMIDITY (PERCENT)
 HIGHEST   100           700 AM
 LOWEST     37           200 PM
 AVERAGE    69

..........................................................


THE MONTPELIER VT CLIMATE NORMALS FOR TODAY
                         NORMAL    RECORD    YEAR
 MAXIMUM TEMPERATURE (F)   63        80      1959
 MINIMUM TEMPERATURE (F)   41        22      1965


SUNRISE AND SUNSET
SEPTEMBER 28 2016.....SUNRISE   645 AM EDT   SUNSET   636 PM EDT
SEPTEMBER 29 2016.....SUNRISE   646 AM EDT   SUNSET   634 PM EDT


-  INDICATES NEGATIVE NUMBERS.
R  INDICATES RECORD WAS SET OR TIED.
MM INDICATES DATA IS MISSING.
T  INDICATES TRACE AMOUNT.




$$
