000
CDUS41 KBTV 060550
CLIMPV


CLIMATE REPORT
NATIONAL WEATHER SERVICE BURLINGTON VT
1241 AM EST TUE DEC 6 2016


...................................

...THE MONTPELIER VT CLIMATE SUMMARY FOR DECEMBER 5 2016...

CLIMATE NORMAL PERIOD 1981 TO 2010
CLIMATE RECORD PERIOD 1948 TO 2016


WEATHER ITEM   OBSERVED TIME   RECORD YEAR NORMAL DEPARTURE LAST
                VALUE   (LST)  VALUE       VALUE  FROM      YEAR
                                                  NORMAL
..................................................................
TEMPERATURE (F)
 YESTERDAY
  MAXIMUM         32    733 PM  60    1973  35     -3       47
  MINIMUM         16   1236 AM  -7    1971  19     -3       24
  AVERAGE         24                        27     -3       36

PRECIPITATION (IN)
  YESTERDAY        0.21          1.03        0.09   0.12     0.00
  MONTH TO DATE    0.62                      0.50   0.12     0.84
  SINCE DEC 1      0.62                      0.50   0.12     0.84
  SINCE JAN 1     32.53                     35.03  -2.50    35.74

DEGREE DAYS
 HEATING
  YESTERDAY       41                        38      3       29
  MONTH TO DATE  170                       184    -14      157
  SINCE DEC 1    170                       184    -14      157
  SINCE JUL 1   1759                      2030   -271     1800

 COOLING
  YESTERDAY        0                         0      0        0
  MONTH TO DATE    0                         0      0        0
  SINCE DEC 1      0                         0      0        0
  SINCE JAN 1    300                       264     36      290
..................................................................


WIND (MPH)
  HIGHEST WIND SPEED    13   HIGHEST WIND DIRECTION    NW (310)
  HIGHEST GUST SPEED    18   HIGHEST GUST DIRECTION     W (290)
  AVERAGE WIND SPEED     3.9


SKY COVER
  AVERAGE SKY COVER 0.8


WEATHER CONDITIONS
 THE FOLLOWING WEATHER WAS RECORDED YESTERDAY.
  SNOW
  LIGHT SNOW
  FOG


RELATIVE HUMIDITY (PERCENT)
 HIGHEST   100           100 AM
 LOWEST     81           600 AM
 AVERAGE    91

..........................................................


THE MONTPELIER VT CLIMATE NORMALS FOR TODAY
                         NORMAL    RECORD    YEAR
 MAXIMUM TEMPERATURE (F)   35        67      2001
 MINIMUM TEMPERATURE (F)   19        -4      1954


SUNRISE AND SUNSET
DECEMBER  6 2016......SUNRISE   711 AM EST   SUNSET   412 PM EST
DECEMBER  7 2016......SUNRISE   712 AM EST   SUNSET   411 PM EST


-  INDICATES NEGATIVE NUMBERS.
R  INDICATES RECORD WAS SET OR TIED.
MM INDICATES DATA IS MISSING.
T  INDICATES TRACE AMOUNT.




$$
