667
CDUS41 KBTV 280717
CLIMPV


CLIMATE REPORT
NATIONAL WEATHER SERVICE BURLINGTON VT
316 AM EDT FRI JUL 28 2017


...................................

...THE MONTPELIER VT CLIMATE SUMMARY FOR JULY 27 2017...

CLIMATE NORMAL PERIOD 1981 TO 2010
CLIMATE RECORD PERIOD 1948 TO 2017


WEATHER ITEM   OBSERVED TIME   RECORD YEAR NORMAL DEPARTURE LAST
                VALUE   (LST)  VALUE       VALUE  FROM      YEAR
                                                  NORMAL
..................................................................
TEMPERATURE (F)
 YESTERDAY
  MAXIMUM         73    501 PM  92    1949  78     -5       85
  MINIMUM         58   1005 PM  40    2001  56      2       56
  AVERAGE         66                        67     -1       71

PRECIPITATION (IN)
  YESTERDAY        0.18          1.69        0.14   0.04     0.00
  MONTH TO DATE    4.71                      3.48   1.23     4.04
  SINCE JUN 1     13.31                      7.28   6.03     6.72
  SINCE JAN 1     28.51                     20.19   8.32    19.00

DEGREE DAYS
 HEATING
  YESTERDAY        0                         1     -1        0
  MONTH TO DATE   33                        33      0       29
  SINCE JUN 1    179                       154     25      161
  SINCE JUL 1     33                        33      0       29

 COOLING
  YESTERDAY        1                         3     -2        6
  MONTH TO DATE   66                        85    -19       92
  SINCE JUN 1    131                       138     -7      124
  SINCE JAN 1    148                       148      0      153
..................................................................


WIND (MPH)
  HIGHEST WIND SPEED    12   HIGHEST WIND DIRECTION     S (190)
  HIGHEST GUST SPEED    18   HIGHEST GUST DIRECTION     S (200)
  AVERAGE WIND SPEED     5.9


SKY COVER
  AVERAGE SKY COVER 0.7


WEATHER CONDITIONS
 THE FOLLOWING WEATHER WAS RECORDED YESTERDAY.
  RAIN
  LIGHT RAIN
  FOG


RELATIVE HUMIDITY (PERCENT)
 HIGHEST   100           700 AM
 LOWEST     68           500 PM
 AVERAGE    84

..........................................................


THE MONTPELIER VT CLIMATE NORMALS FOR TODAY
                         NORMAL    RECORD    YEAR
 MAXIMUM TEMPERATURE (F)   78        92      1949
 MINIMUM TEMPERATURE (F)   56        39      2001


SUNRISE AND SUNSET
JULY 28 2017..........SUNRISE   534 AM EDT   SUNSET   819 PM EDT
JULY 29 2017..........SUNRISE   535 AM EDT   SUNSET   818 PM EDT


-  INDICATES NEGATIVE NUMBERS.
R  INDICATES RECORD WAS SET OR TIED.
MM INDICATES DATA IS MISSING.
T  INDICATES TRACE AMOUNT.




$$
