000
CDUS41 KBTV 280528
CLIMPV


CLIMATE REPORT
NATIONAL WEATHER SERVICE BURLINGTON VT
126 AM EDT SUN MAY 28 2017


...................................

...THE MONTPELIER VT CLIMATE SUMMARY FOR MAY 27 2017...

CLIMATE NORMAL PERIOD 1981 TO 2010
CLIMATE RECORD PERIOD 1948 TO 2017


WEATHER ITEM   OBSERVED TIME   RECORD YEAR NORMAL DEPARTURE LAST
                VALUE   (LST)  VALUE       VALUE  FROM      YEAR
                                                  NORMAL
..................................................................
TEMPERATURE (F)
 YESTERDAY
  MAXIMUM         67    309 PM  88    1960  69     -2       85
  MINIMUM         47   1131 PM  27    1969  45      2       60
  AVERAGE         57                        57      0       73

PRECIPITATION (IN)
  YESTERDAY        0.00          1.91        0.11  -0.11      T
  MONTH TO DATE    4.82                      2.90   1.92     2.18
  SINCE MAR 1     10.63                      7.95   2.68     6.95
  SINCE JAN 1     14.55                     12.44   2.11    12.12

DEGREE DAYS
 HEATING
  YESTERDAY        8                         8      0        0
  MONTH TO DATE  368                       325     43      347
  SINCE MAR 1   2203                      2121     82     2108
  SINCE JUL 1   7424                      8029   -605     7262

 COOLING
  YESTERDAY        0                         1     -1        8
  MONTH TO DATE   14                         3     11        9
  SINCE MAR 1     17                         4     13        9
  SINCE JAN 1     17                         4     13        9
..................................................................


WIND (MPH)
  HIGHEST WIND SPEED    10   HIGHEST WIND DIRECTION     N (350)
  HIGHEST GUST SPEED    15   HIGHEST GUST DIRECTION     N (20)
  AVERAGE WIND SPEED     3.3


SKY COVER
  AVERAGE SKY COVER 0.6


WEATHER CONDITIONS
 THE FOLLOWING WEATHER WAS RECORDED YESTERDAY.
  NO SIGNIFICANT WEATHER WAS OBSERVED.


RELATIVE HUMIDITY (PERCENT)
 HIGHEST   100          1200 AM
 LOWEST     56          1100 AM
 AVERAGE    78

..........................................................


THE MONTPELIER VT CLIMATE NORMALS FOR TODAY
                         NORMAL    RECORD    YEAR
 MAXIMUM TEMPERATURE (F)   69        88      1978
 MINIMUM TEMPERATURE (F)   46        32      2013


SUNRISE AND SUNSET
MAY 28 2017...........SUNRISE   512 AM EDT   SUNSET   824 PM EDT
MAY 29 2017...........SUNRISE   511 AM EDT   SUNSET   825 PM EDT


-  INDICATES NEGATIVE NUMBERS.
R  INDICATES RECORD WAS SET OR TIED.
MM INDICATES DATA IS MISSING.
T  INDICATES TRACE AMOUNT.




$$
