000
CDUS41 KBTV 231245
CLIMPV


CLIMATE REPORT
NATIONAL WEATHER SERVICE BURLINGTON VT
845 AM EDT THU OCT 23 2014


...................................

...THE MONTPELIER VT CLIMATE SUMMARY FOR OCTOBER 22 2014...

CLIMATE NORMAL PERIOD 1981 TO 2010
CLIMATE RECORD PERIOD 1948 TO 2014


WEATHER ITEM   OBSERVED TIME   RECORD YEAR NORMAL DEPARTURE LAST
                VALUE   (LST)  VALUE       VALUE  FROM      YEAR
                                                  NORMAL
..................................................................
TEMPERATURE (F)
 YESTERDAY
  MAXIMUM         52   1048 AM  80    2007  54     -2       54
                                      1979
  MINIMUM         44    705 AM  15    1959  33     11       34
  AVERAGE         48                        44      4       44

PRECIPITATION (IN)
  YESTERDAY        0.09          0.55        0.11  -0.02     0.02
  MONTH TO DATE    3.34                      2.51   0.83     2.11
  SINCE SEP 1      4.89                      5.63  -0.74     6.43
  SINCE JAN 1     29.98                     30.43  -0.45    31.72

DEGREE DAYS
 HEATING
  YESTERDAY       17                        21     -4       21
  MONTH TO DATE  303                       394    -91      291
  SINCE SEP 1    574                       641    -67      578
  SINCE JUL 1    687                       749    -62      671

 COOLING
  YESTERDAY        0                         0      0        0
  MONTH TO DATE    2                         0      2        0
  SINCE SEP 1     22                        19      3       29
  SINCE JAN 1    188                       263    -75      323
..................................................................


WIND (MPH)
  HIGHEST WIND SPEED    13   HIGHEST WIND DIRECTION     N (360)
  HIGHEST GUST SPEED    19   HIGHEST GUST DIRECTION     N (10)
  AVERAGE WIND SPEED     6.4


SKY COVER
  AVERAGE SKY COVER 1.0


WEATHER CONDITIONS
 THE FOLLOWING WEATHER WAS RECORDED YESTERDAY.
  LIGHT RAIN
  FOG


RELATIVE HUMIDITY (PERCENT)
 HIGHEST   100          1200 AM
 LOWEST     76          1100 PM
 AVERAGE    88

..........................................................


THE MONTPELIER VT CLIMATE NORMALS FOR TODAY
                         NORMAL    RECORD    YEAR
 MAXIMUM TEMPERATURE (F)   53        76      1979
 MINIMUM TEMPERATURE (F)   33        19      1955


SUNRISE AND SUNSET
OCTOBER 23 2014.......SUNRISE   715 AM EDT   SUNSET   553 PM EDT
OCTOBER 24 2014.......SUNRISE   716 AM EDT   SUNSET   552 PM EDT


-  INDICATES NEGATIVE NUMBERS.
R  INDICATES RECORD WAS SET OR TIED.
MM INDICATES DATA IS MISSING.
T  INDICATES TRACE AMOUNT.




$$
