511
CDUS41 KBTV 120526
CLIMPV


CLIMATE REPORT
NATIONAL WEATHER SERVICE BURLINGTON VT
1223 AM EST FRI FEB 12 2016


...................................

...THE MONTPELIER VT CLIMATE SUMMARY FOR FEBRUARY 11 2016...

CLIMATE NORMAL PERIOD 1981 TO 2010
CLIMATE RECORD PERIOD 1948 TO 2016


WEATHER ITEM   OBSERVED TIME   RECORD YEAR NORMAL DEPARTURE LAST
                VALUE   (LST)  VALUE       VALUE  FROM      YEAR
                                                  NORMAL
..................................................................
TEMPERATURE (F)
 YESTERDAY
  MAXIMUM         17   1100 AM  52    1981  29    -12       24
  MINIMUM         -3   1114 PM -22    1983   9    -12       -7
  AVERAGE          7                        19    -12        9

PRECIPITATION (IN)
  YESTERDAY        T             0.99        0.08  -0.08      T
  MONTH TO DATE    0.36                      0.84  -0.48     0.83
  SINCE DEC 1      5.31                      6.03  -0.72     6.18
  SINCE JAN 1      1.62                      3.29  -1.67     2.61

DEGREE DAYS
 HEATING
  YESTERDAY       58                        46     12       56
  MONTH TO DATE  422                       516    -94      629
  SINCE DEC 1   2726                      3315   -589     3479
  SINCE JUL 1   4369                      5161   -792     5297

 COOLING
  YESTERDAY        0                         0      0        0
  MONTH TO DATE    0                         0      0        0
  SINCE DEC 1      0                         0      0        0
  SINCE JAN 1      0                         0      0        0
..................................................................


WIND (MPH)
  HIGHEST WIND SPEED    22   HIGHEST WIND DIRECTION    NW (310)
  HIGHEST GUST SPEED    30   HIGHEST GUST DIRECTION    NW (310)
  AVERAGE WIND SPEED     8.5


SKY COVER
  AVERAGE SKY COVER 0.8


WEATHER CONDITIONS
 THE FOLLOWING WEATHER WAS RECORDED YESTERDAY.
  LIGHT SNOW
  FOG
  HAZE


RELATIVE HUMIDITY (PERCENT)
 HIGHEST    88          1200 AM
 LOWEST     58           300 PM
 AVERAGE    73

..........................................................


THE MONTPELIER VT CLIMATE NORMALS FOR TODAY
                         NORMAL    RECORD    YEAR
 MAXIMUM TEMPERATURE (F)   30        50      1999
 MINIMUM TEMPERATURE (F)    9       -25      1979


SUNRISE AND SUNSET
FEBRUARY 12 2016......SUNRISE   655 AM EST   SUNSET   515 PM EST
FEBRUARY 13 2016......SUNRISE   653 AM EST   SUNSET   516 PM EST


-  INDICATES NEGATIVE NUMBERS.
R  INDICATES RECORD WAS SET OR TIED.
MM INDICATES DATA IS MISSING.
T  INDICATES TRACE AMOUNT.




$$
