000
CDUS41 KBTV 060608
CLIMPV


CLIMATE REPORT
NATIONAL WEATHER SERVICE BURLINGTON VT
108 AM EST FRI MAR 6 2015


...................................

...THE MONTPELIER VT CLIMATE SUMMARY FOR MARCH 5 2015...

CLIMATE NORMAL PERIOD 1981 TO 2010
CLIMATE RECORD PERIOD 1948 TO 2015


WEATHER ITEM   OBSERVED TIME   RECORD YEAR NORMAL DEPARTURE LAST
                VALUE   (LST)  VALUE       VALUE  FROM      YEAR
                                                  NORMAL
..................................................................
TEMPERATURE (F)
 YESTERDAY
  MAXIMUM         28   1237 AM  60    1974  35     -7       19
  MINIMUM         -6R  1046 PM  -3    1967  14    -20        1
  AVERAGE         11                        25    -14       10

PRECIPITATION (IN)
  YESTERDAY        T             1.46        0.07  -0.07     0.01
  MONTH TO DATE    0.03                      0.36  -0.33     0.01
  SINCE MAR 1      0.03                      0.36  -0.33     0.01
  SINCE JAN 1      2.90                      4.85  -1.95     4.32

DEGREE DAYS
 HEATING
  YESTERDAY       54                        40     14       55
  MONTH TO DATE  245                       205     40      284
  SINCE MAR 1    245                       205     40      284
  SINCE JUL 1   6583                      6113    470     6449

 COOLING
  YESTERDAY        0                         0      0        0
  MONTH TO DATE    0                         0      0        0
  SINCE MAR 1      0                         0      0        0
  SINCE JAN 1      0                         0      0        0
..................................................................


WIND (MPH)
  HIGHEST WIND SPEED    21   HIGHEST WIND DIRECTION    NW (300)
  HIGHEST GUST SPEED    29   HIGHEST GUST DIRECTION    NW (300)
  AVERAGE WIND SPEED     8.7


SKY COVER
  AVERAGE SKY COVER 0.3


WEATHER CONDITIONS
 THE FOLLOWING WEATHER WAS RECORDED YESTERDAY.
  LIGHT SNOW
  HAZE


RELATIVE HUMIDITY (PERCENT)
 HIGHEST    70           900 AM
 LOWEST     38           300 AM
 AVERAGE    54

..........................................................


THE MONTPELIER VT CLIMATE NORMALS FOR TODAY
                         NORMAL    RECORD    YEAR
 MAXIMUM TEMPERATURE (F)   35        55      1974
 MINIMUM TEMPERATURE (F)   15       -14      2014


SUNRISE AND SUNSET
MARCH  6 2015.........SUNRISE   619 AM EST   SUNSET   545 PM EST
MARCH  7 2015.........SUNRISE   617 AM EST   SUNSET   546 PM EST


-  INDICATES NEGATIVE NUMBERS.
R  INDICATES RECORD WAS SET OR TIED.
MM INDICATES DATA IS MISSING.
T  INDICATES TRACE AMOUNT.




$$
