000
CDUS43 KMPX 240642
CLIMPX


CLIMATE REPORT
NATIONAL WEATHER SERVICE CHANHASSEN MN
1241 AM CST MON NOV 24 2014


...................................

...THE CHANHASSEN MN CLIMATE SUMMARY FOR NOVEMBER 23 2014...

CLIMATE NORMAL PERIOD 1981 TO 2010
CLIMATE RECORD PERIOD 1995 TO 2014


WEATHER ITEM   OBSERVED NORMAL DEPARTURE LAST
                VALUE   VALUE  FROM      YEAR
                               NORMAL
...............................................
TEMPERATURE (F)
 YESTERDAY
  MAXIMUM         49     35     14       16
  MINIMUM         30     21      9        5
  AVERAGE         40     28     12       11

PRECIPITATION (IN)
  YESTERDAY        0.01   0.06  -0.05      T
  MONTH TO DATE    0.47   1.55  -1.08     0.51
  SINCE SEP 1      2.69   7.49  -4.80     5.61
  SINCE JAN 1     35.20  29.49   5.71    33.82

SNOWFALL (IN)
  YESTERDAY        0.1    0.2   -0.1       T
  MONTH TO DATE    4.7    3.3    1.4      1.8
  SINCE SEP 1      4.7    3.7    0.0      1.8
  SINCE JUL 1      4.7    3.7    0.0      1.8
  SNOW DEPTH       T

DEGREE DAYS
 HEATING
  YESTERDAY       25     37    -12       54
  MONTH TO DATE  876    696    180      718
  SINCE SEP 1   1577   1409    168     1397
  SINCE JUL 1   1593   1432    161     1418

 COOLING
  YESTERDAY        0      0      0        0
  MONTH TO DATE    0      0      0        0
  SINCE SEP 1     35     52    -17       88
  SINCE JAN 1    514    605    -91      667
...............................................







THE CHANHASSEN MN CLIMATE NORMALS FOR TODAY
                         NORMAL
 MAXIMUM TEMPERATURE (F)   35
 MINIMUM TEMPERATURE (F)   20



-  INDICATES NEGATIVE NUMBERS.
R  INDICATES RECORD WAS SET OR TIED.
MM INDICATES DATA IS MISSING.
T  INDICATES TRACE AMOUNT.




$$
