000
CDUS43 KMQT 290512
CLIMQT

CLIMATE REPORT
NATIONAL WEATHER SERVICE MARQUETTE MI
1212 AM EST SAT NOV 29 2014


...................................

...THE MARQUETTE MI CLIMATE SUMMARY FOR NOVEMBER 28 2014...

CLIMATE NORMAL PERIOD 1981 TO 2010
CLIMATE RECORD PERIOD 1961 TO 2014


WEATHER ITEM   OBSERVED RECORD YEAR NORMAL DEPARTURE LAST
                VALUE   VALUE       VALUE  FROM      YEAR
                                           NORMAL
...........................................................
TEMPERATURE (F)
 YESTERDAY
  MAXIMUM         18     51    2006  32    -14       23
  MINIMUM         -3     -8    1976  18    -21        5
  AVERAGE          8                 25    -17       14

PRECIPITATION (IN)
  YESTERDAY        T      1.28 1983   0.11  -0.11     0.01
  MONTH TO DATE    5.22               2.97   2.25     3.02
  SINCE SEP 1     15.81              10.53   5.28     9.42
  SINCE JAN 1     42.55              32.90   9.65    37.17

SNOWFALL (IN)
  YESTERDAY        T     12.8  1983   1.1   -1.1      0.4
  MONTH TO DATE   52.9               22.0   30.9     18.8
  SINCE SEP 1     56.1               28.1   28.0     22.3
  SINCE JUL 1     56.1               28.1   28.0     22.3
  SNOW DEPTH      16

DEGREE DAYS
 HEATING
  YESTERDAY       57                 40     17       51
  MONTH TO DATE 1214                959    255      976
  SINCE SEP 1   2199               1935    264     1863
  SINCE JUL 1   2446               2120    326     2077

 COOLING
  YESTERDAY        0                  0      0        0
  MONTH TO DATE    0                  0      0        0
  SINCE SEP 1      5                 22    -17       10
  SINCE JAN 1    152                242    -90      280
...........................................................


WIND (MPH)
  RESULTANT WIND SPEED  MM   RESULTANT WIND DIRECTION  MM
  HIGHEST WIND SPEED    MM   HIGHEST WIND DIRECTION    MM
  HIGHEST GUST SPEED    18   HIGHEST GUST DIRECTION    SW (225)
  AVERAGE WIND SPEED    MM


SKY COVER
  POSSIBLE SUNSHINE  MM
  AVERAGE SKY COVER  MM


WEATHER CONDITIONS
 THE FOLLOWING WEATHER WAS RECORDED YESTERDAY.
  LIGHT SNOW


RELATIVE HUMIDITY (PERCENT)
 HIGHEST    MM
 LOWEST     MM
 AVERAGE    MM

..........................................................


THE MARQUETTE MI CLIMATE NORMALS FOR TODAY
                         NORMAL    RECORD    YEAR
 MAXIMUM TEMPERATURE (F)   31        55      1998
 MINIMUM TEMPERATURE (F)   17       -13      1976


SUNRISE AND SUNSET
NOVEMBER 29 2014......SUNRISE   811 AM EST   SUNSET   506 PM EST
NOVEMBER 30 2014......SUNRISE   812 AM EST   SUNSET   505 PM EST


-  INDICATES NEGATIVE NUMBERS.
R  INDICATES RECORD WAS SET OR TIED.
MM INDICATES DATA IS MISSING.
T  INDICATES TRACE AMOUNT.




$$
