000
CDUS43 KMQT 241418
CLIMQT


CLIMATE REPORT...CORRECTION
NATIONAL WEATHER SERVICE MARQUETTE MI
913 AM EST SAT FEB 24 2018


...................................

...THE MARQUETTE MI CLIMATE SUMMARY FOR FEBRUARY 23 2018...

CLIMATE NORMAL PERIOD 1981 TO 2010
CLIMATE RECORD PERIOD 1961 TO 2018


WEATHER ITEM   OBSERVED RECORD YEAR NORMAL DEPARTURE LAST
                VALUE   VALUE       VALUE  FROM      YEAR
                                           NORMAL
...........................................................
TEMPERATURE (F)
 YESTERDAY
  MAXIMUM         32     49    2000  28      4       33
                               1984
  MINIMUM         22    -28    2015   7     15       26
  AVERAGE         27                 17     10       30

PRECIPITATION (IN)
  YESTERDAY        0.33   0.36 2017   0.08   0.25     0.36
  MONTH TO DATE    0.99               1.71  -0.72     2.12
  SINCE DEC 1      5.85               6.69  -0.84     6.05
  SINCE JAN 1      3.71               4.12  -0.41     3.86

SNOWFALL (IN)
  YESTERDAY        3.5    6.0  1990   1.3    2.2      3.5
  MONTH TO DATE   10.3               29.4  -19.1     23.5
  SINCE DEC 1     85.1              115.4  -30.3     95.7
  SINCE JUL 1    110.1              145.9  -35.8    109.9
  SNOW DEPTH      21

DEGREE DAYS
 HEATING
  YESTERDAY       38                 48    -10       35
  MONTH TO DATE 1254               1152    102      972
  SINCE DEC 1   4383               4187    196     3836
  SINCE JUL 1   6510               6389    121     5461

 COOLING
  YESTERDAY        0                  0      0        0
  MONTH TO DATE    0                  0      0        0
  SINCE DEC 1      0                  0      0        0
  SINCE JAN 1      0                  0      0        0
...........................................................


WIND (MPH)
  RESULTANT WIND SPEED  MM   RESULTANT WIND DIRECTION  MM
  HIGHEST WIND SPEED    MM   HIGHEST WIND DIRECTION    MM
  HIGHEST GUST SPEED    25   HIGHEST GUST DIRECTION     W (270)
  AVERAGE WIND SPEED    MM


SKY COVER
  POSSIBLE SUNSHINE  MM
  AVERAGE SKY COVER  MM


WEATHER CONDITIONS
 THE FOLLOWING WEATHER WAS RECORDED YESTERDAY.
  LIGHT SNOW


RELATIVE HUMIDITY (PERCENT)
 HIGHEST    MM
 LOWEST     MM
 AVERAGE    MM

..........................................................


THE MARQUETTE MI CLIMATE NORMALS FOR TODAY
                         NORMAL    RECORD    YEAR
 MAXIMUM TEMPERATURE (F)   28        57      1976
 MINIMUM TEMPERATURE (F)    7       -24      1963


SUNRISE AND SUNSET
FEBRUARY 24 2018......SUNRISE   739 AM EST   SUNSET   629 PM EST
FEBRUARY 25 2018......SUNRISE   737 AM EST   SUNSET   630 PM EST


-  INDICATES NEGATIVE NUMBERS.
R  INDICATES RECORD WAS SET OR TIED.
MM INDICATES DATA IS MISSING.
T  INDICATES TRACE AMOUNT.




$$

JSS
