000
CDUS41 KLWX 232140
CLIMRB


CLIMATE REPORT
NATIONAL WEATHER SERVICE BALTIMORE MD/WASHINGTON DC
438 PM EST THU NOV 23 2017


...................................

...THE MARTINSBURG WV CLIMATE SUMMARY FOR NOVEMBER 23 2017...
VALID TODAY AS OF 0400 PM LOCAL TIME.

CLIMATE NORMAL PERIOD 1981 TO 2010
CLIMATE RECORD PERIOD 1926 TO 2017


WEATHER ITEM   OBSERVED TIME   RECORD YEAR NORMAL DEPARTURE LAST
                VALUE   (LST)  VALUE       VALUE  FROM      YEAR
                                                  NORMAL
..................................................................
TEMPERATURE (F)
 TODAY
  MAXIMUM         45    324 PM  80    1931  51     -6       50
  MINIMUM         24    708 AM  12    1964  32     -8       17
  AVERAGE         35                        42     -7       34

PRECIPITATION (IN)
  TODAY            0.00          1.25 1941   0.11  -0.11      T
  MONTH TO DATE    1.10                      2.37  -1.27     0.26
  SINCE SEP 1      7.72                      8.99  -1.27     5.46
  SINCE JAN 1     34.66                     35.23  -0.57    22.31

DEGREE DAYS
 HEATING
  TODAY           30                        23      7       31
  MONTH TO DATE  475                       449     26      403
  SINCE SEP 1    744                       888   -144      662
  SINCE JUL 1    746                       895   -149      662

 COOLING
  TODAY            0                         0      0        0
  MONTH TO DATE    0                         0      0        0
  SINCE SEP 1    178                       103     75      224
  SINCE JAN 1   1074                       895    179     1296
..................................................................


WIND (MPH)
  HIGHEST WIND SPEED    12   HIGHEST WIND DIRECTION    NW (320)
  HIGHEST GUST SPEED    15   HIGHEST GUST DIRECTION    NW (320)
  AVERAGE WIND SPEED     5.5


SKY COVER
  POSSIBLE SUNSHINE  MM
  AVERAGE SKY COVER 0.0


WEATHER CONDITIONS
 THE FOLLOWING WEATHER WAS RECORDED TODAY.
  NO SIGNIFICANT WEATHER WAS OBSERVED.


RELATIVE HUMIDITY (PERCENT)
 HIGHEST    68           700 AM
 LOWEST     36           200 PM
 AVERAGE    52

..........................................................


THE MARTINSBURG WV CLIMATE NORMALS FOR TOMORROW
                         NORMAL    RECORD    YEAR
 MAXIMUM TEMPERATURE (F)   51        75      1931
 MINIMUM TEMPERATURE (F)   32        14      1956


SUNRISE AND SUNSET
NOVEMBER 23 2017......SUNRISE   705 AM EST   SUNSET   452 PM EST
NOVEMBER 24 2017......SUNRISE   706 AM EST   SUNSET   451 PM EST


-  INDICATES NEGATIVE NUMBERS.
R  INDICATES RECORD WAS SET OR TIED.
MM INDICATES DATA IS MISSING.
T  INDICATES TRACE AMOUNT.




$$
