000
CDUS41 KLWX 250524
CLIMRB


CLIMATE REPORT
NATIONAL WEATHER SERVICE BALTIMORE MD/WASHINGTON DC
124 AM EDT MON MAY 25 2015


...................................

...THE MARTINSBURG WV CLIMATE SUMMARY FOR MAY 24 2015...

CLIMATE NORMAL PERIOD 1981 TO 2010
CLIMATE RECORD PERIOD 1926 TO 2015


WEATHER ITEM   OBSERVED TIME   RECORD YEAR NORMAL DEPARTURE LAST
                VALUE   (LST)  VALUE       VALUE  FROM      YEAR
                                                  NORMAL
..................................................................
TEMPERATURE (F)
 YESTERDAY
  MAXIMUM         81    401 PM  96    1941  75      6       78
  MINIMUM         45    522 AM  31    1963  52     -7       50
  AVERAGE         63                        63      0       64

PRECIPITATION (IN)
  YESTERDAY        0.00          0.80 1938   0.14  -0.14      T
  MONTH TO DATE    1.95                      3.18  -1.23     4.74
  SINCE MAR 1      7.57                     10.04  -2.47    10.57
  SINCE JAN 1      9.86                     14.82  -4.96    14.32

DEGREE DAYS
 HEATING
  YESTERDAY        2                         4     -2        1
  MONTH TO DATE   65                       147    -82       90
  SINCE MAR 1   1092                      1248   -156     1287
  SINCE JUL 1   5015                      5204   -189     5380

 COOLING
  YESTERDAY        0                         2     -2        0
  MONTH TO DATE   82                        32     50       49
  SINCE MAR 1     83                        41     42       56
  SINCE JAN 1     83                        41     42       56
..................................................................


WIND (MPH)
  HIGHEST WIND SPEED     9   HIGHEST WIND DIRECTION    SE (140)
  HIGHEST GUST SPEED    13   HIGHEST GUST DIRECTION    SE (150)
  AVERAGE WIND SPEED     1.6


SKY COVER
  POSSIBLE SUNSHINE  MM
  AVERAGE SKY COVER 0.0


WEATHER CONDITIONS
 THE FOLLOWING WEATHER WAS RECORDED YESTERDAY.
  FOG


RELATIVE HUMIDITY (PERCENT)
 HIGHEST    93           300 AM
 LOWEST     26           300 PM
 AVERAGE    60

..........................................................


THE MARTINSBURG WV CLIMATE NORMALS FOR TODAY
                         NORMAL    RECORD    YEAR
 MAXIMUM TEMPERATURE (F)   75        94      1933
 MINIMUM TEMPERATURE (F)   52        33      1967


SUNRISE AND SUNSET
MAY 25 2015...........SUNRISE   551 AM EDT   SUNSET   827 PM EDT
MAY 26 2015...........SUNRISE   550 AM EDT   SUNSET   828 PM EDT


-  INDICATES NEGATIVE NUMBERS.
R  INDICATES RECORD WAS SET OR TIED.
MM INDICATES DATA IS MISSING.
T  INDICATES TRACE AMOUNT.




$$
