000
CDUS41 KLWX 210525
CLIMRB


CLIMATE REPORT
NATIONAL WEATHER SERVICE BALTIMORE MD/WASHINGTON DC
1224 AM EST TUE FEB 21 2017


...................................

...THE MARTINSBURG WV CLIMATE SUMMARY FOR FEBRUARY 20 2017...

CLIMATE NORMAL PERIOD 1981 TO 2010
CLIMATE RECORD PERIOD 1926 TO 2017


WEATHER ITEM   OBSERVED TIME   RECORD YEAR NORMAL DEPARTURE LAST
                VALUE   (LST)  VALUE       VALUE  FROM      YEAR
                                                  NORMAL
..................................................................
TEMPERATURE (F)
 YESTERDAY
  MAXIMUM         67    328 PM  70    1939  44     23       67
  MINIMUM         40   1159 PM   0    1979  25     15       36
  AVERAGE         54                        35     19       52

PRECIPITATION (IN)
  YESTERDAY        0.00          2.25 1927   0.08  -0.08     0.00
  MONTH TO DATE    0.66                      1.64  -0.98     1.68
  SINCE DEC 1      5.92                      6.79  -0.87     5.70
  SINCE JAN 1      4.13                      4.08   0.05     3.04

DEGREE DAYS
 HEATING
  YESTERDAY       11                        30    -19       13
  MONTH TO DATE  467                       640   -173      667
  SINCE DEC 1   2158                      2653   -495     2351
  SINCE JUL 1   2962                      3723   -761     3209

 COOLING
  YESTERDAY        0                         0      0        0
  MONTH TO DATE    0                         0      0        0
  SINCE DEC 1      0                         0      0        0
  SINCE JAN 1      0                         0      0        0
..................................................................


WIND (MPH)
  HIGHEST WIND SPEED    15   HIGHEST WIND DIRECTION     N (10)
  HIGHEST GUST SPEED    18   HIGHEST GUST DIRECTION    NW (300)
  AVERAGE WIND SPEED     5.8


SKY COVER
  POSSIBLE SUNSHINE  MM
  AVERAGE SKY COVER 0.0


WEATHER CONDITIONS
 THE FOLLOWING WEATHER WAS RECORDED YESTERDAY.
  FOG
  HAZE


RELATIVE HUMIDITY (PERCENT)
 HIGHEST    89           800 AM
 LOWEST     28           400 PM
 AVERAGE    59

..........................................................


THE MARTINSBURG WV CLIMATE NORMALS FOR TODAY
                         NORMAL    RECORD    YEAR
 MAXIMUM TEMPERATURE (F)   45        72      1930
 MINIMUM TEMPERATURE (F)   25         3      1936


SUNRISE AND SUNSET
FEBRUARY 21 2017......SUNRISE   656 AM EST   SUNSET   556 PM EST
FEBRUARY 22 2017......SUNRISE   654 AM EST   SUNSET   557 PM EST


-  INDICATES NEGATIVE NUMBERS.
R  INDICATES RECORD WAS SET OR TIED.
MM INDICATES DATA IS MISSING.
T  INDICATES TRACE AMOUNT.




$$
