000
CDUS41 KLWX 290525
CLIMRB


CLIMATE REPORT
NATIONAL WEATHER SERVICE BALTIMORE MD/WASHINGTON DC
1224 AM EST MON DEC 29 2014


...................................

...THE MARTINSBURG WV CLIMATE SUMMARY FOR DECEMBER 28 2014...

CLIMATE NORMAL PERIOD 1981 TO 2010
CLIMATE RECORD PERIOD 1926 TO 2014


WEATHER ITEM   OBSERVED TIME   RECORD YEAR NORMAL DEPARTURE LAST
                VALUE   (LST)  VALUE       VALUE  FROM      YEAR
                                                  NORMAL
..................................................................
TEMPERATURE (F)
 YESTERDAY
  MAXIMUM         58    117 PM  72    1984  40     18       59
  MINIMUM         37   1223 AM   2    1950  23     14       25
  AVERAGE         48                        32     16       42

PRECIPITATION (IN)
  YESTERDAY        T             0.87 1959   0.07  -0.07     0.00
  MONTH TO DATE    2.77                      2.51   0.26     3.73
  SINCE DEC 1      2.77                      2.51   0.26     3.73
  SINCE JAN 1     35.16                     38.50  -3.34    34.89

DEGREE DAYS
 HEATING
  YESTERDAY       17                        33    -16       23
  MONTH TO DATE  714                       854   -140      775
  SINCE DEC 1    714                       854   -140      775
  SINCE JUL 1   1673                      1924   -251     1866

 COOLING
  YESTERDAY        0                         0      0        0
  MONTH TO DATE    0                         0      0        0
  SINCE DEC 1      0                         0      0        0
  SINCE JAN 1    958                       895     63     1057
..................................................................


WIND (MPH)
  HIGHEST WIND SPEED    18   HIGHEST WIND DIRECTION     W (280)
  HIGHEST GUST SPEED    23   HIGHEST GUST DIRECTION     W (280)
  AVERAGE WIND SPEED     6.6


SKY COVER
  POSSIBLE SUNSHINE  MM
  AVERAGE SKY COVER 0.8


WEATHER CONDITIONS
 THE FOLLOWING WEATHER WAS RECORDED YESTERDAY.
  NO SIGNIFICANT WEATHER WAS OBSERVED.


RELATIVE HUMIDITY (PERCENT)
 HIGHEST    70           100 AM
 LOWEST     50           800 AM
 AVERAGE    60

..........................................................


THE MARTINSBURG WV CLIMATE NORMALS FOR TODAY
                         NORMAL    RECORD    YEAR
 MAXIMUM TEMPERATURE (F)   40        77      1984
 MINIMUM TEMPERATURE (F)   23         5      1933


SUNRISE AND SUNSET
DECEMBER 29 2014......SUNRISE   731 AM EST   SUNSET   457 PM EST
DECEMBER 30 2014......SUNRISE   732 AM EST   SUNSET   457 PM EST


-  INDICATES NEGATIVE NUMBERS.
R  INDICATES RECORD WAS SET OR TIED.
MM INDICATES DATA IS MISSING.
T  INDICATES TRACE AMOUNT.




$$
