429
CDUS41 KLWX 020529
CLIMRB


CLIMATE REPORT
NATIONAL WEATHER SERVICE BALTIMORE MD/WASHINGTON DC
128 AM EDT MON MAY 2 2016


...................................

...THE MARTINSBURG WV CLIMATE SUMMARY FOR MAY 1 2016...

CLIMATE NORMAL PERIOD 1981 TO 2010
CLIMATE RECORD PERIOD 1926 TO 2016


WEATHER ITEM   OBSERVED TIME   RECORD YEAR NORMAL DEPARTURE LAST
                VALUE   (LST)  VALUE       VALUE  FROM      YEAR
                                                  NORMAL
..................................................................
TEMPERATURE (F)
 YESTERDAY
  MAXIMUM         62    252 PM  94    1942  69     -7       67
  MINIMUM         51    733 AM  30    1945  45      6       50
  AVERAGE         57                        57      0       59

PRECIPITATION (IN)
  YESTERDAY        0.71          1.40 1989   0.12   0.59      T
  MONTH TO DATE    0.71                      0.12   0.59      T
  SINCE MAR 1      3.55                      6.98  -3.43     5.62
  SINCE JAN 1      7.64                     11.76  -4.12     7.91

DEGREE DAYS
 HEATING
  YESTERDAY        8                         9     -1        6
  MONTH TO DATE    8                         9     -1        6
  SINCE MAR 1    884                      1110   -226     1033
  SINCE JUL 1   4299                      5066   -767     4956

 COOLING
  YESTERDAY        0                         1     -1        0
  MONTH TO DATE    0                         1     -1        0
  SINCE MAR 1     12                        10      2        1
  SINCE JAN 1     12                        10      2        1
..................................................................


WIND (MPH)
  HIGHEST WIND SPEED    12   HIGHEST WIND DIRECTION    SE (150)
  HIGHEST GUST SPEED    17   HIGHEST GUST DIRECTION     S (170)
  AVERAGE WIND SPEED     6.9


SKY COVER
  POSSIBLE SUNSHINE  MM
  AVERAGE SKY COVER 1.0


WEATHER CONDITIONS
 THE FOLLOWING WEATHER WAS RECORDED YESTERDAY.
  HEAVY RAIN
  RAIN
  LIGHT RAIN
  FOG


RELATIVE HUMIDITY (PERCENT)
 HIGHEST   100           800 AM
 LOWEST     78           200 PM
 AVERAGE    89

..........................................................


THE MARTINSBURG WV CLIMATE NORMALS FOR TODAY
                         NORMAL    RECORD    YEAR
 MAXIMUM TEMPERATURE (F)   69        95      1942
 MINIMUM TEMPERATURE (F)   46        30      1968


SUNRISE AND SUNSET
MAY  2 2016...........SUNRISE   611 AM EDT   SUNSET   807 PM EDT
MAY  3 2016...........SUNRISE   610 AM EDT   SUNSET   808 PM EDT


-  INDICATES NEGATIVE NUMBERS.
R  INDICATES RECORD WAS SET OR TIED.
MM INDICATES DATA IS MISSING.
T  INDICATES TRACE AMOUNT.




$$
