000
CDUS41 KLWX 040530
CLIMRB


CLIMATE REPORT
NATIONAL WEATHER SERVICE BALTIMORE MD/WASHINGTON DC
129 AM EDT SAT JUL 4 2015


...................................

...THE MARTINSBURG WV CLIMATE SUMMARY FOR JULY 3 2015...

CLIMATE NORMAL PERIOD 1981 TO 2010
CLIMATE RECORD PERIOD 1926 TO 2015


WEATHER ITEM   OBSERVED TIME   RECORD YEAR NORMAL DEPARTURE LAST
                VALUE   (LST)  VALUE       VALUE  FROM      YEAR
                                                  NORMAL
..................................................................
TEMPERATURE (F)
 YESTERDAY
  MAXIMUM         78    247 PM 102    1941  86     -8       90
  MINIMUM         63    605 AM  49    2010  63      0       68
                                      2001
                                      1957
  AVERAGE         71                        74     -3       79

PRECIPITATION (IN)
  YESTERDAY        0.05          2.55 1933   0.11  -0.06     0.12
  MONTH TO DATE    0.06                      0.34  -0.28     0.85
  SINCE JUN 1      4.32                      4.10   0.22     3.53
  SINCE JAN 1     15.26                     19.83  -4.57    18.40

DEGREE DAYS
 HEATING
  YESTERDAY        0                         0      0        0
  MONTH TO DATE    0                         0      0        0
  SINCE JUN 1     15                        24     -9        2
  SINCE JUL 1      0                         0      0        0

 COOLING
  YESTERDAY        6                         9     -3       14
  MONTH TO DATE   19                        27     -8       48
  SINCE JUN 1    268                       210     58      284
  SINCE JAN 1    416                       267    149      365
..................................................................


WIND (MPH)
  HIGHEST WIND SPEED    10   HIGHEST WIND DIRECTION    SE (130)
  HIGHEST GUST SPEED    15   HIGHEST GUST DIRECTION    SE (150)
  AVERAGE WIND SPEED     3.3


SKY COVER
  POSSIBLE SUNSHINE  MM
  AVERAGE SKY COVER 0.9


WEATHER CONDITIONS
 THE FOLLOWING WEATHER WAS RECORDED YESTERDAY.
  LIGHT RAIN
  FOG
  FOG W/VISIBILITY <= 1/4 MILE
  HAZE


RELATIVE HUMIDITY (PERCENT)
 HIGHEST   100           300 AM
 LOWEST     60           300 PM
 AVERAGE    80

..........................................................


THE MARTINSBURG WV CLIMATE NORMALS FOR TODAY
                         NORMAL    RECORD    YEAR
 MAXIMUM TEMPERATURE (F)   86       101      1999
 MINIMUM TEMPERATURE (F)   63        47      1971


SUNRISE AND SUNSET
JULY  4 2015..........SUNRISE   550 AM EDT   SUNSET   842 PM EDT
JULY  5 2015..........SUNRISE   551 AM EDT   SUNSET   842 PM EDT


-  INDICATES NEGATIVE NUMBERS.
R  INDICATES RECORD WAS SET OR TIED.
MM INDICATES DATA IS MISSING.
T  INDICATES TRACE AMOUNT.




$$
