000
CDUS44 KHUN 280726
CLIMSL


CLIMATE REPORT
NATIONAL WEATHER SERVICE HUNTSVILLE AL
226 AM CDT TUE JUL 28 2015


...................................

...THE MUSCLE SHOALS CLIMATE SUMMARY FOR JULY 27 2015...

CLIMATE NORMAL PERIOD 1981 TO 2010
CLIMATE RECORD PERIOD 1893 TO 2015


WEATHER ITEM   OBSERVED TIME   RECORD YEAR NORMAL DEPARTURE LAST
                VALUE   (LST)  VALUE       VALUE  FROM      YEAR
                                                  NORMAL
..................................................................
TEMPERATURE (F)
 YESTERDAY
  MAXIMUM         97    414 PM 104    1952  91      6       94
  MINIMUM         73    533 AM  55    1937  70      3       71
  AVERAGE         85                        81      4       83

PRECIPITATION (IN)
  YESTERDAY        0.00          1.50 1902   0.11  -0.11     0.00
  MONTH TO DATE    4.19                      3.84   0.35     5.02
  SINCE JUN 1      6.55                      8.60  -2.05    12.49
  SINCE JAN 1     30.44                     32.10  -1.66    29.28

SNOWFALL (IN)
  YESTERDAY        0.0
  MONTH TO DATE    0.0
  SINCE JUN 1      0.0
  SINCE JUL 1      0.0
  SNOW DEPTH       0

DEGREE DAYS
 HEATING
  YESTERDAY        0                         0      0        0
  MONTH TO DATE    0                         0      0        0
  SINCE JUN 1      0                         1     -1        0
  SINCE JUL 1      0                         0      0        0

 COOLING
  YESTERDAY       20                        16      4       18
  MONTH TO DATE  467                       418     49      334
  SINCE JUN 1    925                       780    145      735
  SINCE JAN 1   1179                      1024    155      992
..................................................................


WIND (MPH)
  HIGHEST WIND SPEED     7   HIGHEST WIND DIRECTION    NW (300)
  HIGHEST GUST SPEED    10   HIGHEST GUST DIRECTION     N (20)
  AVERAGE WIND SPEED     1.5


SKY COVER
  POSSIBLE SUNSHINE  MM
  AVERAGE SKY COVER 0.0


WEATHER CONDITIONS
 THE FOLLOWING WEATHER WAS RECORDED YESTERDAY.
  NO SIGNIFICANT WEATHER WAS OBSERVED.


RELATIVE HUMIDITY (PERCENT)
 HIGHEST    93           200 AM
 LOWEST     40           300 PM
 AVERAGE    67

..........................................................


THE MUSCLE SHOALS CLIMATE NORMALS FOR TODAY
                         NORMAL    RECORD    YEAR
 MAXIMUM TEMPERATURE (F)   91       108      1930
 MINIMUM TEMPERATURE (F)   70        55      1937


SUNRISE AND SUNSET
JULY 28 2015..........SUNRISE   557 AM CDT   SUNSET   756 PM CDT
JULY 29 2015..........SUNRISE   558 AM CDT   SUNSET   755 PM CDT


-  INDICATES NEGATIVE NUMBERS.
R  INDICATES RECORD WAS SET OR TIED.
MM INDICATES DATA IS MISSING.
T  INDICATES TRACE AMOUNT.




$$
