000
CDUS44 KHUN 181515 CCA
CLIMSL

CLIMATE REPORT...CORRECTED
NATIONAL WEATHER SERVICE HUNTSVILLE AL
205 AM CST THU JAN 18 2018


...................................

...THE MUSCLE SHOALS CLIMATE SUMMARY FOR JANUARY 17 2018...

CLIMATE NORMAL PERIOD 1981 TO 2010
CLIMATE RECORD PERIOD 1893 TO 2018


WEATHER ITEM   OBSERVED TIME   RECORD YEAR NORMAL DEPARTURE LAST
                VALUE   (LST)  VALUE       VALUE  FROM      YEAR
                                                  NORMAL
..................................................................
TEMPERATURE (F)
 YESTERDAY
  MAXIMUM         26    359 PM  76    1943  51    -25       67
                                      1928
                                      1907
  MINIMUM          7    745 AM  -3    1982  31    -24       57
  AVERAGE         17                        41    -24       62

PRECIPITATION (IN)
  YESTERDAY        0.00          2.33 2006   0.15  -0.15     0.24
  MONTH TO DATE    0.93                      2.49  -1.56     1.65
  SINCE DEC 1      6.29                      8.17  -1.88     6.99
  SINCE JAN 1      0.93                      2.49  -1.56     1.65

SNOWFALL (IN)
  YESTERDAY        0.0
  MONTH TO DATE    0.6
  SINCE DEC 1      0.6
  SINCE JUL 1      0.6
  SNOW DEPTH       1

DEGREE DAYS
 HEATING
  YESTERDAY       48                        24     24        3
  MONTH TO DATE  543                       408    135      259
  SINCE DEC 1   1219                      1082    137      827
  SINCE JUL 1   1726                      1644     82     1155

 COOLING
  YESTERDAY        0                         0      0        0
  MONTH TO DATE    0                         0      0        4
  SINCE DEC 1      0                         1     -1        6
  SINCE JAN 1      0                         0      0        4
..................................................................


WIND (MPH)
  HIGHEST WIND SPEED    13   HIGHEST WIND DIRECTION     N (340)
  HIGHEST GUST SPEED    17   HIGHEST GUST DIRECTION     W (290)
  AVERAGE WIND SPEED     6.9


SKY COVER
  POSSIBLE SUNSHINE  MM
  AVERAGE SKY COVER 0.3


WEATHER CONDITIONS
 THE FOLLOWING WEATHER WAS RECORDED YESTERDAY.
  HAZE


RELATIVE HUMIDITY (PERCENT)
 HIGHEST    76           300 AM
 LOWEST     50           400 PM
 AVERAGE    63

..........................................................


THE MUSCLE SHOALS CLIMATE NORMALS FOR TODAY
                         NORMAL    RECORD    YEAR
 MAXIMUM TEMPERATURE (F)   51        78      1907
 MINIMUM TEMPERATURE (F)   31         5      1977
                                             1948
                                             1930


SUNRISE AND SUNSET
JANUARY 18 2018.......SUNRISE   656 AM CST   SUNSET   506 PM CST
JANUARY 19 2018.......SUNRISE   656 AM CST   SUNSET   507 PM CST


-  INDICATES NEGATIVE NUMBERS.
R  INDICATES RECORD WAS SET OR TIED.
MM INDICATES DATA IS MISSING.
T  INDICATES TRACE AMOUNT.




$$
