000
CDUS44 KHUN 142221
CLIMSL


CLIMATE REPORT
NATIONAL WEATHER SERVICE HUNTSVILLE AL
421 PM CST SUN FEB 14 2016


...................................

...THE MUSCLE SHOALS CLIMATE SUMMARY FOR FEBRUARY 14 2016...
VALID TODAY AS OF 0400 PM LOCAL TIME.

CLIMATE NORMAL PERIOD 1981 TO 2010
CLIMATE RECORD PERIOD 1893 TO 2016


WEATHER ITEM   OBSERVED TIME   RECORD YEAR NORMAL DEPARTURE LAST
                VALUE   (LST)  VALUE       VALUE  FROM      YEAR
                                                  NORMAL
..................................................................
TEMPERATURE (F)
 TODAY
  MAXIMUM         49    359 PM  76    1959  55     -6       63
  MINIMUM         25    453 AM -13    1905  35    -10       25
  AVERAGE         37                        45     -8       44

PRECIPITATION (IN)
  TODAY            0.00          1.73 1933   0.17  -0.17     0.00
  MONTH TO DATE    0.93                      2.29  -1.36     0.41
  SINCE DEC 1     11.52                     12.58  -1.06     9.71
  SINCE JAN 1      4.58                      6.90  -2.32     4.58

SNOWFALL (IN)
  TODAY            0.0
  MONTH TO DATE    T
  SINCE DEC 1      T
  SINCE JUL 1      T
  SNOW DEPTH       0

DEGREE DAYS
 HEATING
  TODAY           28                        20      8       21
  MONTH TO DATE  327                       301     26      327
  SINCE DEC 1   1441                      1719   -278     1650
  SINCE JUL 1   1806                      2281   -475     2302

 COOLING
  TODAY            0                         0      0        0
  MONTH TO DATE    0                         0      0        0
  SINCE DEC 1     22                         1     21        0
  SINCE JAN 1      0                         0      0        0
..................................................................


WIND (MPH)
  HIGHEST WIND SPEED    14   HIGHEST WIND DIRECTION     S (170)
  HIGHEST GUST SPEED    18   HIGHEST GUST DIRECTION     S (160)
  AVERAGE WIND SPEED     7.2


SKY COVER
  POSSIBLE SUNSHINE  MM
  AVERAGE SKY COVER 0.7


WEATHER CONDITIONS
 THE FOLLOWING WEATHER WAS RECORDED TODAY.
  NO SIGNIFICANT WEATHER WAS OBSERVED.


RELATIVE HUMIDITY (PERCENT)
 HIGHEST    55           500 AM
 LOWEST     24           300 PM
 AVERAGE    40

..........................................................


THE MUSCLE SHOALS CLIMATE NORMALS FOR TOMORROW
                         NORMAL    RECORD    YEAR
 MAXIMUM TEMPERATURE (F)   55        78      1989
 MINIMUM TEMPERATURE (F)   35         4      1905


SUNRISE AND SUNSET
FEBRUARY 14 2016......SUNRISE   638 AM CST   SUNSET   532 PM CST
FEBRUARY 15 2016......SUNRISE   637 AM CST   SUNSET   533 PM CST


-  INDICATES NEGATIVE NUMBERS.
R  INDICATES RECORD WAS SET OR TIED.
MM INDICATES DATA IS MISSING.
T  INDICATES TRACE AMOUNT.




$$
