000
CDUS44 KHUN 220702
CLIMSL


CLIMATE REPORT
NATIONAL WEATHER SERVICE HUNTSVILLE AL
201 AM CDT TUE AUG 22 2017


...................................

...THE MUSCLE SHOALS CLIMATE SUMMARY FOR AUGUST 21 2017...

CLIMATE NORMAL PERIOD 1981 TO 2010
CLIMATE RECORD PERIOD 1893 TO 2017


WEATHER ITEM   OBSERVED TIME   RECORD YEAR NORMAL DEPARTURE LAST
                VALUE   (LST)  VALUE       VALUE  FROM      YEAR
                                                  NORMAL
..................................................................
TEMPERATURE (F)
 YESTERDAY
  MAXIMUM         94    336 PM 104    1980  91      3       85
  MINIMUM         69    507 AM  53    1927  69      0       72
  AVERAGE         82                        80      2       79

PRECIPITATION (IN)
  YESTERDAY        0.00          1.65 1994   0.10  -0.10     0.81
  MONTH TO DATE    2.93                      2.16   0.77     4.82
  SINCE JUN 1     10.11                     11.22  -1.11    14.56
  SINCE JAN 1     31.08                     34.72  -3.64    31.04

SNOWFALL (IN)
  YESTERDAY        0.0
  MONTH TO DATE    0.0
  SINCE JUN 1      0.0
  SINCE JUL 1      0.0
  SNOW DEPTH       0

DEGREE DAYS
 HEATING
  YESTERDAY        0                         0      0        0
  MONTH TO DATE    0                         0      0        0
  SINCE JUN 1      0                         1     -1        0
  SINCE JUL 1      0                         0      0        0

 COOLING
  YESTERDAY       17                        15      2       14
  MONTH TO DATE  305                       322    -17      360
  SINCE JUN 1   1189                      1161     28     1368
  SINCE JAN 1   1518                      1405    113     1635
..................................................................


WIND (MPH)
  HIGHEST WIND SPEED     8   HIGHEST WIND DIRECTION     E (110)
  HIGHEST GUST SPEED     9   HIGHEST GUST DIRECTION     E (110)
  AVERAGE WIND SPEED     1.7


SKY COVER
  POSSIBLE SUNSHINE  MM
  AVERAGE SKY COVER 0.1


WEATHER CONDITIONS
 THE FOLLOWING WEATHER WAS RECORDED YESTERDAY.
  NO SIGNIFICANT WEATHER WAS OBSERVED.


RELATIVE HUMIDITY (PERCENT)
 HIGHEST    97           400 AM
 LOWEST     49           200 PM
 AVERAGE    73

..........................................................


THE MUSCLE SHOALS CLIMATE NORMALS FOR TODAY
                         NORMAL    RECORD    YEAR
 MAXIMUM TEMPERATURE (F)   91       103      2007
 MINIMUM TEMPERATURE (F)   68        54      1915


SUNRISE AND SUNSET
AUGUST 22 2017........SUNRISE   616 AM CDT   SUNSET   730 PM CDT
AUGUST 23 2017........SUNRISE   617 AM CDT   SUNSET   728 PM CDT


-  INDICATES NEGATIVE NUMBERS.
R  INDICATES RECORD WAS SET OR TIED.
MM INDICATES DATA IS MISSING.
T  INDICATES TRACE AMOUNT.




$$
