000
CDUS43 KMKX 230703
CLIMSN


CLIMATE REPORT
NATIONAL WEATHER SERVICE IN MILWAUKEE
201 AM CDT TUE MAY 23 2017


...................................

...THE MADISON WI CLIMATE SUMMARY FOR MAY 22 2017...

CLIMATE NORMAL PERIOD 1981 TO 2010
CLIMATE RECORD PERIOD 1871 TO 2017


WEATHER ITEM   OBSERVED TIME   RECORD YEAR NORMAL DEPARTURE LAST
                VALUE   (LST)  VALUE       VALUE  FROM      YEAR
                                                  NORMAL
..................................................................
TEMPERATURE (F)
 YESTERDAY
  MAXIMUM         66    507 PM  92    1975  70     -4       83
  MINIMUM         46    534 AM  27    1967  48     -2       47
  AVERAGE         56                        59     -3       65

PRECIPITATION (IN)
  YESTERDAY        0.08          1.60 1907   0.12  -0.04     0.00
  MONTH TO DATE    2.21                      2.43  -0.22     1.49
  SINCE MAR 1     10.34                      8.03   2.31     7.56
  SINCE JAN 1     15.04                     10.71   4.33     9.06

SNOWFALL (IN)
  YESTERDAY        0.0           T    1963   0.0    0.0      0.0
                                      1917
  MONTH TO DATE    0.0                       0.2   -0.2      0.0
  SINCE MAR 1      8.3                       9.8   -1.5      8.2
  SINCE JUL 1     44.0                      50.9   -6.9     32.7
  SNOW DEPTH       0

DEGREE DAYS
 HEATING
  YESTERDAY        9                         7      2        0
  MONTH TO DATE  238                       214     24      246
  SINCE MAR 1   1630                      1735   -105     1584
  SINCE JUL 1   6142                      7221  -1079     6184

 COOLING
  YESTERDAY        0                         1     -1        0
  MONTH TO DATE   15                        12      3        0
  SINCE MAR 1     15                        16     -1        0
  SINCE JAN 1     15                        16     -1        0
..................................................................


WIND (MPH)
  HIGHEST WIND SPEED    14   HIGHEST WIND DIRECTION     S (190)
  HIGHEST GUST SPEED    21   HIGHEST GUST DIRECTION     S (200)
  AVERAGE WIND SPEED     6.0


SKY COVER
  POSSIBLE SUNSHINE  MM
  AVERAGE SKY COVER 0.6


WEATHER CONDITIONS
 THE FOLLOWING WEATHER WAS RECORDED YESTERDAY.
  LIGHT RAIN
  FOG


RELATIVE HUMIDITY (PERCENT)
 HIGHEST    93          1100 PM
 LOWEST     57          1000 AM
 AVERAGE    75

..........................................................


THE MADISON WI CLIMATE NORMALS FOR TODAY
                         NORMAL    RECORD    YEAR
 MAXIMUM TEMPERATURE (F)   71        91      1975
 MINIMUM TEMPERATURE (F)   48        28      1958


SUNRISE AND SUNSET
MAY 23 2017...........SUNRISE   526 AM CDT   SUNSET   823 PM CDT
MAY 24 2017...........SUNRISE   525 AM CDT   SUNSET   824 PM CDT


-  INDICATES NEGATIVE NUMBERS.
R  INDICATES RECORD WAS SET OR TIED.
MM INDICATES DATA IS MISSING.
T  INDICATES TRACE AMOUNT.




$$
