000
CDUS45 KMSO 250739
CLIMSO


CLIMATE REPORT
NATIONAL WEATHER SERVICE MISSOULA, MT
1238 AM MST SUN JAN 25 2015


...................................

...THE MISSOULA MT CLIMATE SUMMARY FOR JANUARY 24 2015...

CLIMATE NORMAL PERIOD 1981 TO 2010
CLIMATE RECORD PERIOD 1893 TO 2015


WEATHER ITEM   OBSERVED TIME   RECORD YEAR NORMAL DEPARTURE LAST
                VALUE   (LST)  VALUE       VALUE  FROM      YEAR
                                                  NORMAL
..................................................................
TEMPERATURE (F)
 YESTERDAY
  MAXIMUM         41    449 PM  51    1935  34      7       39
  MINIMUM         32    928 AM -22    1949  19     13       20
  AVERAGE         37                        27     10       30

PRECIPITATION (IN)
  YESTERDAY        0.03          0.62 1959   0.02   0.01      T
  MONTH TO DATE    1.22                      0.67   0.55     0.39
  SINCE OCT 1      6.53                      3.60   2.93     2.10
  SINCE JAN 1      1.22                      0.67   0.55     0.39

SNOWFALL (IN)
  YESTERDAY        0.0
  MONTH TO DATE    9.4
  SINCE JAN 1      9.4
  SINCE JUL 1     30.0
  SNOW DEPTH       3

DEGREE DAYS
 HEATING
  YESTERDAY       28                        38    -10       35
  MONTH TO DATE  968                       952     16      820
  SINCE DEC 1   2157                      2228    -71     2122
  SINCE JUL 1   3913                      4124   -211     3977

 COOLING
  YESTERDAY        0                         0      0        0
  MONTH TO DATE    0                         0      0        0
  SINCE DEC 1      0                         0      0        0
  SINCE JAN 1      0                         0      0        0
..................................................................


WIND (MPH)
  HIGHEST WIND SPEED     9   HIGHEST WIND DIRECTION    SW (210)
  HIGHEST GUST SPEED    10   HIGHEST GUST DIRECTION    SW (240)
  AVERAGE WIND SPEED     2.8


SKY COVER
  POSSIBLE SUNSHINE  MM
  AVERAGE SKY COVER 1.0


WEATHER CONDITIONS
 THE FOLLOWING WEATHER WAS RECORDED YESTERDAY.
  LIGHT RAIN
  FOG


RELATIVE HUMIDITY (PERCENT)
 HIGHEST   100          1000 PM
 LOWEST     85           300 PM
 AVERAGE    93

..........................................................


THE MISSOULA MT CLIMATE NORMALS FOR TODAY
                         NORMAL    RECORD    YEAR
 MAXIMUM TEMPERATURE (F)   35        54      1905
 MINIMUM TEMPERATURE (F)   20       -25      1957
                                             1949


SUNRISE AND SUNSET
JANUARY 25 2015.......SUNRISE   809 AM MST   SUNSET   529 PM MST
JANUARY 26 2015.......SUNRISE   808 AM MST   SUNSET   530 PM MST


-  INDICATES NEGATIVE NUMBERS.
R  INDICATES RECORD WAS SET OR TIED.
MM INDICATES DATA IS MISSING.
T  INDICATES TRACE AMOUNT.




$$
