000
CDUS45 KMSO 290738
CLIMSO


CLIMATE REPORT
NATIONAL WEATHER SERVICE MISSOULA, MT
137 AM MDT SUN MAR 29 2015


...................................

...THE MISSOULA MT CLIMATE SUMMARY FOR MARCH 28 2015...

CLIMATE NORMAL PERIOD 1981 TO 2010
CLIMATE RECORD PERIOD 1893 TO 2015


WEATHER ITEM   OBSERVED TIME   RECORD YEAR NORMAL DEPARTURE LAST
                VALUE   (LST)  VALUE       VALUE  FROM      YEAR
                                                  NORMAL
..................................................................
TEMPERATURE (F)
 YESTERDAY
  MAXIMUM         54    415 PM  72    1986  54      0       52
  MINIMUM         37   1126 PM   5    1975  31      6       34
  AVERAGE         46                        42      4       43

PRECIPITATION (IN)
  YESTERDAY        0.01          0.74 1909   0.04  -0.03     0.04
  MONTH TO DATE    0.46                      0.89  -0.43     1.43
  SINCE OCT 1      7.98                      5.37   2.61     6.49
  SINCE JAN 1      2.67                      2.44   0.23     4.78

SNOWFALL (IN)
  YESTERDAY        0.0
  MONTH TO DATE    T
  SINCE JAN 1     12.7
  SINCE JUL 1     33.3
  SNOW DEPTH       0

DEGREE DAYS
 HEATING
  YESTERDAY       19                        23     -4       22
  MONTH TO DATE  664                       745    -81      798
  SINCE MAR 1    664                       745    -81      798
  SINCE JUL 1   5656                      6114   -458     6308

 COOLING
  YESTERDAY        0                         0      0        0
  MONTH TO DATE    0                         0      0        0
  SINCE MAR 1      0                         0      0        0
  SINCE JAN 1      0                         0      0        0
..................................................................


WIND (MPH)
  HIGHEST WIND SPEED    29   HIGHEST WIND DIRECTION     W (280)
  HIGHEST GUST SPEED    36   HIGHEST GUST DIRECTION     W (290)
  AVERAGE WIND SPEED    12.0


SKY COVER
  POSSIBLE SUNSHINE  MM
  AVERAGE SKY COVER 0.7


WEATHER CONDITIONS
 THE FOLLOWING WEATHER WAS RECORDED YESTERDAY.
  LIGHT RAIN


RELATIVE HUMIDITY (PERCENT)
 HIGHEST    92           400 AM
 LOWEST     41           400 PM
 AVERAGE    67

..........................................................


THE MISSOULA MT CLIMATE NORMALS FOR TODAY
                         NORMAL    RECORD    YEAR
 MAXIMUM TEMPERATURE (F)   54        75      1978
 MINIMUM TEMPERATURE (F)   31         5      1954


SUNRISE AND SUNSET
MARCH 29 2015.........SUNRISE   722 AM MDT   SUNSET   801 PM MDT
MARCH 30 2015.........SUNRISE   720 AM MDT   SUNSET   803 PM MDT


-  INDICATES NEGATIVE NUMBERS.
R  INDICATES RECORD WAS SET OR TIED.
MM INDICATES DATA IS MISSING.
T  INDICATES TRACE AMOUNT.




$$
