000
CDUS45 KMSO 100738
CLIMSO


CLIMATE REPORT
NATIONAL WEATHER SERVICE MISSOULA, MT
138 AM MDT THU JUL 10 2014


...................................

...THE MISSOULA MT CLIMATE SUMMARY FOR JULY 9 2014...

CLIMATE NORMAL PERIOD 1981 TO 2010
CLIMATE RECORD PERIOD 1893 TO 2014


WEATHER ITEM   OBSERVED TIME   RECORD YEAR NORMAL DEPARTURE LAST
                VALUE   (LST)  VALUE       VALUE  FROM      YEAR
                                                  NORMAL
..................................................................
TEMPERATURE (F)
 YESTERDAY
  MAXIMUM         92    258 PM 102    1939  84      8       89
  MINIMUM         56    511 AM  38    1911  51      5       50
  AVERAGE         74                        68      6       70

PRECIPITATION (IN)
  YESTERDAY        0.00          0.48 1955   0.04  -0.04     0.00
  MONTH TO DATE    T                         0.35  -0.35     0.07
  SINCE OCT 1     10.55                     11.13  -0.58    10.67
  SINCE JAN 1      8.84                      8.20   0.64     5.88

SNOWFALL (IN)
  YESTERDAY        0.0
  MONTH TO DATE    0.0
  SINCE JAN 1     51.9
  SINCE JUL 1      0.0
  SNOW DEPTH       0

DEGREE DAYS
 HEATING
  YESTERDAY        0                         2     -2        0
  MONTH TO DATE    0                        19    -19        0
  SINCE JUN 1    177                       179     -2      141
  SINCE JUL 1      0                        19    -19        0

 COOLING
  YESTERDAY        9                         4      5        5
  MONTH TO DATE   70                        31     39       75
  SINCE JUN 1     78                        68     10      118
  SINCE JAN 1     78                        74      4      122
..................................................................


WIND (MPH)
  HIGHEST WIND SPEED    16   HIGHEST WIND DIRECTION     W (270)
  HIGHEST GUST SPEED    20   HIGHEST GUST DIRECTION     W (280)
  AVERAGE WIND SPEED     4.0


SKY COVER
  POSSIBLE SUNSHINE  MM
  AVERAGE SKY COVER 0.0


WEATHER CONDITIONS
 THE FOLLOWING WEATHER WAS RECORDED YESTERDAY.
  NO SIGNIFICANT WEATHER WAS OBSERVED.


RELATIVE HUMIDITY (PERCENT)
 HIGHEST    80           500 AM
 LOWEST     23           300 PM
 AVERAGE    52

..........................................................


THE MISSOULA MT CLIMATE NORMALS FOR TODAY
                         NORMAL    RECORD    YEAR
 MAXIMUM TEMPERATURE (F)   85       105      1973
 MINIMUM TEMPERATURE (F)   51        36      1911


SUNRISE AND SUNSET
JULY 10 2014..........SUNRISE   552 AM MDT   SUNSET   931 PM MDT
JULY 11 2014..........SUNRISE   553 AM MDT   SUNSET   930 PM MDT


-  INDICATES NEGATIVE NUMBERS.
R  INDICATES RECORD WAS SET OR TIED.
MM INDICATES DATA IS MISSING.
T  INDICATES TRACE AMOUNT.




$$
