000
CDUS45 KMSO 240737
CLIMSO


CLIMATE REPORT
NATIONAL WEATHER SERVICE MISSOULA, MT
137 AM MDT SUN JUL 24 2016


...................................

...THE MISSOULA MT CLIMATE SUMMARY FOR JULY 23 2016...

CLIMATE NORMAL PERIOD 1981 TO 2010
CLIMATE RECORD PERIOD 1893 TO 2016


WEATHER ITEM   OBSERVED TIME   RECORD YEAR NORMAL DEPARTURE LAST
                VALUE   (LST)  VALUE       VALUE  FROM      YEAR
                                                  NORMAL
..................................................................
TEMPERATURE (F)
 YESTERDAY
  MAXIMUM         80    546 PM 103    2003  88     -8       77
  MINIMUM         55    557 AM  38    1965  52      3       58
  AVERAGE         68                        70     -2       68

PRECIPITATION (IN)
  YESTERDAY        0.00          0.22 1898   0.03  -0.03     0.03
  MONTH TO DATE    2.06                      0.77   1.29     0.90
  SINCE OCT 1     11.31                     11.55  -0.24    10.64
  SINCE JAN 1      7.92                      8.62  -0.70     5.33

SNOWFALL (IN)
  YESTERDAY        0.0
  MONTH TO DATE    0.0
  SINCE JAN 1     13.1
  SINCE JUL 1      0.0
  SNOW DEPTH       0

DEGREE DAYS
 HEATING
  YESTERDAY        0                         1     -1        0
  MONTH TO DATE   57                        34     23        8
  SINCE JUN 1    176                       194    -18       55
  SINCE JUL 1     57                        34     23        8

 COOLING
  YESTERDAY        3                         6     -3        3
  MONTH TO DATE   54                       104    -50      124
  SINCE JUN 1    125                       141    -16      266
  SINCE JAN 1    125                       147    -22      266
..................................................................


WIND (MPH)
  HIGHEST WIND SPEED    16   HIGHEST WIND DIRECTION    NW (300)
  HIGHEST GUST SPEED    22   HIGHEST GUST DIRECTION    NW (310)
  AVERAGE WIND SPEED     5.0


SKY COVER
  POSSIBLE SUNSHINE  MM
  AVERAGE SKY COVER 0.3


WEATHER CONDITIONS
 THE FOLLOWING WEATHER WAS RECORDED YESTERDAY.
  NO SIGNIFICANT WEATHER WAS OBSERVED.


RELATIVE HUMIDITY (PERCENT)
 HIGHEST    72           600 AM
 LOWEST     23           400 PM
 AVERAGE    48

..........................................................


THE MISSOULA MT CLIMATE NORMALS FOR TODAY
                         NORMAL    RECORD    YEAR
 MAXIMUM TEMPERATURE (F)   88       100      2006
                                             1933
 MINIMUM TEMPERATURE (F)   52        40      1964
                                             1960


SUNRISE AND SUNSET
JULY 24 2016..........SUNRISE   607 AM MDT   SUNSET   918 PM MDT
JULY 25 2016..........SUNRISE   608 AM MDT   SUNSET   917 PM MDT


-  INDICATES NEGATIVE NUMBERS.
R  INDICATES RECORD WAS SET OR TIED.
MM INDICATES DATA IS MISSING.
T  INDICATES TRACE AMOUNT.




$$
