000
CDUS45 KMSO 260742
CLIMSO


CLIMATE REPORT
NATIONAL WEATHER SERVICE MISSOULA, MT
141 AM MDT THU MAY 26 2016


...................................

...THE MISSOULA MT CLIMATE SUMMARY FOR MAY 25 2016...

CLIMATE NORMAL PERIOD 1981 TO 2010
CLIMATE RECORD PERIOD 1893 TO 2016


WEATHER ITEM   OBSERVED TIME   RECORD YEAR NORMAL DEPARTURE LAST
                VALUE   (LST)  VALUE       VALUE  FROM      YEAR
                                                  NORMAL
..................................................................
TEMPERATURE (F)
 YESTERDAY
  MAXIMUM         68    524 PM  94    1928  70     -2       73
  MINIMUM         36    504 AM  26    1964  42     -6       42
  AVERAGE         52                        56     -4       58

PRECIPITATION (IN)
  YESTERDAY        T             1.83 1980   0.08  -0.08     0.01
  MONTH TO DATE    1.46                      1.50  -0.04     0.37
  SINCE OCT 1      8.13                      8.20  -0.07     8.84
  SINCE JAN 1      4.74                      5.27  -0.53     3.53

SNOWFALL (IN)
  YESTERDAY        0.0
  MONTH TO DATE    0.0
  SINCE JAN 1     13.1
  SINCE JUL 1     30.2
  SNOW DEPTH       0

DEGREE DAYS
 HEATING
  YESTERDAY       13                         9      4        7
  MONTH TO DATE  267                       308    -41      284
  SINCE MAR 1   1481                      1702   -221     1625
  SINCE JUL 1   6665                      7071   -406     6617

 COOLING
  YESTERDAY        0                         0      0        0
  MONTH TO DATE    0                         0      0        0
  SINCE MAR 1      0                         0      0        0
  SINCE JAN 1      0                         0      0        0
..................................................................


WIND (MPH)
  HIGHEST WIND SPEED    17   HIGHEST WIND DIRECTION     N (340)
  HIGHEST GUST SPEED    23   HIGHEST GUST DIRECTION     N (350)
  AVERAGE WIND SPEED     3.8


SKY COVER
  POSSIBLE SUNSHINE  MM
  AVERAGE SKY COVER 0.6


WEATHER CONDITIONS
 THE FOLLOWING WEATHER WAS RECORDED YESTERDAY.
  LIGHT RAIN
  FOG


RELATIVE HUMIDITY (PERCENT)
 HIGHEST   100           600 AM
 LOWEST     37           500 PM
 AVERAGE    69

..........................................................


THE MISSOULA MT CLIMATE NORMALS FOR TODAY
                         NORMAL    RECORD    YEAR
 MAXIMUM TEMPERATURE (F)   70        93      1986
 MINIMUM TEMPERATURE (F)   43        26      1893


SUNRISE AND SUNSET
MAY 26 2016...........SUNRISE   549 AM MDT   SUNSET   918 PM MDT
MAY 27 2016...........SUNRISE   549 AM MDT   SUNSET   919 PM MDT


-  INDICATES NEGATIVE NUMBERS.
R  INDICATES RECORD WAS SET OR TIED.
MM INDICATES DATA IS MISSING.
T  INDICATES TRACE AMOUNT.




$$
