000
CDUS45 KMSO 060757
CLIMSO


CLIMATE REPORT
NATIONAL WEATHER SERVICE MISSOULA, MT
157 AM MDT MON JUL 6 2015


...................................

...THE MISSOULA MT CLIMATE SUMMARY FOR JULY 5 2015...

CLIMATE NORMAL PERIOD 1981 TO 2010
CLIMATE RECORD PERIOD 1893 TO 2015


WEATHER ITEM   OBSERVED TIME   RECORD YEAR NORMAL DEPARTURE LAST
                VALUE   (LST)  VALUE       VALUE  FROM      YEAR
                                                  NORMAL
..................................................................
TEMPERATURE (F)
 YESTERDAY
  MAXIMUM         77    515 PM 102    2007  83     -6       90
  MINIMUM         61   1159 PM  37    2000  50     11       57
                                      1893
  AVERAGE         69                        66      3       74

PRECIPITATION (IN)
  YESTERDAY        T             1.24 1903   0.04  -0.04     0.00
  MONTH TO DATE    T                         0.20  -0.20      T
  SINCE OCT 1      9.74                     10.98  -1.24    10.55
  SINCE JAN 1      4.43                      8.05  -3.62     8.84

SNOWFALL (IN)
  YESTERDAY        0.0
  MONTH TO DATE    0.0
  SINCE JAN 1     13.3
  SINCE JUL 1      0.0
  SNOW DEPTH       0

DEGREE DAYS
 HEATING
  YESTERDAY        0                         2     -2        0
  MONTH TO DATE    0                        11    -11        0
  SINCE JUN 1     47                       171   -124      177
  SINCE JUL 1      0                        11    -11        0

 COOLING
  YESTERDAY        4                         3      1        9
  MONTH TO DATE   58                        15     43       37
  SINCE JUN 1    200                        52    148       45
  SINCE JAN 1    200                        58    142       45
..................................................................


WIND (MPH)
  HIGHEST WIND SPEED    24   HIGHEST WIND DIRECTION     E (100)
  HIGHEST GUST SPEED    31   HIGHEST GUST DIRECTION     E (90)
  AVERAGE WIND SPEED    13.6


SKY COVER
  POSSIBLE SUNSHINE  MM
  AVERAGE SKY COVER 0.3


WEATHER CONDITIONS
 THE FOLLOWING WEATHER WAS RECORDED YESTERDAY.
  LIGHT RAIN


RELATIVE HUMIDITY (PERCENT)
 HIGHEST    51           200 PM
 LOWEST     33          1200 PM
 AVERAGE    42

..........................................................


THE MISSOULA MT CLIMATE NORMALS FOR TODAY
                         NORMAL    RECORD    YEAR
 MAXIMUM TEMPERATURE (F)   83       107      2007
 MINIMUM TEMPERATURE (F)   50        36      1952


SUNRISE AND SUNSET
JULY  6 2015..........SUNRISE   549 AM MDT   SUNSET   933 PM MDT
JULY  7 2015..........SUNRISE   550 AM MDT   SUNSET   932 PM MDT


-  INDICATES NEGATIVE NUMBERS.
R  INDICATES RECORD WAS SET OR TIED.
MM INDICATES DATA IS MISSING.
T  INDICATES TRACE AMOUNT.




$$
