000
CDUS43 KMPX 260725
CLIMSP


CLIMATE REPORT
NATIONAL WEATHER SERVICE CHANHASSEN MN
224 AM CDT TUE MAY 26 2015


...................................

...THE TWIN CITIES MN CLIMATE SUMMARY FOR MAY 25 2015...

CLIMATE NORMAL PERIOD 1981 TO 2010
CLIMATE RECORD PERIOD 1871 TO 2015


WEATHER ITEM   OBSERVED TIME   RECORD YEAR NORMAL DEPARTURE LAST
                VALUE   (LST)  VALUE       VALUE  FROM      YEAR
                                                  NORMAL
..................................................................
TEMPERATURE (F)
 YESTERDAY
  MAXIMUM         73    542 PM  94    1978  72      1       79
  MINIMUM         57    601 AM  33    1901  52      5       56
  AVERAGE         65                        62      3       68

PRECIPITATION (IN)
  YESTERDAY        0.16          1.88 1942   0.11   0.05     0.00
  MONTH TO DATE    2.42                      2.71  -0.29     3.88
  SINCE MAR 1      5.51                      7.26  -1.75    10.97
  SINCE JAN 1      6.20                      8.93  -2.73    13.80

SNOWFALL (IN)
  YESTERDAY        0.0           0.1  1925   0.0    0.0      0.0
  MONTH TO DATE    0.0                       0.0    0.0      0.0
  SINCE MAR 1      7.1                      12.7   -5.6     11.7
  SINCE JUL 1     32.4                      54.4  -22.0     69.8
  SNOW DEPTH       0

DEGREE DAYS
 HEATING
  YESTERDAY        0                         5     -5        0
  MONTH TO DATE  172                       193    -21      244
  SINCE MAR 1   1529                      1721   -192     2123
  SINCE JUL 1   7494                      7511    -17     8576

 COOLING
  YESTERDAY        0                         2     -2        3
  MONTH TO DATE   14                        26    -12        7
  SINCE MAR 1     14                        31    -17        7
  SINCE JAN 1     14                        31    -17        7
..................................................................


WIND (MPH)
  HIGHEST WIND SPEED    20   HIGHEST WIND DIRECTION    SW (230)
  HIGHEST GUST SPEED    26   HIGHEST GUST DIRECTION    SW (230)
  AVERAGE WIND SPEED    10.1


SKY COVER
  POSSIBLE SUNSHINE  MM
  AVERAGE SKY COVER 0.9


WEATHER CONDITIONS
 THE FOLLOWING WEATHER WAS RECORDED YESTERDAY.
  RAIN
  LIGHT RAIN
  FOG


RELATIVE HUMIDITY (PERCENT)
 HIGHEST   100          1200 AM
 LOWEST     61           500 PM
 AVERAGE    81

..........................................................


THE TWIN CITIES MN CLIMATE NORMALS FOR TODAY
                         NORMAL    RECORD    YEAR
 MAXIMUM TEMPERATURE (F)   72        96      1978
 MINIMUM TEMPERATURE (F)   52        34      1992


SUNRISE AND SUNSET
MAY 26 2015...........SUNRISE   534 AM CDT   SUNSET   846 PM CDT
MAY 27 2015...........SUNRISE   533 AM CDT   SUNSET   847 PM CDT


-  INDICATES NEGATIVE NUMBERS.
R  INDICATES RECORD WAS SET OR TIED.
MM INDICATES DATA IS MISSING.
T  INDICATES TRACE AMOUNT.




$$
