000
CDUS43 KMPX 300624
CLIMSP


CLIMATE REPORT
NATIONAL WEATHER SERVICE CHANHASSEN MN
124 AM CDT FRI SEP 30 2016


...................................

...THE TWIN CITIES MN CLIMATE SUMMARY FOR SEPTEMBER 29 2016...

CLIMATE NORMAL PERIOD 1981 TO 2010
CLIMATE RECORD PERIOD 1871 TO 2016


WEATHER ITEM   OBSERVED TIME   RECORD YEAR NORMAL DEPARTURE LAST
                VALUE   (LST)  VALUE       VALUE  FROM      YEAR
                                                  NORMAL
..................................................................
TEMPERATURE (F)
 YESTERDAY
  MAXIMUM         68    355 PM  89    1897  66      2       63
  MINIMUM         46    620 AM  27    1945  46      0       48
  AVERAGE         57                        56      1       56

PRECIPITATION (IN)
  YESTERDAY        0.00          2.68 1881   0.09  -0.09     0.00
  MONTH TO DATE    5.47                      2.99   2.48     4.65
  SINCE SEP 1      5.47                      2.99   2.48     4.65
  SINCE JAN 1     31.79                     25.16   6.63    26.69

SNOWFALL (IN)
  YESTERDAY        0.0           T    1907   0.0    0.0      0.0
  MONTH TO DATE    0.0                       0.0    0.0      0.0
  SINCE SEP 1      0.0                       0.0    0.0      0.0
  SINCE JUL 1      0.0                       0.0    0.0      0.0
  SNOW DEPTH       0

DEGREE DAYS
 HEATING
  YESTERDAY        8                        10     -2        9
  MONTH TO DATE   46                       145    -99       47
  SINCE SEP 1     46                       145    -99       47
  SINCE JUL 1     49                       164   -115       62

 COOLING
  YESTERDAY        0                         1     -1        0
  MONTH TO DATE   91                        66     25      153
  SINCE SEP 1     91                        66     25      153
  SINCE JAN 1    962                       747    215      802
..................................................................


WIND (MPH)
  HIGHEST WIND SPEED    14   HIGHEST WIND DIRECTION     E (80)
  HIGHEST GUST SPEED    21   HIGHEST GUST DIRECTION    NE (60)
  AVERAGE WIND SPEED     6.1


SKY COVER
  POSSIBLE SUNSHINE  MM
  AVERAGE SKY COVER 0.2


WEATHER CONDITIONS
 THE FOLLOWING WEATHER WAS RECORDED YESTERDAY.
  NO SIGNIFICANT WEATHER WAS OBSERVED.


RELATIVE HUMIDITY (PERCENT)
 HIGHEST    93           100 AM
 LOWEST     53           400 PM
 AVERAGE    73

..........................................................


THE TWIN CITIES MN CLIMATE NORMALS FOR TODAY
                         NORMAL    RECORD    YEAR
 MAXIMUM TEMPERATURE (F)   65        87      1897
 MINIMUM TEMPERATURE (F)   46        26      1939


SUNRISE AND SUNSET
SEPTEMBER 30 2016.....SUNRISE   710 AM CDT   SUNSET   654 PM CDT
OCTOBER  1 2016.......SUNRISE   711 AM CDT   SUNSET   652 PM CDT


-  INDICATES NEGATIVE NUMBERS.
R  INDICATES RECORD WAS SET OR TIED.
MM INDICATES DATA IS MISSING.
T  INDICATES TRACE AMOUNT.




$$
