000
CDUS43 KMPX 210739
CLIMSP


CLIMATE REPORT
NATIONAL WEATHER SERVICE CHANHASSEN MN
237 AM CDT SAT OCT 21 2017


...................................

...THE TWIN CITIES MN CLIMATE SUMMARY FOR OCTOBER 20 2017...

CLIMATE NORMAL PERIOD 1981 TO 2010
CLIMATE RECORD PERIOD 1871 TO 2017


WEATHER ITEM   OBSERVED TIME   RECORD YEAR NORMAL DEPARTURE LAST
                VALUE   (LST)  VALUE       VALUE  FROM      YEAR
                                                  NORMAL
..................................................................
TEMPERATURE (F)
 YESTERDAY
  MAXIMUM         78    306 PM  83    1953  56     22       52
  MINIMUM         53    659 AM  18    1960  38     15       38
  AVERAGE         66                        47     19       45

PRECIPITATION (IN)
  YESTERDAY        T             2.64 1934   0.07  -0.07     0.00
  MONTH TO DATE    3.76                      1.73   2.03     2.46
  SINCE SEP 1      4.80                      4.81  -0.01     7.93
  SINCE JAN 1     30.45                     26.98   3.47    34.25

SNOWFALL (IN)
  YESTERDAY        0.0           3.0  1916   0.0    0.0      0.0
  MONTH TO DATE    0.0                       0.1   -0.1      0.0
  SINCE SEP 1      0.0                       0.1   -0.1       T
  SINCE JUL 1      0.0                       0.1   -0.1       T
  SNOW DEPTH       0

DEGREE DAYS
 HEATING
  YESTERDAY        0                        18    -18       20
  MONTH TO DATE  182                       282   -100      191
  SINCE SEP 1    247                       436   -189      241
  SINCE JUL 1    254                       455   -201      244

 COOLING
  YESTERDAY        1                         0      1        0
  MONTH TO DATE    1                         3     -2        2
  SINCE SEP 1    142                        69     73       93
  SINCE JAN 1    830                       750     80      964
..................................................................


WIND (MPH)
  HIGHEST WIND SPEED    25   HIGHEST WIND DIRECTION     S (170)
  HIGHEST GUST SPEED    32   HIGHEST GUST DIRECTION     S (180)
  AVERAGE WIND SPEED    13.0


SKY COVER
  POSSIBLE SUNSHINE  MM
  AVERAGE SKY COVER 0.3


WEATHER CONDITIONS
 THE FOLLOWING WEATHER WAS RECORDED YESTERDAY.
  NO SIGNIFICANT WEATHER WAS OBSERVED.


RELATIVE HUMIDITY (PERCENT)
 HIGHEST    89           400 AM
 LOWEST     33           500 PM
 AVERAGE    61

..........................................................


THE TWIN CITIES MN CLIMATE NORMALS FOR TODAY
                         NORMAL    RECORD    YEAR
 MAXIMUM TEMPERATURE (F)   56        88      1947
 MINIMUM TEMPERATURE (F)   38        16      1913


SUNRISE AND SUNSET
OCTOBER 21 2017.......SUNRISE   737 AM CDT   SUNSET   617 PM CDT
OCTOBER 22 2017.......SUNRISE   738 AM CDT   SUNSET   616 PM CDT


-  INDICATES NEGATIVE NUMBERS.
R  INDICATES RECORD WAS SET OR TIED.
MM INDICATES DATA IS MISSING.
T  INDICATES TRACE AMOUNT.




$$
