000
CDUS41 KBTV 010549
CLIMSS


CLIMATE REPORT
NATIONAL WEATHER SERVICE BURLINGTON VT
147 AM EDT WED JUL 1 2015


...................................

...THE MASSENA NY CLIMATE SUMMARY FOR JUNE 30 2015...

CLIMATE NORMAL PERIOD 1981 TO 2010
CLIMATE RECORD PERIOD 1948 TO 2015


WEATHER ITEM   OBSERVED TIME   RECORD YEAR NORMAL DEPARTURE LAST
                VALUE   (LST)  VALUE       VALUE  FROM      YEAR
                                                  NORMAL
..................................................................
TEMPERATURE (F)
 YESTERDAY
  MAXIMUM         77   1109 AM  93    1964  79     -2       86
  MINIMUM         51    420 AM  46    1975  57     -6       69
  AVERAGE         64                        68     -4       78

PRECIPITATION (IN)
  YESTERDAY        0.02          0.80        0.12  -0.10     0.00
  MONTH TO DATE    5.12                      3.52   1.60     4.93
  SINCE JUN 1      5.12                      3.52   1.60     4.93
  SINCE JAN 1     11.11                     15.45  -4.34    14.86

DEGREE DAYS
 HEATING
  YESTERDAY        1                         1      0        0
  MONTH TO DATE  101                        95      6       38
  SINCE JUN 1    101                        96      5       38
  SINCE JUL 1   8382                      8197    185     8601

 COOLING
  YESTERDAY        0                         4     -4       13
  MONTH TO DATE   47                        75    -28       84
  SINCE JUN 1     47                        75    -28       84
  SINCE JAN 1     92                        89      3       99
..................................................................


WIND (MPH)
  HIGHEST WIND SPEED    17   HIGHEST WIND DIRECTION     S (170)
  HIGHEST GUST SPEED    22   HIGHEST GUST DIRECTION    SE (150)
  AVERAGE WIND SPEED     4.7


SKY COVER
  AVERAGE SKY COVER 0.4


WEATHER CONDITIONS
 THE FOLLOWING WEATHER WAS RECORDED YESTERDAY.
  LIGHT RAIN


RELATIVE HUMIDITY (PERCENT)
 HIGHEST    93          1200 AM
 LOWEST     50          1000 AM
 AVERAGE    72

..........................................................


THE MASSENA NY CLIMATE NORMALS FOR TODAY
                         NORMAL    RECORD    YEAR
 MAXIMUM TEMPERATURE (F)   79        93      1963
 MINIMUM TEMPERATURE (F)   57        45      2007
                                             1986


SUNRISE AND SUNSET
JULY  1 2015..........SUNRISE   517 AM EDT   SUNSET   850 PM EDT
JULY  2 2015..........SUNRISE   517 AM EDT   SUNSET   849 PM EDT


-  INDICATES NEGATIVE NUMBERS.
R  INDICATES RECORD WAS SET OR TIED.
MM INDICATES DATA IS MISSING.
T  INDICATES TRACE AMOUNT.




$$
