000
CDUS41 KBTV 200549
CLIMSS


CLIMATE REPORT
NATIONAL WEATHER SERVICE BURLINGTON VT
146 AM EDT WED SEP 20 2017


...................................

...THE MASSENA NY CLIMATE SUMMARY FOR SEPTEMBER 19 2017...

CLIMATE NORMAL PERIOD 1981 TO 2010
CLIMATE RECORD PERIOD 1948 TO 2017


WEATHER ITEM   OBSERVED TIME   RECORD YEAR NORMAL DEPARTURE LAST
                VALUE   (LST)  VALUE       VALUE  FROM      YEAR
                                                  NORMAL
..................................................................
TEMPERATURE (F)
 YESTERDAY
  MAXIMUM         83    254 PM  87    1955  68     15       80
  MINIMUM         57    459 AM  28    2014  46     11       55
  AVERAGE         70                        57     13       68

PRECIPITATION (IN)
  YESTERDAY        0.00          0.75        0.12  -0.12     0.00
  MONTH TO DATE    0.77                      2.24  -1.47     0.96
  SINCE SEP 1      0.77                      2.24  -1.47     0.96
  SINCE JAN 1     30.14                     24.78   5.36    22.07

DEGREE DAYS
 HEATING
  YESTERDAY        0                         8     -8        0
  MONTH TO DATE   85                       106    -21       57
  SINCE SEP 1     85                       106    -21       57
  SINCE JUL 1    137                       181    -44       68

 COOLING
  YESTERDAY        5                         1      4        3
  MONTH TO DATE   21                        24     -3       43
  SINCE SEP 1     21                        24     -3       43
  SINCE JAN 1    347                       360    -13      523
..................................................................


WIND (MPH)
  HIGHEST WIND SPEED    12   HIGHEST WIND DIRECTION     N (20)
  HIGHEST GUST SPEED    14   HIGHEST GUST DIRECTION     N (10)
  AVERAGE WIND SPEED     1.7


SKY COVER
  AVERAGE SKY COVER 0.1


WEATHER CONDITIONS
 THE FOLLOWING WEATHER WAS RECORDED YESTERDAY.
  FOG


RELATIVE HUMIDITY (PERCENT)
 HIGHEST   100          1200 AM
 LOWEST     58          1200 PM
 AVERAGE    79

..........................................................


THE MASSENA NY CLIMATE NORMALS FOR TODAY
                         NORMAL    RECORD    YEAR
 MAXIMUM TEMPERATURE (F)   68        88      1983
 MINIMUM TEMPERATURE (F)   46        29      1969


SUNRISE AND SUNSET
SEPTEMBER 20 2017.....SUNRISE   644 AM EDT   SUNSET   700 PM EDT
SEPTEMBER 21 2017.....SUNRISE   645 AM EDT   SUNSET   658 PM EDT


-  INDICATES NEGATIVE NUMBERS.
R  INDICATES RECORD WAS SET OR TIED.
MM INDICATES DATA IS MISSING.
T  INDICATES TRACE AMOUNT.




$$
