000
CDUS41 KBTV 200550
CLIMSS


CLIMATE REPORT
NATIONAL WEATHER SERVICE BURLINGTON VT
149 AM EDT WED AUG 20 2014


...................................

...THE MASSENA NY CLIMATE SUMMARY FOR AUGUST 19 2014...

CLIMATE NORMAL PERIOD 1981 TO 2010
CLIMATE RECORD PERIOD 1948 TO 2014


WEATHER ITEM   OBSERVED TIME   RECORD YEAR NORMAL DEPARTURE LAST
                VALUE   (LST)  VALUE       VALUE  FROM      YEAR
                                                  NORMAL
..................................................................
TEMPERATURE (F)
 YESTERDAY
  MAXIMUM         75    333 PM  91    1971  78     -3       81
  MINIMUM         45    523 AM  41    1977  55    -10       60
  AVERAGE         60                        66     -6       71

PRECIPITATION (IN)
  YESTERDAY        0.00          1.50        0.12  -0.12     0.00
  MONTH TO DATE    1.95                      2.24  -0.29     1.57
  SINCE JUN 1     12.35                      9.33   3.02    12.78
  SINCE JAN 1     22.28                     21.26   1.02    21.08

DEGREE DAYS
 HEATING
  YESTERDAY        5                         2      3        0
  MONTH TO DATE   30                        22      8       24
  SINCE JUN 1     90                       141    -51      162
  SINCE JUL 1     52                        45      7       46

 COOLING
  YESTERDAY        0                         3     -3        6
  MONTH TO DATE   38                        71    -33       38
  SINCE JUN 1    229                       291    -62      310
  SINCE JAN 1    244                       305    -61      333
..................................................................


WIND (MPH)
  HIGHEST WIND SPEED     9   HIGHEST WIND DIRECTION    NE (50)
  HIGHEST GUST SPEED    12   HIGHEST GUST DIRECTION    NE (60)
  AVERAGE WIND SPEED     2.1


SKY COVER
  AVERAGE SKY COVER 0.1


WEATHER CONDITIONS
 THE FOLLOWING WEATHER WAS RECORDED YESTERDAY.
  FOG
  FOG W/VISIBILITY <= 1/4 MILE


RELATIVE HUMIDITY (PERCENT)
 HIGHEST   100           100 AM
 LOWEST     46           200 PM
 AVERAGE    73

..........................................................


THE MASSENA NY CLIMATE NORMALS FOR TODAY
                         NORMAL    RECORD    YEAR
 MAXIMUM TEMPERATURE (F)   77        91      1955
 MINIMUM TEMPERATURE (F)   55        41      1953


SUNRISE AND SUNSET
AUGUST 20 2014........SUNRISE   607 AM EDT   SUNSET   758 PM EDT
AUGUST 21 2014........SUNRISE   608 AM EDT   SUNSET   756 PM EDT


-  INDICATES NEGATIVE NUMBERS.
R  INDICATES RECORD WAS SET OR TIED.
MM INDICATES DATA IS MISSING.
T  INDICATES TRACE AMOUNT.




$$
