000
CDUS41 KBTV 140545
CLIMSS


CLIMATE REPORT
NATIONAL WEATHER SERVICE BURLINGTON VT
1244 AM EST SUN FEB 14 2016


...................................

...THE MASSENA NY CLIMATE SUMMARY FOR FEBRUARY 13 2016...

CLIMATE NORMAL PERIOD 1981 TO 2010
CLIMATE RECORD PERIOD 1948 TO 2016


WEATHER ITEM   OBSERVED TIME   RECORD YEAR NORMAL DEPARTURE LAST
                VALUE   (LST)  VALUE       VALUE  FROM      YEAR
                                                  NORMAL
..................................................................
TEMPERATURE (F)
 YESTERDAY
  MAXIMUM         12   1200 AM  53    1990  28    -16       -1
  MINIMUM        -16        MM -33    1967   7    -23      -17
  AVERAGE         -2                        17    -19       -9

PRECIPITATION (IN)
  YESTERDAY        T             1.21        0.06  -0.06     0.00
  MONTH TO DATE    0.63                      0.77  -0.14     0.14
  SINCE DEC 1      3.81                      5.38  -1.57     2.40
  SINCE JAN 1      1.16                      2.95  -1.79     1.42

DEGREE DAYS
 HEATING
  YESTERDAY       67                        48     19       74
  MONTH TO DATE  543                       638    -95      795
  SINCE DEC 1   2828                      3532   -704     3654
  SINCE JUL 1   4302                      5301   -999     5215

 COOLING
  YESTERDAY        0                         0      0        0
  MONTH TO DATE    0                         0      0        0
  SINCE DEC 1      0                         0      0        0
  SINCE JAN 1      0                         0      0        0
..................................................................


WIND (MPH)
  HIGHEST WIND SPEED    21   HIGHEST WIND DIRECTION     W (270)
  HIGHEST GUST SPEED    31   HIGHEST GUST DIRECTION    NW (300)
  AVERAGE WIND SPEED    16.3


SKY COVER
  AVERAGE SKY COVER 0.9


WEATHER CONDITIONS
 THE FOLLOWING WEATHER WAS RECORDED YESTERDAY.
  HAZE


RELATIVE HUMIDITY (PERCENT)
 HIGHEST    69           100 AM
 LOWEST     43           300 PM
 AVERAGE    56

..........................................................


THE MASSENA NY CLIMATE NORMALS FOR TODAY
                         NORMAL    RECORD    YEAR
 MAXIMUM TEMPERATURE (F)   28        61      1984
 MINIMUM TEMPERATURE (F)    7       -29      2003


SUNRISE AND SUNSET
FEBRUARY 14 2016......SUNRISE   702 AM EST   SUNSET   525 PM EST
FEBRUARY 15 2016......SUNRISE   701 AM EST   SUNSET   527 PM EST


-  INDICATES NEGATIVE NUMBERS.
R  INDICATES RECORD WAS SET OR TIED.
MM INDICATES DATA IS MISSING.
T  INDICATES TRACE AMOUNT.




$$
