000
CDUS41 KBTV 240617
CLIMSS


CLIMATE REPORT
NATIONAL WEATHER SERVICE BURLINGTON VT
117 AM EST WED DEC 24 2014


...................................

...THE MASSENA NY CLIMATE SUMMARY FOR DECEMBER 23 2014...

CLIMATE NORMAL PERIOD 1981 TO 2010
CLIMATE RECORD PERIOD 1948 TO 2014


WEATHER ITEM   OBSERVED TIME   RECORD YEAR NORMAL DEPARTURE LAST
                VALUE   (LST)  VALUE       VALUE  FROM      YEAR
                                                  NORMAL
..................................................................
TEMPERATURE (F)
 YESTERDAY
  MAXIMUM         36    806 PM  59    1957  28      8       23
  MINIMUM         21   1200 AM -24    1955  10     11       15
  AVERAGE         29                        19     10       19

PRECIPITATION (IN)
  YESTERDAY        0.19          0.94        0.07   0.12     0.01
  MONTH TO DATE    0.67                      1.84  -1.17     1.61
  SINCE DEC 1      0.67                      1.84  -1.17     1.61
  SINCE JAN 1     30.83                     34.37  -3.54    35.49

DEGREE DAYS
 HEATING
  YESTERDAY       36                        46    -10       46
  MONTH TO DATE  912                       950    -38     1045
  SINCE DEC 1    912                       950    -38     1045
  SINCE JUL 1   2473                      2719   -246     2796

 COOLING
  YESTERDAY        0                         0      0        0
  MONTH TO DATE    0                         0      0        0
  SINCE DEC 1      0                         0      0        0
  SINCE JAN 1    336                       363    -27      418
..................................................................


WIND (MPH)
  HIGHEST WIND SPEED    12   HIGHEST WIND DIRECTION    NE (50)
  HIGHEST GUST SPEED    14   HIGHEST GUST DIRECTION    NE (50)
  AVERAGE WIND SPEED     8.0


SKY COVER
  AVERAGE SKY COVER 1.0


WEATHER CONDITIONS
 THE FOLLOWING WEATHER WAS RECORDED YESTERDAY.
  LIGHT RAIN
  FREEZING RAIN
  LT FREEZING RAIN
  LIGHT SNOW
  FOG
  HAZE


RELATIVE HUMIDITY (PERCENT)
 HIGHEST    96           200 PM
 LOWEST     84          1200 AM
 AVERAGE    90

..........................................................


THE MASSENA NY CLIMATE NORMALS FOR TODAY
                         NORMAL    RECORD    YEAR
 MAXIMUM TEMPERATURE (F)   27        56      1957
 MINIMUM TEMPERATURE (F)   10       -30      1973


SUNRISE AND SUNSET
DECEMBER 24 2014......SUNRISE   736 AM EST   SUNSET   422 PM EST
DECEMBER 25 2014......SUNRISE   736 AM EST   SUNSET   423 PM EST


-  INDICATES NEGATIVE NUMBERS.
R  INDICATES RECORD WAS SET OR TIED.
MM INDICATES DATA IS MISSING.
T  INDICATES TRACE AMOUNT.




$$
