000
CDUS42 KKEY 060540
CLIMTH

CLIMATE REPORT
NATIONAL WEATHER SERVICE KEY WEST, FL
138 AM EDT FRI MAY 6 2016

...................................

...THE MARATHON CLIMATE SUMMARY FOR MAY 5 2016...

CLIMATE NORMAL PERIOD 1981 TO 2010

WEATHER ITEM   OBSERVED TIME   NORMAL DEPARTURE LAST
               VALUE    (LST)  VALUE  FROM      YEAR
                                      NORMAL
......................................................
TEMPERATURE (F)
 YESTERDAY
  MAXIMUM         82    251 PM  85     -3       78
  MINIMUM         74    115 AM  74      0       72
  AVERAGE         78            80     -2       75

PRECIPITATION (IN)
  YESTERDAY        0.12          0.09   0.03     0.02
  MONTH TO DATE    0.16          0.46  -0.30     0.02
  SINCE MAR 1      2.28          5.23  -2.95     4.23
  SINCE JAN 1     10.64          9.05   1.59     6.46

SNOWFALL (IN)
  YESTERDAY        0.0
  MONTH TO DATE    0.0
  SINCE MAR 1      0.0
  SINCE JUL 1      0.0
  SNOW DEPTH       0

DEGREE DAYS
 HEATING
  YESTERDAY        0             0      0        0
  MONTH TO DATE    0             0      0        0
  SINCE MAR 1      0             6     -6        0
  SINCE JUL 1     49            81    -32       50

 COOLING
  YESTERDAY       13            14     -1       10
  MONTH TO DATE   87            70     17       64
  SINCE MAR 1    882           724    158      988
  SINCE JAN 1   1178          1106     72     1375
......................................................

WIND (MPH)
  HIGHEST WIND SPEED    15   HIGHEST WIND DIRECTION     N (350)
  HIGHEST GUST SPEED    27   HIGHEST GUST DIRECTION    NW (310)
  AVERAGE WIND SPEED    12.0

SKY COVER
  POSSIBLE SUNSHINE  MM
  AVERAGE SKY COVER 0.3

WEATHER CONDITIONS
 THE FOLLOWING WEATHER WAS RECORDED YESTERDAY.
  THUNDERSTORM
  HEAVY RAIN
  LIGHT RAIN
  FOG

RELATIVE HUMIDITY (PERCENT)
 HIGHEST    79
 LOWEST     48
 AVERAGE    64

..........................................................

THE MARATHON CLIMATE NORMALS FOR TODAY
                         NORMAL
 MAXIMUM TEMPERATURE (F)   85
 MINIMUM TEMPERATURE (F)   74

SUNRISE AND SUNSET
MAY  6 2016...........SUNRISE   645 AM EDT   SUNSET   757 PM EDT
MAY  7 2016...........SUNRISE   645 AM EDT   SUNSET   757 PM EDT

-  INDICATES NEGATIVE NUMBERS.
R  INDICATES RECORD WAS SET OR TIED.
MM INDICATES DATA IS MISSING.
T  INDICATES TRACE AMOUNT.

$$
