000
CDUS42 KKEY 250538
CLIMTH


CLIMATE REPORT
NATIONAL WEATHER SERVICE KEY WEST, FL
1237 AM EST SAT FEB 25 2017


...................................

...THE MARATHON CLIMATE SUMMARY FOR FEBRUARY 24 2017...

CLIMATE NORMAL PERIOD 1981 TO 2010
CLIMATE RECORD PERIOD 9999 TO 9999


WEATHER ITEM   OBSERVED TIME   NORMAL DEPARTURE LAST
                VALUE   (LST)  VALUE  FROM      YEAR
                                      NORMAL
......................................................
TEMPERATURE (F)
 YESTERDAY
  MAXIMUM         78    415 PM  77      1       84
  MINIMUM         70    632 AM  67      3       67
  AVERAGE         74            72      2       76

PRECIPITATION (IN)
  YESTERDAY        0.00          0.08  -0.08     0.31
  MONTH TO DATE    0.63          1.92  -1.29     3.13
  SINCE DEC 1      3.40          5.55  -2.15    16.30
  SINCE JAN 1      1.50          3.53  -2.03     8.36

SNOWFALL (IN)
  YESTERDAY        0.0
  MONTH TO DATE    0.0
  SINCE DEC 1      0.0
  SINCE JUL 1      0.0
  SNOW DEPTH       0

DEGREE DAYS
 HEATING
  YESTERDAY        0             1     -1        0
  MONTH TO DATE    0            20    -20       17
  SINCE DEC 1      3            78    -75       44
  SINCE JUL 1      3            79    -76       44

 COOLING
  YESTERDAY        9             8      1       11
  MONTH TO DATE  267           169     98      150
  SINCE DEC 1   1041           578    463      680
  SINCE JAN 1    583           350    233      284
......................................................


WIND (MPH)
  HIGHEST WIND SPEED    10   HIGHEST WIND DIRECTION    NW (330)
  HIGHEST GUST SPEED    15   HIGHEST GUST DIRECTION    NW (320)
  AVERAGE WIND SPEED     5.9


SKY COVER
  POSSIBLE SUNSHINE  MM
  AVERAGE SKY COVER 0.3


WEATHER CONDITIONS
 THE FOLLOWING WEATHER WAS RECORDED YESTERDAY.
  NO SIGNIFICANT WEATHER WAS OBSERVED.


RELATIVE HUMIDITY (PERCENT)
 HIGHEST    90
 LOWEST     71
 AVERAGE    81

..........................................................


THE MARATHON CLIMATE NORMALS FOR TODAY
                         NORMAL
 MAXIMUM TEMPERATURE (F)   78
 MINIMUM TEMPERATURE (F)   67


SUNRISE AND SUNSET
FEBRUARY 25 2017......SUNRISE   650 AM EST   SUNSET   625 PM EST
FEBRUARY 26 2017......SUNRISE   649 AM EST   SUNSET   625 PM EST


-  INDICATES NEGATIVE NUMBERS.
R  INDICATES RECORD WAS SET OR TIED.
MM INDICATES DATA IS MISSING.
T  INDICATES TRACE AMOUNT.




$$
