000
CDUS42 KKEY 242037 CCA
CLIMTH

CLIMATE REPORT...CORRECTED
NATIONAL WEATHER SERVICE KEY WEST, FL
424 PM EDT SUN SEP 24 2017

CORRECTED RAINFALL REMARK AT END OF PRODUCT

...................................

...THE MARATHON CLIMATE SUMMARY FOR SEPTEMBER 24 2017...
VALID TODAY AS OF 0400 PM LOCAL TIME.

CLIMATE NORMAL PERIOD 1981 TO 2010


WEATHER ITEM   OBSERVED TIME   NORMAL DEPARTURE LAST
                VALUE   (LST)  VALUE  FROM      YEAR
                                      NORMAL
......................................................
TEMPERATURE (F)
 TODAY
  MAXIMUM         91    113 PM  89      2       93
  MINIMUM         77    533 AM  78     -1       77
  AVERAGE         84            84      0       85

PRECIPITATION (IN)
  TODAY           MM             0.22  MM        0.13
  MONTH TO DATE    2.05          6.53  -4.48     0.74
  SINCE SEP 1      2.05          6.53  -4.48     0.74
  SINCE JAN 1     20.72         35.35 -14.63    29.93

SNOWFALL (IN)
  TODAY            0.0
  MONTH TO DATE    0.0
  SINCE SEP 1      0.0
  SINCE JUL 1      0.0
  SNOW DEPTH       0

DEGREE DAYS
 HEATING
  TODAY            0             0      0        0
  MONTH TO DATE    0             0      0        0
  SINCE SEP 1      0             0      0        0
  SINCE JUL 1      0             0      0        0

 COOLING
  TODAY           19            19      0       20
  MONTH TO DATE  445           459    -14      495
  SINCE SEP 1    445           459    -14      495
  SINCE JAN 1   4392          3845    547     3975
......................................................


WIND (MPH)
  HIGHEST WIND SPEED    12   HIGHEST WIND DIRECTION     E (110)
  HIGHEST GUST SPEED    17   HIGHEST GUST DIRECTION     E (100)
  AVERAGE WIND SPEED     3.3


SKY COVER
  POSSIBLE SUNSHINE  MM
  AVERAGE SKY COVER 0.3


WEATHER CONDITIONS
 THE FOLLOWING WEATHER WAS RECORDED TODAY.
  HEAVY RAIN
  LIGHT RAIN
  FOG
  HAZE


RELATIVE HUMIDITY (PERCENT)
 HIGHEST    91
 LOWEST     59
 AVERAGE    75

..........................................................


THE MARATHON CLIMATE NORMALS FOR TOMORROW
                         NORMAL
 MAXIMUM TEMPERATURE (F)   89
 MINIMUM TEMPERATURE (F)   78


SUNRISE AND SUNSET
SEPTEMBER 24 2017.....SUNRISE   714 AM EDT   SUNSET   718 PM EDT
SEPTEMBER 25 2017.....SUNRISE   714 AM EDT   SUNSET   717 PM EDT


-  INDICATES NEGATIVE NUMBERS.
R  INDICATES RECORD WAS SET OR TIED.
MM INDICATES DATA IS MISSING.
T  INDICATES TRACE AMOUNT.

$$

MONTH-TO-DATE AND ANNUAL RAINFALL TOTALS ARE MISSING DATA. THIS
INCLUDES SIGNIFICANT RAINFALL FROM SEPTEMBER 10TH, DUE TO AN
ASOS OUTAGE RELATED TO HURRICANE IRMA.

ROSS
