000
CDUS42 KKEY 230752
CLIMTH


CLIMATE REPORT
NATIONAL WEATHER SERVICE KEY WEST, FL
252 AM EST MON JAN 23 2017


...................................

...THE MARATHON CLIMATE SUMMARY FOR JANUARY 22 2017...

CLIMATE NORMAL PERIOD 1981 TO 2010


WEATHER ITEM   OBSERVED TIME   NORMAL DEPARTURE LAST
                VALUE   (LST)  VALUE  FROM      YEAR
                                      NORMAL
......................................................
TEMPERATURE (F)
 YESTERDAY
  MAXIMUM         86    204 PM  75     11       73
  MINIMUM         79    353 AM  64     15       65
  AVERAGE         83            70     13       69

PRECIPITATION (IN)
  YESTERDAY        0.00          0.04  -0.04     0.38
  MONTH TO DATE    0.27          1.09  -0.82     4.27
  SINCE DEC 1      2.17          3.11  -0.94    12.21
  SINCE JAN 1      0.27          1.09  -0.82     4.27

SNOWFALL (IN)
  YESTERDAY        0.0
  MONTH TO DATE    0.0
  SINCE DEC 1      0.0
  SINCE JUL 1      0.0
  SNOW DEPTH       0

DEGREE DAYS
 HEATING
  YESTERDAY        0             1     -1        0
  MONTH TO DATE    3            31    -28       14
  SINCE DEC 1      3            51    -48       14
  SINCE JUL 1      3            52    -49       14

 COOLING
  YESTERDAY       18             6     12        4
  MONTH TO DATE  253           132    121      102
  SINCE DEC 1    711           360    351      498
  SINCE JAN 1    253           132    121      102
......................................................


WIND (MPH)
  HIGHEST WIND SPEED    18   HIGHEST WIND DIRECTION    SW (210)
  HIGHEST GUST SPEED    31   HIGHEST GUST DIRECTION    SW (210)
  AVERAGE WIND SPEED    12.3


SKY COVER
  POSSIBLE SUNSHINE  MM
  AVERAGE SKY COVER 0.2


WEATHER CONDITIONS
 THE FOLLOWING WEATHER WAS RECORDED YESTERDAY.
  NO SIGNIFICANT WEATHER WAS OBSERVED.


RELATIVE HUMIDITY (PERCENT)
 HIGHEST    79
 LOWEST     61
 AVERAGE    70

..........................................................


THE MARATHON CLIMATE NORMALS FOR TODAY
                         NORMAL
 MAXIMUM TEMPERATURE (F)   75
 MINIMUM TEMPERATURE (F)   64


SUNRISE AND SUNSET
JANUARY 23 2017.......SUNRISE   709 AM EST   SUNSET   603 PM EST
JANUARY 24 2017.......SUNRISE   709 AM EST   SUNSET   604 PM EST


-  INDICATES NEGATIVE NUMBERS.
R  INDICATES RECORD WAS SET OR TIED.
MM INDICATES DATA IS MISSING.
T  INDICATES TRACE AMOUNT.




$$
