000
CDUS43 KILX 170658
CLIMTO


CLIMATE REPORT
NATIONAL WEATHER SERVICE LINCOLN IL
1247 AM CST WED JAN 17 2018


...................................

...THE MATTOON IL AIRPORT CLIMATE SUMMARY FOR JANUARY 16 2018...

CLIMATE NORMAL PERIOD 1981 TO 2010
CLIMATE RECORD PERIOD 9999 TO 9999


WEATHER ITEM   OBSERVED TIME   RECORD YEAR NORMAL DEPARTURE LAST
                VALUE   (LST)  VALUE       VALUE  FROM      YEAR
                                                  NORMAL
..................................................................
TEMPERATURE (F)
 YESTERDAY
  MAXIMUM          8    800 PM  MM      MM  35    -27       56
  MINIMUM         -4    757 AM  MM      MM  19    -23       34
  AVERAGE          2                        27    -25       45

PRECIPITATION (IN)
  YESTERDAY        T            MM      MM   0.09  -0.09     0.42
  MONTH TO DATE    0.16                      1.34  -1.18     0.87
  SINCE DEC 1      0.45                      4.11  -3.66     1.40
  SINCE JAN 1      0.16                      1.34  -1.18     0.87

DEGREE DAYS
 HEATING
  YESTERDAY       63                        38     25       20
  MONTH TO DATE  779                       605    174      578
  SINCE DEC 1   1842                      1649    193     1671
  SINCE JUL 1   2772                      2708     64     2382

 COOLING
  YESTERDAY        0                         0      0        0
  MONTH TO DATE    0                         0      0        0
  SINCE DEC 1      0                         0      0        0
  SINCE JAN 1      0                         0      0        0
..................................................................


WIND (MPH)
  HIGHEST WIND SPEED    18   HIGHEST WIND DIRECTION     W (280)
  HIGHEST GUST SPEED    22   HIGHEST GUST DIRECTION     W (290)
  AVERAGE WIND SPEED    10.4


SKY COVER
  POSSIBLE SUNSHINE  MM
  AVERAGE SKY COVER 0.5


WEATHER CONDITIONS
 THE FOLLOWING WEATHER WAS RECORDED YESTERDAY.
  LIGHT SNOW
  FOG
  HAZE


RELATIVE HUMIDITY (PERCENT)
 HIGHEST    91          1000 PM
 LOWEST     71           300 AM
 AVERAGE    81

..........................................................


THE MATTOON IL AIRPORT CLIMATE NORMALS FOR TODAY
                         NORMAL    RECORD    YEAR
 MAXIMUM TEMPERATURE (F)   35        MM        MM
 MINIMUM TEMPERATURE (F)   19        MM        MM


SUNRISE AND SUNSET
JANUARY 17 2018.......SUNRISE   711 AM CST   SUNSET   456 PM CST
JANUARY 18 2018.......SUNRISE   710 AM CST   SUNSET   457 PM CST


-  INDICATES NEGATIVE NUMBERS.
R  INDICATES RECORD WAS SET OR TIED.
MM INDICATES DATA IS MISSING.
T  INDICATES TRACE AMOUNT.




$$
