881
CDUS43 KILX 280707
CLIMTO


CLIMATE REPORT
NATIONAL WEATHER SERVICE LINCOLN IL
207 AM CDT SAT MAY 28 2016


...................................

...THE MATTOON IL AIRPORT CLIMATE SUMMARY FOR MAY 27 2016...

CLIMATE NORMAL PERIOD 1981 TO 2010
CLIMATE RECORD PERIOD 9999 TO 9999


WEATHER ITEM   OBSERVED TIME   RECORD YEAR NORMAL DEPARTURE LAST
                VALUE   (LST)  VALUE       VALUE  FROM      YEAR
                                                  NORMAL
..................................................................
TEMPERATURE (F)
 YESTERDAY
  MAXIMUM         79    305 PM  MM      MM  77      2       81
  MINIMUM         65    551 AM  MM      MM  56      9       62
  AVERAGE         72                        66      6       72

PRECIPITATION (IN)
  YESTERDAY        0.15         MM      MM   0.10   0.05     0.00
  MONTH TO DATE    2.46                      3.92  -1.46     1.94
  SINCE MAR 1     10.94                      9.92   1.02     8.25
  SINCE JAN 1     11.67                     13.90  -2.23     9.60

DEGREE DAYS
 HEATING
  YESTERDAY        0                         2     -2        0
  MONTH TO DATE  156                       121     35       80
  SINCE MAR 1   1012                      1179   -167     1200
  SINCE JUL 1   4534                      5383   -849     5893

 COOLING
  YESTERDAY        7                         4      3        7
  MONTH TO DATE   32                        59    -27      109
  SINCE MAR 1     39                        73    -34      111
  SINCE JAN 1     39                        73    -34      111
..................................................................


WIND (MPH)
  HIGHEST WIND SPEED    21   HIGHEST WIND DIRECTION    SW (210)
  HIGHEST GUST SPEED    32   HIGHEST GUST DIRECTION    SW (210)
  AVERAGE WIND SPEED     9.9


SKY COVER
  POSSIBLE SUNSHINE  MM
  AVERAGE SKY COVER 0.5


WEATHER CONDITIONS
 THE FOLLOWING WEATHER WAS RECORDED YESTERDAY.
  THUNDERSTORM
  HEAVY RAIN
  LIGHT RAIN
  FOG


RELATIVE HUMIDITY (PERCENT)
 HIGHEST    93           500 AM
 LOWEST     67           100 PM
 AVERAGE    80

..........................................................


THE MATTOON IL AIRPORT CLIMATE NORMALS FOR TODAY
                         NORMAL    RECORD    YEAR
 MAXIMUM TEMPERATURE (F)   77        MM        MM
 MINIMUM TEMPERATURE (F)   56        MM        MM


SUNRISE AND SUNSET
MAY 28 2016...........SUNRISE   530 AM CDT   SUNSET   812 PM CDT
MAY 29 2016...........SUNRISE   529 AM CDT   SUNSET   813 PM CDT


-  INDICATES NEGATIVE NUMBERS.
R  INDICATES RECORD WAS SET OR TIED.
MM INDICATES DATA IS MISSING.
T  INDICATES TRACE AMOUNT.




$$
