000
CDUS43 KILX 190641
CLIMTO


CLIMATE REPORT
NATIONAL WEATHER SERVICE LINCOLN IL
1241 AM CST SUN NOV 19 2017


...................................

...THE MATTOON IL AIRPORT CLIMATE SUMMARY FOR NOVEMBER 18 2017...

CLIMATE NORMAL PERIOD 1981 TO 2010
CLIMATE RECORD PERIOD 9999 TO 9999


WEATHER ITEM   OBSERVED TIME   RECORD YEAR NORMAL DEPARTURE LAST
                VALUE   (LST)  VALUE       VALUE  FROM      YEAR
                                                  NORMAL
..................................................................
TEMPERATURE (F)
 YESTERDAY
  MAXIMUM         67   1058 AM  MM      MM  50     17       70
  MINIMUM         36   1159 PM  MM      MM  34      2       40
  AVERAGE         52                        42     10       55

PRECIPITATION (IN)
  YESTERDAY        0.60         MM      MM   0.12   0.48     0.22
  MONTH TO DATE    2.49                      2.12   0.37     1.17
  SINCE SEP 1      8.43                      8.02   0.41     6.75
  SINCE JAN 1     35.58                     33.92   1.66    30.22

DEGREE DAYS
 HEATING
  YESTERDAY       13                        23    -10       10
  MONTH TO DATE  364                       344     20      224
  SINCE SEP 1    662                       743    -81      411
  SINCE JUL 1    663                       748    -85      416

 COOLING
  YESTERDAY        0                         0      0        0
  MONTH TO DATE    0                         0      0       11
  SINCE SEP 1    236                       137     99      253
  SINCE JAN 1   1161                      1057    104     1316
..................................................................


WIND (MPH)
  HIGHEST WIND SPEED    36   HIGHEST WIND DIRECTION     N (340)
  HIGHEST GUST SPEED    45   HIGHEST GUST DIRECTION     N (350)
  AVERAGE WIND SPEED    18.9


SKY COVER
  POSSIBLE SUNSHINE  MM
  AVERAGE SKY COVER 0.9


WEATHER CONDITIONS
 THE FOLLOWING WEATHER WAS RECORDED YESTERDAY.
  THUNDERSTORM
  HEAVY RAIN
  RAIN
  LIGHT RAIN
  FOG
  HAZE


RELATIVE HUMIDITY (PERCENT)
 HIGHEST    96           200 PM
 LOWEST     77          1200 AM
 AVERAGE    87

..........................................................


THE MATTOON IL AIRPORT CLIMATE NORMALS FOR TODAY
                         NORMAL    RECORD    YEAR
 MAXIMUM TEMPERATURE (F)   50        MM        MM
 MINIMUM TEMPERATURE (F)   34        MM        MM


SUNRISE AND SUNSET
NOVEMBER 19 2017......SUNRISE   642 AM CST   SUNSET   435 PM CST
NOVEMBER 20 2017......SUNRISE   643 AM CST   SUNSET   434 PM CST


-  INDICATES NEGATIVE NUMBERS.
R  INDICATES RECORD WAS SET OR TIED.
MM INDICATES DATA IS MISSING.
T  INDICATES TRACE AMOUNT.




$$
