000
CDUS43 KILX 120708
CLIMTO


CLIMATE REPORT
NATIONAL WEATHER SERVICE LINCOLN IL
104 AM CST FRI FEB 12 2016


...................................

...THE MATTOON IL AIRPORT CLIMATE SUMMARY FOR FEBRUARY 11 2016...

CLIMATE NORMAL PERIOD 1981 TO 2010
CLIMATE RECORD PERIOD 9999 TO 9999


WEATHER ITEM   OBSERVED TIME   RECORD YEAR NORMAL DEPARTURE LAST
                VALUE   (LST)  VALUE       VALUE  FROM      YEAR
                                                  NORMAL
..................................................................
TEMPERATURE (F)
 YESTERDAY
  MAXIMUM         24    408 PM  MM      MM  38    -14       38
  MINIMUM         11    731 AM  MM      MM  23    -12       24
  AVERAGE         18                        30    -12       31

PRECIPITATION (IN)
  YESTERDAY        0.00         MM      MM   0.08  -0.08     0.00
  MONTH TO DATE    0.22                      0.76  -0.54     0.16
  SINCE DEC 1      6.90                      5.74   1.16     1.77
  SINCE JAN 1      0.62                      2.97  -2.35     0.69

DEGREE DAYS
 HEATING
  YESTERDAY       47                        34     13       34
  MONTH TO DATE  373                       394    -21      394
  SINCE DEC 1   2213                      2611   -398     2523
  SINCE JUL 1   3005                      3670   -665     3819

 COOLING
  YESTERDAY        0                         0      0        0
  MONTH TO DATE    0                         0      0        0
  SINCE DEC 1      0                         0      0        0
  SINCE JAN 1      0                         0      0        0
..................................................................


WIND (MPH)
  HIGHEST WIND SPEED    12   HIGHEST WIND DIRECTION    NE (40)
  HIGHEST GUST SPEED    13   HIGHEST GUST DIRECTION    NE (30)
  AVERAGE WIND SPEED     5.4


SKY COVER
  POSSIBLE SUNSHINE  MM
  AVERAGE SKY COVER 0.4


WEATHER CONDITIONS
 THE FOLLOWING WEATHER WAS RECORDED YESTERDAY.
  NO SIGNIFICANT WEATHER WAS OBSERVED.


RELATIVE HUMIDITY (PERCENT)
 HIGHEST    84          1200 AM
 LOWEST     47           100 PM
 AVERAGE    66

..........................................................


THE MATTOON IL AIRPORT CLIMATE NORMALS FOR TODAY
                         NORMAL    RECORD    YEAR
 MAXIMUM TEMPERATURE (F)   38        MM        MM
 MINIMUM TEMPERATURE (F)   23        MM        MM


SUNRISE AND SUNSET
FEBRUARY 12 2016......SUNRISE   649 AM CST   SUNSET   526 PM CST
FEBRUARY 13 2016......SUNRISE   648 AM CST   SUNSET   527 PM CST


-  INDICATES NEGATIVE NUMBERS.
R  INDICATES RECORD WAS SET OR TIED.
MM INDICATES DATA IS MISSING.
T  INDICATES TRACE AMOUNT.




$$
