519
CDUS41 KBTV 170537
CLIMVL


CLIMATE REPORT
NATIONAL WEATHER SERVICE BURLINGTON VT
1233 AM EST SUN DEC 17 2017


...................................

...THE MORRISVILLE VT CLIMATE SUMMARY FOR DECEMBER 16 2017...

CLIMATE NORMAL PERIOD 1981 TO 2010
CLIMATE RECORD PERIOD 9999 TO 9999


WEATHER ITEM   OBSERVED TIME   NORMAL DEPARTURE LAST
                VALUE   (LST)  VALUE  FROM      YEAR
                                      NORMAL
......................................................
TEMPERATURE (F)
 YESTERDAY
  MAXIMUM         24    206 PM  32     -8        4
  MINIMUM          4    439 AM  13     -9       -9
  AVERAGE         14            22     -8       -2

PRECIPITATION (IN)
  YESTERDAY        T             0.08  -0.08      T
  MONTH TO DATE    0.40          1.49  -1.09     1.35
  SINCE DEC 1      0.40          1.49  -1.09     1.35
  SINCE JAN 1     35.63         34.85   0.78    19.78

DEGREE DAYS
 HEATING
  YESTERDAY       51            43      8       67
  MONTH TO DATE  670           633     37      647
  SINCE DEC 1    670           633     37      647
  SINCE JUL 1   2311          2461   -150     2238

 COOLING
  YESTERDAY        0             0      0        0
  MONTH TO DATE    0             0      0        0
  SINCE DEC 1      0             0      0        0
  SINCE JAN 1    192           265    -73      322
......................................................


WIND (MPH)
  HIGHEST WIND SPEED    16   HIGHEST WIND DIRECTION     N (340)
  HIGHEST GUST SPEED    22   HIGHEST GUST DIRECTION     N (350)
  AVERAGE WIND SPEED     4.2


SKY COVER
  AVERAGE SKY COVER 1.0


WEATHER CONDITIONS
 THE FOLLOWING WEATHER WAS RECORDED YESTERDAY.
  HEAVY SNOW
  SNOW
  LIGHT SNOW
  FOG


RELATIVE HUMIDITY (PERCENT)
 HIGHEST   100           200 AM
 LOWEST     76          1100 PM
 AVERAGE    88

..........................................................


THE MORRISVILLE VT CLIMATE NORMALS FOR TODAY
                         NORMAL    RECORD    YEAR
 MAXIMUM TEMPERATURE (F)   31        49      2006
 MINIMUM TEMPERATURE (F)   13       -23      2013


SUNRISE AND SUNSET
DECEMBER 17 2017......SUNRISE   722 AM EST   SUNSET   412 PM EST
DECEMBER 18 2017......SUNRISE   722 AM EST   SUNSET   412 PM EST


-  INDICATES NEGATIVE NUMBERS.
R  INDICATES RECORD WAS SET OR TIED.
MM INDICATES DATA IS MISSING.
T  INDICATES TRACE AMOUNT.




$$
