000
CDUS41 KBTV 190612
CLIMVL


CLIMATE REPORT
NATIONAL WEATHER SERVICE BURLINGTON VT
210 AM EDT SAT AUG 19 2017


...................................

...THE MORRISVILLE VT CLIMATE SUMMARY FOR AUGUST 18 2017...

CLIMATE NORMAL PERIOD 1981 TO 2010
CLIMATE RECORD PERIOD 9999 TO 9999


WEATHER ITEM   OBSERVED TIME   NORMAL DEPARTURE LAST
                VALUE   (LST)  VALUE  FROM      YEAR
                                      NORMAL
......................................................
TEMPERATURE (F)
 YESTERDAY
  MAXIMUM         70    452 PM  78     -8       82
  MINIMUM         56    314 AM  53      3       58
  AVERAGE         63            65     -2       70

PRECIPITATION (IN)
  YESTERDAY        0.49          0.15   0.34      T
  MONTH TO DATE    2.91          2.51   0.40     2.37
  SINCE JUN 1     13.80         10.62   3.18     7.95
  SINCE JAN 1     26.55         22.24   4.31    15.00

DEGREE DAYS
 HEATING
  YESTERDAY        2             2      0        0
  MONTH TO DATE   31            31      0        8
  SINCE JUN 1    236           184     52      172
  SINCE JUL 1     85            61     24       41

 COOLING
  YESTERDAY        0             2     -2        5
  MONTH TO DATE   23            52    -29       80
  SINCE JUN 1    122           212    -90      220
  SINCE JAN 1    131           220    -89      249
......................................................


WIND (MPH)
  HIGHEST WIND SPEED     9   HIGHEST WIND DIRECTION    SW (220)
  HIGHEST GUST SPEED    12   HIGHEST GUST DIRECTION    SW (210)
  AVERAGE WIND SPEED     3.9


SKY COVER
  AVERAGE SKY COVER 0.9


WEATHER CONDITIONS
 THE FOLLOWING WEATHER WAS RECORDED YESTERDAY.
  HEAVY RAIN
  RAIN
  LIGHT RAIN
  FOG


RELATIVE HUMIDITY (PERCENT)
 HIGHEST   100          1200 AM
 LOWEST     81           100 PM
 AVERAGE    91

..........................................................


THE MORRISVILLE VT CLIMATE NORMALS FOR TODAY
                         NORMAL    RECORD    YEAR
 MAXIMUM TEMPERATURE (F)   77        91      2015
                                             1987
 MINIMUM TEMPERATURE (F)   53        41      1988


SUNRISE AND SUNSET
AUGUST 19 2017........SUNRISE   558 AM EDT   SUNSET   749 PM EDT
AUGUST 20 2017........SUNRISE   559 AM EDT   SUNSET   747 PM EDT


-  INDICATES NEGATIVE NUMBERS.
R  INDICATES RECORD WAS SET OR TIED.
MM INDICATES DATA IS MISSING.
T  INDICATES TRACE AMOUNT.




$$
