000
CDUS41 KBTV 280550
CLIMVL


CLIMATE REPORT
NATIONAL WEATHER SERVICE BURLINGTON VT
145 AM EDT SAT MAY 28 2016


...................................

...THE MORRISVILLE VT CLIMATE SUMMARY FOR MAY 27 2016...

CLIMATE NORMAL PERIOD 1981 TO 2010
CLIMATE RECORD PERIOD 9999 TO 9999


WEATHER ITEM   OBSERVED TIME   NORMAL DEPARTURE LAST
                VALUE   (LST)  VALUE  FROM      YEAR
                                      NORMAL
......................................................
TEMPERATURE (F)
 YESTERDAY
  MAXIMUM         86    439 PM  70     16       89
  MINIMUM         60    437 AM  44     16       61
  AVERAGE         73            57     16       75

PRECIPITATION (IN)
  YESTERDAY        0.13          0.12   0.01     0.01
  MONTH TO DATE    0.97          2.73  -1.76     1.50
  SINCE MAR 1      3.79          6.80  -3.01     3.00
  SINCE JAN 1      6.94         11.08  -4.14     4.12

DEGREE DAYS
 HEATING
  YESTERDAY        0             8     -8        0
  MONTH TO DATE  352           321     31      172
  SINCE MAR 1   2129          2141    -12     2188
  SINCE JUL 1   6702          8101  -1399     7870

 COOLING
  YESTERDAY        8             0      8       10
  MONTH TO DATE    8             0      8       38
  SINCE MAR 1      8             1      7       38
  SINCE JAN 1      8             1      7       38
......................................................


WIND (MPH)
  HIGHEST WIND SPEED    16   HIGHEST WIND DIRECTION    SW (210)
  HIGHEST GUST SPEED    20   HIGHEST GUST DIRECTION    SW (230)
  AVERAGE WIND SPEED     5.5


SKY COVER
  AVERAGE SKY COVER 0.3


WEATHER CONDITIONS
 THE FOLLOWING WEATHER WAS RECORDED YESTERDAY.
  RAIN
  LIGHT RAIN
  FOG


RELATIVE HUMIDITY (PERCENT)
 HIGHEST    97           300 AM
 LOWEST     42           400 PM
 AVERAGE    70

..........................................................


THE MORRISVILLE VT CLIMATE NORMALS FOR TODAY
                         NORMAL    RECORD    YEAR
 MAXIMUM TEMPERATURE (F)   70        82      2012
 MINIMUM TEMPERATURE (F)   45        32      1997


SUNRISE AND SUNSET
MAY 28 2016...........SUNRISE   511 AM EDT   SUNSET   825 PM EDT
MAY 29 2016...........SUNRISE   510 AM EDT   SUNSET   826 PM EDT


-  INDICATES NEGATIVE NUMBERS.
R  INDICATES RECORD WAS SET OR TIED.
MM INDICATES DATA IS MISSING.
T  INDICATES TRACE AMOUNT.




$$
