000
CDUS41 KBTV 230527
CLIMVL


CLIMATE REPORT
NATIONAL WEATHER SERVICE BURLINGTON VT
125 AM EDT TUE MAY 23 2017


...................................

...THE MORRISVILLE VT CLIMATE SUMMARY FOR MAY 22 2017...

CLIMATE NORMAL PERIOD 1981 TO 2010
CLIMATE RECORD PERIOD 9999 TO 9999


WEATHER ITEM   OBSERVED TIME   NORMAL DEPARTURE LAST
                VALUE   (LST)  VALUE  FROM      YEAR
                                      NORMAL
......................................................
TEMPERATURE (F)
 YESTERDAY
  MAXIMUM         54   1221 AM  69    -15       74
  MINIMUM         48    330 PM  43      5       49
  AVERAGE         51            56     -5       62

PRECIPITATION (IN)
  YESTERDAY        0.43          0.11   0.32     0.17
  MONTH TO DATE    3.45          2.13   1.32     0.84
  SINCE MAR 1      8.19          6.20   1.99     3.66
  SINCE JAN 1     11.26         10.48   0.78     6.81

DEGREE DAYS
 HEATING
  YESTERDAY       14             9      5        3
  MONTH TO DATE  342           277     65      341
  SINCE MAR 1   2232          2097    135     2118
  SINCE JUL 1   7455          8057   -602     6691

 COOLING
  YESTERDAY        0             0      0        0
  MONTH TO DATE    9             0      9        0
  SINCE MAR 1      9             1      8        0
  SINCE JAN 1      9             1      8        0
......................................................


WIND (MPH)
  HIGHEST WIND SPEED    16   HIGHEST WIND DIRECTION     S (170)
  HIGHEST GUST SPEED    25   HIGHEST GUST DIRECTION     S (170)
  AVERAGE WIND SPEED     4.9


SKY COVER
  AVERAGE SKY COVER 1.0


WEATHER CONDITIONS
 THE FOLLOWING WEATHER WAS RECORDED YESTERDAY.
  HEAVY RAIN
  RAIN
  LIGHT RAIN
  FOG


RELATIVE HUMIDITY (PERCENT)
 HIGHEST   100          1100 PM
 LOWEST     77           300 AM
 AVERAGE    89

..........................................................


THE MORRISVILLE VT CLIMATE NORMALS FOR TODAY
                         NORMAL    RECORD    YEAR
 MAXIMUM TEMPERATURE (F)   69        82      2010
 MINIMUM TEMPERATURE (F)   43        34      2015
                                             2002


SUNRISE AND SUNSET
MAY 23 2017...........SUNRISE   515 AM EDT   SUNSET   820 PM EDT
MAY 24 2017...........SUNRISE   514 AM EDT   SUNSET   821 PM EDT


-  INDICATES NEGATIVE NUMBERS.
R  INDICATES RECORD WAS SET OR TIED.
MM INDICATES DATA IS MISSING.
T  INDICATES TRACE AMOUNT.




$$
