000
CDUS41 KBTV 150540
CLIMVL

CLIMATE REPORT
NATIONAL WEATHER SERVICE BURLINGTON VT
138 AM EDT TUE APR 15 2014

...................................

...THE MORRISVILLE VT CLIMATE SUMMARY FOR APRIL 14 2014...

CLIMATE NORMAL PERIOD 1981 TO 2010
CLIMATE RECORD PERIOD 9999 TO 9999


WEATHER ITEM   OBSERVED TIME   NORMAL DEPARTURE LAST
                VALUE   (LST)  VALUE  FROM      YEAR
                                      NORMAL
......................................................
TEMPERATURE (F)
 YESTERDAY
  MAXIMUM         80    141 PM  53     27       44
  MINIMUM         35    425 AM  30      5       29
  AVERAGE         58            41     17       37

PRECIPITATION (IN)
  YESTERDAY        0.02          0.09  -0.07     0.11
  MONTH TO DATE    1.01          1.17  -0.16     1.63
  SINCE MAR 1      3.68          2.84   0.84     3.40
  SINCE JAN 1      8.28          7.12   1.16     6.11

DEGREE DAYS
 HEATING
  YESTERDAY        7            24    -17       28
  MONTH TO DATE  346           376    -30      399
  SINCE MAR 1   1798          1503    295     1437
  SINCE JUL 1   7852          7463    389     6969

 COOLING
  YESTERDAY        0             0      0        0
  MONTH TO DATE    0             0      0        0
  SINCE MAR 1      0             0      0        0
  SINCE JAN 1      0             0      0        0
......................................................


WIND (MPH)
  HIGHEST WIND SPEED    23   HIGHEST WIND DIRECTION    SW (210)
  HIGHEST GUST SPEED    33   HIGHEST GUST DIRECTION     S (190)
  AVERAGE WIND SPEED     6.3


SKY COVER
  AVERAGE SKY COVER 0.2


WEATHER CONDITIONS
 THE FOLLOWING WEATHER WAS RECORDED YESTERDAY.
  LIGHT RAIN
  FOG


RELATIVE HUMIDITY (PERCENT)
 HIGHEST   100           400 AM
 LOWEST     32           200 PM
 AVERAGE    66

..........................................................


THE MORRISVILLE VT CLIMATE NORMALS FOR TODAY
                         NORMAL    RECORD    YEAR
 MAXIMUM TEMPERATURE (F)   54        MM        MM
 MINIMUM TEMPERATURE (F)   30        MM        MM


SUNRISE AND SUNSET
APRIL 15 2014.........SUNRISE   607 AM EDT   SUNSET   735 PM EDT
APRIL 16 2014.........SUNRISE   605 AM EDT   SUNSET   736 PM EDT


-  INDICATES NEGATIVE NUMBERS.
R  INDICATES RECORD WAS SET OR TIED.
MM INDICATES DATA IS MISSING.
T  INDICATES TRACE AMOUNT.




$$
