000
CDUS41 KBTV 290520
CLIMVL


CLIMATE REPORT
NATIONAL WEATHER SERVICE BURLINGTON VT
119 AM EDT WED JUL 29 2015


...................................

...THE MORRISVILLE VT CLIMATE SUMMARY FOR JULY 28 2015...

CLIMATE NORMAL PERIOD 1981 TO 2010
CLIMATE RECORD PERIOD 9999 TO 9999


WEATHER ITEM   OBSERVED TIME   NORMAL DEPARTURE LAST
                VALUE   (LST)  VALUE  FROM      YEAR
                                      NORMAL
......................................................
TEMPERATURE (F)
 YESTERDAY
  MAXIMUM         87    200 PM  80      7       69
  MINIMUM         62    450 AM  56      6       57
  AVERAGE         75            68      7       63

PRECIPITATION (IN)
  YESTERDAY        0.28          0.12   0.16     0.85
  MONTH TO DATE    2.58          3.76  -1.18     6.16
  SINCE JUN 1      9.49          7.74   1.75    10.05
  SINCE JAN 1     14.74         19.36  -4.62    23.65

DEGREE DAYS
 HEATING
  YESTERDAY        0             1     -1        2
  MONTH TO DATE   23            29     -6       18
  SINCE JUN 1    128           152    -24       90
  SINCE JUL 1     23            29     -6       18

 COOLING
  YESTERDAY       10             4      6        0
  MONTH TO DATE  128           105     23      109
  SINCE JUN 1    168           153     15      149
  SINCE JAN 1    221           161     60      154
......................................................


WIND (MPH)
  HIGHEST WIND SPEED    12   HIGHEST WIND DIRECTION     N (360)
  HIGHEST GUST SPEED    16   HIGHEST GUST DIRECTION     N (10)
  AVERAGE WIND SPEED     1.5


SKY COVER
  AVERAGE SKY COVER 0.3


WEATHER CONDITIONS
 THE FOLLOWING WEATHER WAS RECORDED YESTERDAY.
  HEAVY RAIN
  RAIN
  LIGHT RAIN
  FOG
  FOG W/VISIBILITY <= 1/4 MILE


RELATIVE HUMIDITY (PERCENT)
 HIGHEST    93           300 AM
 LOWEST     40           100 PM
 AVERAGE    67

..........................................................


THE MORRISVILLE VT CLIMATE NORMALS FOR TODAY
                         NORMAL    RECORD    YEAR
 MAXIMUM TEMPERATURE (F)   80        88      2009
 MINIMUM TEMPERATURE (F)   55        40      1987


SUNRISE AND SUNSET
JULY 29 2015..........SUNRISE   534 AM EDT   SUNSET   820 PM EDT
JULY 30 2015..........SUNRISE   535 AM EDT   SUNSET   819 PM EDT


-  INDICATES NEGATIVE NUMBERS.
R  INDICATES RECORD WAS SET OR TIED.
MM INDICATES DATA IS MISSING.
T  INDICATES TRACE AMOUNT.




$$
