000
CDUS41 KBTV 290524
CLIMVL


CLIMATE REPORT
NATIONAL WEATHER SERVICE BURLINGTON VT
122 AM EDT THU JUN 29 2017


...................................

...THE MORRISVILLE VT CLIMATE SUMMARY FOR JUNE 28 2017...

CLIMATE NORMAL PERIOD 1981 TO 2010
CLIMATE RECORD PERIOD 9999 TO 9999


WEATHER ITEM   OBSERVED TIME   NORMAL DEPARTURE LAST
                VALUE   (LST)  VALUE  FROM      YEAR
                                      NORMAL
......................................................
TEMPERATURE (F)
 YESTERDAY
  MAXIMUM         69    559 PM  78     -9       86
  MINIMUM         50    313 AM  54     -4       59
  AVERAGE         60            66     -6       73

PRECIPITATION (IN)
  YESTERDAY        0.12          0.15  -0.03     0.30
  MONTH TO DATE    5.44          3.72   1.72     1.80
  SINCE JUN 1      5.44          3.72   1.72     1.80
  SINCE JAN 1     18.19         15.34   2.85     8.85

DEGREE DAYS
 HEATING
  YESTERDAY        5             2      3        0
  MONTH TO DATE  145           121     24      131
  SINCE JUN 1    145           121     24      131
  SINCE JUL 1   7678          8252   -574     6833

 COOLING
  YESTERDAY        0             3     -3        8
  MONTH TO DATE   44            42      2       29
  SINCE JUN 1     44            42      2       29
  SINCE JAN 1     53            50      3       58
......................................................


WIND (MPH)
  HIGHEST WIND SPEED    15   HIGHEST WIND DIRECTION     N (340)
  HIGHEST GUST SPEED    20   HIGHEST GUST DIRECTION     N (340)
  AVERAGE WIND SPEED     3.8


SKY COVER
  AVERAGE SKY COVER 0.6


WEATHER CONDITIONS
 THE FOLLOWING WEATHER WAS RECORDED YESTERDAY.
  HEAVY RAIN
  RAIN
  LIGHT RAIN
  FOG


RELATIVE HUMIDITY (PERCENT)
 HIGHEST   100           300 AM
 LOWEST     48          1100 AM
 AVERAGE    74

..........................................................


THE MORRISVILLE VT CLIMATE NORMALS FOR TODAY
                         NORMAL    RECORD    YEAR
 MAXIMUM TEMPERATURE (F)   78        89      2012
 MINIMUM TEMPERATURE (F)   54        35      1988


SUNRISE AND SUNSET
JUNE 29 2017..........SUNRISE   509 AM EDT   SUNSET   839 PM EDT
JUNE 30 2017..........SUNRISE   509 AM EDT   SUNSET   839 PM EDT


-  INDICATES NEGATIVE NUMBERS.
R  INDICATES RECORD WAS SET OR TIED.
MM INDICATES DATA IS MISSING.
T  INDICATES TRACE AMOUNT.




$$
