000
CDUS45 KBOI 290933
CLIMYL


CLIMATE REPORT
NATIONAL WEATHER SERVICE BOISE ID
332 AM MDT WED JUL 29 2015


...................................

...THE MCCALL ID CLIMATE SUMMARY FOR JULY 28 2015...

CLIMATE NORMAL PERIOD 1981 TO 2010
CLIMATE RECORD PERIOD 1930 TO 2015


WEATHER ITEM   OBSERVED TIME   RECORD YEAR NORMAL DEPARTURE LAST
                VALUE   (LST)  VALUE       VALUE  FROM      YEAR
                                                  NORMAL
..................................................................
TEMPERATURE (F)
 YESTERDAY
  MAXIMUM         70    547 PM  97    1934  81    -11       88
  MINIMUM         35    534 AM  32    1986  44     -9       54
  AVERAGE         53                        62     -9       71

PRECIPITATION (IN)
  YESTERDAY        0.00          2.00 1984   0.02  -0.02     0.00
  MONTH TO DATE    2.25                      0.67   1.58     0.12
  SINCE OCT 1     20.59                     18.49   2.10    19.38
  SINCE JAN 1     11.83                     12.31  -0.48    15.31

DEGREE DAYS
 HEATING
  YESTERDAY       12                         3      9        0
  MONTH TO DATE   66                       141    -75       18
  SINCE JUN 1    175                       508   -333      332
  SINCE JUL 1     66                       141    -75       18

 COOLING
  YESTERDAY        0                         1     -1        6
  MONTH TO DATE   43                        13     30      113
  SINCE JUN 1    109                        14     95      113
  SINCE JAN 1    109                        14     95      113
..................................................................


WIND (MPH)
  HIGHEST WIND SPEED    12   HIGHEST WIND DIRECTION     S (160)
  HIGHEST GUST SPEED    16   HIGHEST GUST DIRECTION    SE (150)
  AVERAGE WIND SPEED     2.7


SKY COVER
  AVERAGE SKY COVER 0.0


WEATHER CONDITIONS
 THE FOLLOWING WEATHER WAS RECORDED YESTERDAY.
  NO SIGNIFICANT WEATHER WAS OBSERVED.


RELATIVE HUMIDITY (PERCENT)
 HIGHEST    92           400 AM
 LOWEST     23           500 PM
 AVERAGE    58

..........................................................


THE MCCALL ID CLIMATE NORMALS FOR TODAY
                         NORMAL    RECORD    YEAR
 MAXIMUM TEMPERATURE (F)   81        95      1994
 MINIMUM TEMPERATURE (F)   44        35      1966


SUNRISE AND SUNSET
JULY 29 2015..........SUNRISE   627 AM MDT   SUNSET   915 PM MDT
JULY 30 2015..........SUNRISE   628 AM MDT   SUNSET   913 PM MDT


-  INDICATES NEGATIVE NUMBERS.
R  INDICATES RECORD WAS SET OR TIED.
MM INDICATES DATA IS MISSING.
T  INDICATES TRACE AMOUNT.




$$
