000
CDUS45 KBOI 290932
CLIMYL


CLIMATE REPORT
NATIONAL WEATHER SERVICE BOISE ID
332 AM MDT FRI JUL 29 2016


...................................

...THE MCCALL ID CLIMATE SUMMARY FOR JULY 28 2016...

CLIMATE NORMAL PERIOD 1981 TO 2010
CLIMATE RECORD PERIOD 1930 TO 2016


WEATHER ITEM   OBSERVED TIME   RECORD YEAR NORMAL DEPARTURE LAST
                VALUE   (LST)  VALUE       VALUE  FROM      YEAR
                                                  NORMAL
..................................................................
TEMPERATURE (F)
 YESTERDAY
  MAXIMUM         88    500 PM  97    1934  81      7       70
  MINIMUM         51    550 AM  32    1986  44      7       35
  AVERAGE         70                        62      8       53

PRECIPITATION (IN)
  YESTERDAY        0.00          2.00 1984   0.02  -0.02     0.00
  MONTH TO DATE    1.40                      0.67   0.73     2.25
  SINCE OCT 1     25.23                     18.49   6.74    20.59
  SINCE JAN 1     14.66                     12.31   2.35    11.83

DEGREE DAYS
 HEATING
  YESTERDAY        0                         3     -3       12
  MONTH TO DATE  114                       141    -27       66
  SINCE JUN 1    340                       508   -168      175
  SINCE JUL 1    114                       141    -27       66

 COOLING
  YESTERDAY        5                         1      4        0
  MONTH TO DATE   25                        13     12       43
  SINCE JUN 1     60                        14     46      109
  SINCE JAN 1     60                        14     46      109
..................................................................


WIND (MPH)
  HIGHEST WIND SPEED    13   HIGHEST WIND DIRECTION    NW (310)
  HIGHEST GUST SPEED    18   HIGHEST GUST DIRECTION    NW (320)
  AVERAGE WIND SPEED     4.5


SKY COVER
  AVERAGE SKY COVER 0.0


WEATHER CONDITIONS
 THE FOLLOWING WEATHER WAS RECORDED YESTERDAY.
  NO SIGNIFICANT WEATHER WAS OBSERVED.


RELATIVE HUMIDITY (PERCENT)
 HIGHEST    77           300 AM
 LOWEST     13           200 PM
 AVERAGE    45

..........................................................


THE MCCALL ID CLIMATE NORMALS FOR TODAY
                         NORMAL    RECORD    YEAR
 MAXIMUM TEMPERATURE (F)   81        95      1994
 MINIMUM TEMPERATURE (F)   44        35      1966


SUNRISE AND SUNSET
JULY 29 2016..........SUNRISE   627 AM MDT   SUNSET   914 PM MDT
JULY 30 2016..........SUNRISE   628 AM MDT   SUNSET   912 PM MDT


-  INDICATES NEGATIVE NUMBERS.
R  INDICATES RECORD WAS SET OR TIED.
MM INDICATES DATA IS MISSING.
T  INDICATES TRACE AMOUNT.




$$
