000
CDUS45 KBOI 280932
CLIMYL


CLIMATE REPORT
NATIONAL WEATHER SERVICE BOISE ID
232 AM MST TUE FEB 28 2017


...................................

...THE MCCALL ID CLIMATE SUMMARY FOR FEBRUARY 27 2017...

CLIMATE NORMAL PERIOD 1981 TO 2010
CLIMATE RECORD PERIOD 1930 TO 2017


WEATHER ITEM   OBSERVED TIME   RECORD YEAR NORMAL DEPARTURE LAST
                VALUE   (LST)  VALUE       VALUE  FROM      YEAR
                                                  NORMAL
..................................................................
TEMPERATURE (F)
 YESTERDAY
  MAXIMUM         26    129 PM  55    1992  36    -10       42
  MINIMUM         19    814 AM -22    1962  13      6       30
  AVERAGE         23                        24     -1       36

PRECIPITATION (IN)
  YESTERDAY        0.20          0.84 1950   0.06   0.14     0.06
  MONTH TO DATE    5.36                      1.68   3.68     1.84
  SINCE OCT 1     17.05                      9.59   7.46    15.29
  SINCE JAN 1      8.56                      3.41   5.15     4.72

DEGREE DAYS
 HEATING
  YESTERDAY       42                        41      1       29
  MONTH TO DATE  981                      1160   -179     1022
  SINCE DEC 1   4124                      3996    128     3702
  SINCE JUL 1   6161                      6634   -473     5803

 COOLING
  YESTERDAY        0                         0      0        0
  MONTH TO DATE    0                         0      0        0
  SINCE DEC 1      0                         0      0        0
  SINCE JAN 1      0                         0      0        0
..................................................................


WIND (MPH)
  HIGHEST WIND SPEED    17   HIGHEST WIND DIRECTION     S (180)
  HIGHEST GUST SPEED    20   HIGHEST GUST DIRECTION     S (170)
  AVERAGE WIND SPEED     5.8


SKY COVER
  AVERAGE SKY COVER 1.0


WEATHER CONDITIONS
 THE FOLLOWING WEATHER WAS RECORDED YESTERDAY.
  LIGHT SNOW
  FOG


RELATIVE HUMIDITY (PERCENT)
 HIGHEST    91          1200 AM
 LOWEST     60           200 PM
 AVERAGE    76

..........................................................


THE MCCALL ID CLIMATE NORMALS FOR TODAY
                         NORMAL    RECORD    YEAR
 MAXIMUM TEMPERATURE (F)   36        57      1992
 MINIMUM TEMPERATURE (F)   13       -20      1960


SUNRISE AND SUNSET
FEBRUARY 28 2017......SUNRISE   723 AM MST   SUNSET   631 PM MST
MARCH  1 2017.........SUNRISE   722 AM MST   SUNSET   632 PM MST


-  INDICATES NEGATIVE NUMBERS.
R  INDICATES RECORD WAS SET OR TIED.
MM INDICATES DATA IS MISSING.
T  INDICATES TRACE AMOUNT.




$$
