000
CDUS45 KBOI 160931
CLIMYL


CLIMATE REPORT
NATIONAL WEATHER SERVICE BOISE ID
231 AM MST MON JAN 16 2017


...................................

...THE MCCALL ID CLIMATE SUMMARY FOR JANUARY 15 2017...

CLIMATE NORMAL PERIOD 1981 TO 2010
CLIMATE RECORD PERIOD 1930 TO 2017


WEATHER ITEM   OBSERVED TIME   RECORD YEAR NORMAL DEPARTURE LAST
                VALUE   (LST)  VALUE       VALUE  FROM      YEAR
                                                  NORMAL
..................................................................
TEMPERATURE (F)
 YESTERDAY
  MAXIMUM         14    353 PM  48    1973  29    -15       27
  MINIMUM        -10    541 AM -26    1947  11    -21       19
  AVERAGE          2                        20    -18       23

PRECIPITATION (IN)
  YESTERDAY        0.00          1.90 1956   0.05  -0.05     0.08
  MONTH TO DATE    1.49                      0.87   0.62     0.71
  SINCE OCT 1      9.98                      7.05   2.93    11.28
  SINCE JAN 1      1.49                      0.87   0.62     0.71

DEGREE DAYS
 HEATING
  YESTERDAY       63                        45     18       42
  MONTH TO DATE  811                       684    127      686
  SINCE DEC 1   2374                      2120    254     2027
  SINCE JUL 1   4411                      4758   -347     4128

 COOLING
  YESTERDAY        0                         0      0        0
  MONTH TO DATE    0                         0      0        0
  SINCE DEC 1      0                         0      0        0
  SINCE JAN 1      0                         0      0        0
..................................................................


WIND (MPH)
  HIGHEST WIND SPEED     6   HIGHEST WIND DIRECTION    NE (50)
  HIGHEST GUST SPEED     7   HIGHEST GUST DIRECTION    SW (220)
  AVERAGE WIND SPEED     1.3


SKY COVER
  AVERAGE SKY COVER 0.2


WEATHER CONDITIONS
 THE FOLLOWING WEATHER WAS RECORDED YESTERDAY.
  FOG
  HAZE


RELATIVE HUMIDITY (PERCENT)
 HIGHEST    87          1000 AM
 LOWEST     71          1200 AM
 AVERAGE    79

..........................................................


THE MCCALL ID CLIMATE NORMALS FOR TODAY
                         NORMAL    RECORD    YEAR
 MAXIMUM TEMPERATURE (F)   29        45      1973
 MINIMUM TEMPERATURE (F)   11       -16      1960


SUNRISE AND SUNSET
JANUARY 16 2017.......SUNRISE   818 AM MST   SUNSET   531 PM MST
JANUARY 17 2017.......SUNRISE   817 AM MST   SUNSET   532 PM MST


-  INDICATES NEGATIVE NUMBERS.
R  INDICATES RECORD WAS SET OR TIED.
MM INDICATES DATA IS MISSING.
T  INDICATES TRACE AMOUNT.




$$
