000
CDUS45 KBOI 170933
CLIMYL


CLIMATE REPORT
NATIONAL WEATHER SERVICE BOISE ID
333 AM MDT WED SEP 17 2014


...................................

...THE MCCALL ID CLIMATE SUMMARY FOR SEPTEMBER 16 2014...

CLIMATE NORMAL PERIOD 1981 TO 2010
CLIMATE RECORD PERIOD 1930 TO 2014


WEATHER ITEM   OBSERVED TIME   RECORD YEAR NORMAL DEPARTURE LAST
                VALUE   (LST)  VALUE       VALUE  FROM      YEAR
                                                  NORMAL
..................................................................
TEMPERATURE (F)
 YESTERDAY
  MAXIMUM         80    349 PM  88    2000  67     13       74
  MINIMUM         47    554 AM  20    1936  33     14       47
  AVERAGE         64                        50     14       61

PRECIPITATION (IN)
  YESTERDAY        T             0.76 1955   0.03  -0.03      T
  MONTH TO DATE    T                         0.43  -0.43     0.44
  SINCE OCT 1     20.69                     19.65   1.04    25.50
  SINCE JAN 1     16.62                     13.47   3.15    12.01

DEGREE DAYS
 HEATING
  YESTERDAY        1                        15    -14        4
  MONTH TO DATE  155                       191    -36       39
  SINCE SEP 1    155                       191    -36       39
  SINCE JUL 1    271                       519   -248       86

 COOLING
  YESTERDAY        0                         0      0        0
  MONTH TO DATE    0                         0      0        6
  SINCE SEP 1      0                         0      0        6
  SINCE JAN 1    185                        25    160      186
..................................................................


WIND (MPH)
  HIGHEST WIND SPEED    18   HIGHEST WIND DIRECTION     S (160)
  HIGHEST GUST SPEED    23   HIGHEST GUST DIRECTION     S (160)
  AVERAGE WIND SPEED     5.3


SKY COVER
  AVERAGE SKY COVER 0.2


WEATHER CONDITIONS
 THE FOLLOWING WEATHER WAS RECORDED YESTERDAY.
  NO SIGNIFICANT WEATHER WAS OBSERVED.


RELATIVE HUMIDITY (PERCENT)
 HIGHEST    71           600 AM
 LOWEST     29           600 PM
 AVERAGE    50

..........................................................


THE MCCALL ID CLIMATE NORMALS FOR TODAY
                         NORMAL    RECORD    YEAR
 MAXIMUM TEMPERATURE (F)   67        92      1981
 MINIMUM TEMPERATURE (F)   33        17      1988


SUNRISE AND SUNSET
SEPTEMBER 17 2014.....SUNRISE   726 AM MDT   SUNSET   751 PM MDT
SEPTEMBER 18 2014.....SUNRISE   727 AM MDT   SUNSET   749 PM MDT


-  INDICATES NEGATIVE NUMBERS.
R  INDICATES RECORD WAS SET OR TIED.
MM INDICATES DATA IS MISSING.
T  INDICATES TRACE AMOUNT.




$$
