000
CDUS45 KBOI 200932
CLIMYL


CLIMATE REPORT
NATIONAL WEATHER SERVICE BOISE ID
331 AM MDT SUN APR 20 2014


...................................

...THE MCCALL ID CLIMATE SUMMARY FOR APRIL 19 2014...

CLIMATE NORMAL PERIOD 1981 TO 2010
CLIMATE RECORD PERIOD 1930 TO 2014


WEATHER ITEM   OBSERVED TIME   RECORD YEAR NORMAL DEPARTURE LAST
                VALUE   (LST)  VALUE       VALUE  FROM      YEAR
                                                  NORMAL
..................................................................
TEMPERATURE (F)
 YESTERDAY
  MAXIMUM         61    544 PM  79    1994  50     11       42
  MINIMUM         23    629 AM  12    1982  26     -3       32
  AVERAGE         42                        38      4       37

PRECIPITATION (IN)
  YESTERDAY        0.00          0.58 2013   0.06  -0.06     0.58
  MONTH TO DATE    0.50                      1.24  -0.74     1.88
  SINCE OCT 1     15.52                     13.09   2.43    21.07
  SINCE JAN 1     11.45                      6.91   4.54     7.58

DEGREE DAYS
 HEATING
  YESTERDAY       23                        27     -4       28
  MONTH TO DATE  494                       567    -73      534
  SINCE MAR 1   1506                      1681   -175     1597
  SINCE JUL 1   7500                      8356   -856     7626

 COOLING
  YESTERDAY        0                         0      0        0
  MONTH TO DATE    0                         0      0        0
  SINCE MAR 1      0                         0      0        0
  SINCE JAN 1      0                         0      0        0
..................................................................


WIND (MPH)
  HIGHEST WIND SPEED    22   HIGHEST WIND DIRECTION     S (180)
  HIGHEST GUST SPEED    29   HIGHEST GUST DIRECTION     S (180)
  AVERAGE WIND SPEED     7.2


SKY COVER
  AVERAGE SKY COVER 0.3


WEATHER CONDITIONS
 THE FOLLOWING WEATHER WAS RECORDED YESTERDAY.
  NO SIGNIFICANT WEATHER WAS OBSERVED.


RELATIVE HUMIDITY (PERCENT)
 HIGHEST    81           600 AM
 LOWEST     17           200 PM
 AVERAGE    49

..........................................................


THE MCCALL ID CLIMATE NORMALS FOR TODAY
                         NORMAL    RECORD    YEAR
 MAXIMUM TEMPERATURE (F)   50        76      1994
 MINIMUM TEMPERATURE (F)   26         8      2008


SUNRISE AND SUNSET
APRIL 20 2014.........SUNRISE   651 AM MDT   SUNSET   836 PM MDT
APRIL 21 2014.........SUNRISE   650 AM MDT   SUNSET   837 PM MDT


-  INDICATES NEGATIVE NUMBERS.
R  INDICATES RECORD WAS SET OR TIED.
MM INDICATES DATA IS MISSING.
T  INDICATES TRACE AMOUNT.




$$
