000
CDUS44 KLIX 230801
CLINEW


CLIMATE REPORT
NATIONAL WEATHER SERVICE NEW ORLEANS
201 AM CST THU FEB 23 2017


...................................

...THE NEW ORLEANS CLIMATE SUMMARY FOR FEBRUARY 22 2017...

CLIMATE NORMAL PERIOD 1981 TO 2010
CLIMATE RECORD PERIOD 1946 TO 2017


WEATHER ITEM   OBSERVED TIME   RECORD YEAR NORMAL DEPARTURE LAST
                VALUE   (LST)  VALUE       VALUE  FROM      YEAR
                                                  NORMAL
..................................................................
TEMPERATURE (F)
 YESTERDAY
  MAXIMUM         75    451 PM  82    2006  67      8       73
  MINIMUM         55   1253 AM  26    1978  49      6       63
  AVERAGE         65                        58      7       68

PRECIPITATION (IN)
  YESTERDAY        0.00          2.27 1980   0.18  -0.18     0.42
  MONTH TO DATE    2.69                      4.28  -1.59     2.11
  SINCE DEC 1     15.45                     14.67   0.78    12.98
  SINCE JAN 1      7.59                      9.43  -1.84     6.52

SNOWFALL (IN)
  YESTERDAY        0.0
  MONTH TO DATE    0.0
  SINCE DEC 1      0.0
  SINCE JUL 1      0.0
  SNOW DEPTH       0

DEGREE DAYS
 HEATING
  YESTERDAY        0                         8     -8        0
  MONTH TO DATE   66                       211   -145      148
  SINCE DEC 1    481                       903   -422      604
  SINCE JUL 1    552                      1067   -515      662

 COOLING
  YESTERDAY        0                         1     -1        3
  MONTH TO DATE   45                        22     23       31
  SINCE DEC 1    152                        65     87      146
  SINCE JAN 1     97                        38     59       35
..................................................................


WIND (MPH)
  HIGHEST WIND SPEED    12   HIGHEST WIND DIRECTION     N (340)
  HIGHEST GUST SPEED    16   HIGHEST GUST DIRECTION    NW (300)
  AVERAGE WIND SPEED     5.2


SKY COVER
  POSSIBLE SUNSHINE  MM
  AVERAGE SKY COVER 0.2


WEATHER CONDITIONS
 THE FOLLOWING WEATHER WAS RECORDED YESTERDAY.
  NO SIGNIFICANT WEATHER WAS OBSERVED.


RELATIVE HUMIDITY (PERCENT)
 HIGHEST    93          1200 AM
 LOWEST     46           400 PM
 AVERAGE    70

..........................................................


THE NEW ORLEANS CLIMATE NORMALS FOR TODAY
                         NORMAL    RECORD    YEAR
 MAXIMUM TEMPERATURE (F)   67        81      1982
                                             1962
 MINIMUM TEMPERATURE (F)   50        26      1964


SUNRISE AND SUNSET
FEBRUARY 23 2017......SUNRISE   633 AM CST   SUNSET   556 PM CST
FEBRUARY 24 2017......SUNRISE   632 AM CST   SUNSET   557 PM CST


-  INDICATES NEGATIVE NUMBERS.
R  INDICATES RECORD WAS SET OR TIED.
MM INDICATES DATA IS MISSING.
T  INDICATES TRACE AMOUNT.




$$
