000
CDUS44 KLIX 230713
CLINEW


CLIMATE REPORT
NATIONAL WEATHER SERVICE NEW ORLEANS
203 AM CDT SUN APR 23 2017


...................................

...THE NEW ORLEANS CLIMATE SUMMARY FOR APRIL 22 2017...

CLIMATE NORMAL PERIOD 1981 TO 2010
CLIMATE RECORD PERIOD 1946 TO 2017


WEATHER ITEM   OBSERVED TIME   RECORD YEAR NORMAL DEPARTURE LAST
                VALUE   (LST)  VALUE       VALUE  FROM      YEAR
                                                  NORMAL
..................................................................
TEMPERATURE (F)
 YESTERDAY
  MAXIMUM         85    248 PM  89    1955  80      5       81
  MINIMUM         65    435 AM  46    1993  62      3       66
  AVERAGE         75                        71      4       74

PRECIPITATION (IN)
  YESTERDAY        0.05          5.31 1983   0.14  -0.09     0.00
  MONTH TO DATE    2.55                      3.34  -0.79     7.26
  SINCE MAR 1      5.43                      7.89  -2.46    13.62
  SINCE JAN 1     13.07                     18.34  -5.27    21.75

SNOWFALL (IN)
  YESTERDAY        0.0
  MONTH TO DATE    0.0
  SINCE MAR 1      0.0
  SINCE JUL 1      0.0
  SNOW DEPTH       0

DEGREE DAYS
 HEATING
  YESTERDAY        0                         1     -1        0
  MONTH TO DATE    7                        32    -25        3
  SINCE MAR 1     66                       168   -102       41
  SINCE JUL 1    627                      1277   -650      755

 COOLING
  YESTERDAY       10                         6      4        9
  MONTH TO DATE  148                       100     48      116
  SINCE MAR 1    287                       163    124      259
  SINCE JAN 1    407                       200    207      295
..................................................................


WIND (MPH)
  HIGHEST WIND SPEED    16   HIGHEST WIND DIRECTION    NW (330)
  HIGHEST GUST SPEED    21   HIGHEST GUST DIRECTION     N (340)
  AVERAGE WIND SPEED     6.9


SKY COVER
  POSSIBLE SUNSHINE  MM
  AVERAGE SKY COVER 0.5


WEATHER CONDITIONS
 THE FOLLOWING WEATHER WAS RECORDED YESTERDAY.
  THUNDERSTORM
  RAIN
  LIGHT RAIN
  FOG


RELATIVE HUMIDITY (PERCENT)
 HIGHEST    93           400 AM
 LOWEST     51           200 PM
 AVERAGE    72

..........................................................


THE NEW ORLEANS CLIMATE NORMALS FOR TODAY
                         NORMAL    RECORD    YEAR
 MAXIMUM TEMPERATURE (F)   80        88      1971
                                             1967
 MINIMUM TEMPERATURE (F)   62        46      1993


SUNRISE AND SUNSET
APRIL 23 2017.........SUNRISE   625 AM CDT   SUNSET   733 PM CDT
APRIL 24 2017.........SUNRISE   624 AM CDT   SUNSET   734 PM CDT


-  INDICATES NEGATIVE NUMBERS.
R  INDICATES RECORD WAS SET OR TIED.
MM INDICATES DATA IS MISSING.
T  INDICATES TRACE AMOUNT.




$$
