000
CDUS44 KLIX 180820
CLINEW


CLIMATE REPORT
NATIONAL WEATHER SERVICE NEW ORLEANS
NATIONAL WEATHER SERVICE NEW ORL
220 AM CST MON DEC 18 2017


...................................

...THE NEW ORLEANS CLIMATE SUMMARY FOR DECEMBER 17 2017...

CLIMATE NORMAL PERIOD 1981 TO 2010
CLIMATE RECORD PERIOD 1946 TO 2017


WEATHER ITEM   OBSERVED TIME   RECORD YEAR NORMAL DEPARTURE LAST
                VALUE   (LST)  VALUE       VALUE  FROM      YEAR
                                                  NORMAL
..................................................................
TEMPERATURE (F)
 YESTERDAY
  MAXIMUM         70    712 AM  79    2016  64      6       79
                                      1990
                                      1971
  MINIMUM         60   1211 AM  25    1960  47     13       67
  AVERAGE         65                        55     10       73

PRECIPITATION (IN)
  YESTERDAY        2.72R         1.77 2009   0.17   2.55     0.00
  MONTH TO DATE    4.50                      2.82   1.68     3.61
  SINCE DEC 1      4.50                      2.82   1.68     3.61
  SINCE JAN 1     71.76                     60.03  11.73    66.49

SNOWFALL (IN)
  YESTERDAY        0.0
  MONTH TO DATE    T
  SINCE DEC 1      T
  SINCE JUL 1      T
  SNOW DEPTH       0

DEGREE DAYS
 HEATING
  YESTERDAY        0                        11    -11        0
  MONTH TO DATE  187                       157     30      127
  SINCE DEC 1    187                       157     30      127
  SINCE JUL 1    319                       321     -2      198

 COOLING
  YESTERDAY        0                         1     -1        8
  MONTH TO DATE    8                        17     -9       21
  SINCE DEC 1      8                        17     -9       21
  SINCE JAN 1   3212                      2995    217     3856
..................................................................


WIND (MPH)
  HIGHEST WIND SPEED    22   HIGHEST WIND DIRECTION    SE (140)
  HIGHEST GUST SPEED    28   HIGHEST GUST DIRECTION     S (160)
  AVERAGE WIND SPEED     7.6


SKY COVER
  POSSIBLE SUNSHINE  MM
  AVERAGE SKY COVER 0.9


WEATHER CONDITIONS
 THE FOLLOWING WEATHER WAS RECORDED YESTERDAY.
  THUNDERSTORM
  HEAVY RAIN
  RAIN
  LIGHT RAIN
  FOG


RELATIVE HUMIDITY (PERCENT)
 HIGHEST   100           800 AM
 LOWEST     93          1200 AM
 AVERAGE    97

..........................................................


THE NEW ORLEANS CLIMATE NORMALS FOR TODAY
                         NORMAL    RECORD    YEAR
 MAXIMUM TEMPERATURE (F)   64        79      2008
 MINIMUM TEMPERATURE (F)   46        26      1979


SUNRISE AND SUNSET
DECEMBER 18 2017......SUNRISE   651 AM CST   SUNSET   504 PM CST
DECEMBER 19 2017......SUNRISE   652 AM CST   SUNSET   505 PM CST


-  INDICATES NEGATIVE NUMBERS.
R  INDICATES RECORD WAS SET OR TIED.
MM INDICATES DATA IS MISSING.
T  INDICATES TRACE AMOUNT.




$$
