000
CDUS46 KMTR 280836
CLINUQ


CLIMATE REPORT
NATIONAL WEATHER SERVICE SAN FRANCISCO BAY AREA
1235 AM PST FRI NOV 28 2014


...................................

...THE MOFFETT FIELD CLIMATE SUMMARY FOR NOVEMBER 27 2014...

CLIMATE NORMAL PERIOD 1981 TO 2010
CLIMATE RECORD PERIOD 1945 TO 2014


WEATHER ITEM   OBSERVED TIME   RECORD YEAR NORMAL DEPARTURE LAST
                VALUE   (LST)  VALUE       VALUE  FROM      YEAR
                                                  NORMAL
..................................................................
TEMPERATURE (F)
 YESTERDAY
  MAXIMUM         69    257 PM  73    2003  62      7       63
  MINIMUM         45    740 AM  31    1948  45      0       44
  AVERAGE         57                        53      4       54

PRECIPITATION (IN)
  YESTERDAY        0.00          0.66 1998   0.05  -0.05     0.00
  MONTH TO DATE    0.39                      1.47  -1.08     0.59
  SINCE JUL 1      1.06                      2.32  -1.26     1.10
  SINCE JAN 1      6.25                     11.95  -5.70     2.92

DEGREE DAYS
 HEATING
  YESTERDAY        8                                        11
  MONTH TO DATE  171                                       218
  SINCE SEP 1    202                                       341
  SINCE JUL 1    202                                       345

 COOLING
  YESTERDAY        0                                         0
  MONTH TO DATE    0                                         0
  SINCE SEP 1    201                                       119
  SINCE JAN 1    643                                       478
..................................................................


WIND (MPH)
  RESULTANT WIND SPEED   1   RESULTANT WIND DIRECTION   N (350)
  HIGHEST WIND SPEED     6   HIGHEST WIND DIRECTION     N (350)
  HIGHEST GUST SPEED    10   HIGHEST GUST DIRECTION    NW (330)
  AVERAGE WIND SPEED     1.1


SKY COVER
  POSSIBLE SUNSHINE  MM
  AVERAGE SKY COVER 0.0


WEATHER CONDITIONS
 THE FOLLOWING WEATHER WAS RECORDED YESTERDAY.
  FOG
  HAZE


RELATIVE HUMIDITY (PERCENT)
 HIGHEST    93           400 AM
 LOWEST     42           200 PM
 AVERAGE    68

..........................................................


THE MOFFETT FIELD CLIMATE NORMALS FOR TODAY
                         NORMAL    RECORD    YEAR
 MAXIMUM TEMPERATURE (F)   61        73      2003
 MINIMUM TEMPERATURE (F)   45        32      1948


SUNRISE AND SUNSET
NOVEMBER 28 2014......SUNRISE   701 AM PST   SUNSET   451 PM PST
NOVEMBER 29 2014......SUNRISE   702 AM PST   SUNSET   451 PM PST


-  INDICATES NEGATIVE NUMBERS.
R  INDICATES RECORD WAS SET OR TIED.
MM INDICATES DATA IS MISSING.
T  INDICATES TRACE AMOUNT.




$$
