000
CDUS46 KMTR 160826
CLINUQ


CLIMATE REPORT
NATIONAL WEATHER SERVICE SAN FRANCISCO BAY AREA
1225 AM PST SAT DEC 16 2017


...................................

...THE MOFFETT FIELD CLIMATE SUMMARY FOR DECEMBER 15 2017...

CLIMATE NORMAL PERIOD 1981 TO 2010
CLIMATE RECORD PERIOD 1945 TO 2017


WEATHER ITEM   OBSERVED TIME   RECORD YEAR NORMAL DEPARTURE LAST
                VALUE   (LST)  VALUE       VALUE  FROM      YEAR
                                                  NORMAL
..................................................................
TEMPERATURE (F)
 YESTERDAY
  MAXIMUM         60    303 PM  73    1980  59      1       62
  MINIMUM         39    721 AM  30    1948  43     -4       51
  AVERAGE         50                        51     -1       57

PRECIPITATION (IN)
  YESTERDAY        0.00          0.84 1957   0.08  -0.08     0.34
  MONTH TO DATE    0.02                      1.07  -1.05     0.94
  SINCE OCT 1      1.89                      3.35  -1.46     4.03
  SINCE JAN 1     15.53                     13.19   2.34    12.78

DEGREE DAYS
 HEATING
  YESTERDAY       15                                         8
  MONTH TO DATE  199                                       171
  SINCE DEC 1    199                                       171
  SINCE JUL 1    481                                       458

 COOLING
  YESTERDAY        0                                         0
  MONTH TO DATE    0                                         0
  SINCE DEC 1      0                                         0
  SINCE JAN 1    689                                       460
..................................................................


WIND (MPH)
  RESULTANT WIND SPEED   1   RESULTANT WIND DIRECTION   N (340)
  HIGHEST WIND SPEED     9   HIGHEST WIND DIRECTION     N (360)
  HIGHEST GUST SPEED    11   HIGHEST GUST DIRECTION     N (360)
  AVERAGE WIND SPEED     1.3


SKY COVER
  POSSIBLE SUNSHINE  MM
  AVERAGE SKY COVER 0.0


WEATHER CONDITIONS
 THE FOLLOWING WEATHER WAS RECORDED YESTERDAY.
  FOG
  HAZE


RELATIVE HUMIDITY (PERCENT)
 HIGHEST    89           900 PM
 LOWEST     46           300 PM
 AVERAGE    68

..........................................................


THE MOFFETT FIELD CLIMATE NORMALS FOR TODAY
                         NORMAL    RECORD    YEAR
 MAXIMUM TEMPERATURE (F)   59        71      1998
 MINIMUM TEMPERATURE (F)   43        33      1965


SUNRISE AND SUNSET
DECEMBER 16 2017......SUNRISE   716 AM PST   SUNSET   452 PM PST
DECEMBER 17 2017......SUNRISE   717 AM PST   SUNSET   452 PM PST


-  INDICATES NEGATIVE NUMBERS.
R  INDICATES RECORD WAS SET OR TIED.
MM INDICATES DATA IS MISSING.
T  INDICATES TRACE AMOUNT.




$$
