000
CDUS46 KMTR 010034
CLINUQ


CLIMATE REPORT
NATIONAL WEATHER SERVICE SAN FRANCISCO BAY AREA
534 PM PDT TUE MAY 31 2016


...................................

...THE MOFFETT FIELD CLIMATE SUMMARY FOR MAY 31 2016...
VALID TODAY AS OF 0500 PM LOCAL TIME.

CLIMATE NORMAL PERIOD 1981 TO 2010
CLIMATE RECORD PERIOD 1945 TO 2016


WEATHER ITEM   OBSERVED TIME   RECORD YEAR NORMAL DEPARTURE LAST
                VALUE   (LST)  VALUE       VALUE  FROM      YEAR
                                                  NORMAL
..................................................................
TEMPERATURE (F)
 TODAY
  MAXIMUM         84    237 PM  93    2001  74     10       68
  MINIMUM         58    401 AM  45    1955  55      3       55
  AVERAGE         71                        64      7       62

PRECIPITATION (IN)
  TODAY            0.00          0.09 1948   0.01  -0.01     0.00
  MONTH TO DATE    0.13                      0.47  -0.34     0.64
  SINCE OCT 1     13.15                     14.37  -1.22    14.12
  SINCE JAN 1      8.75                      9.53  -0.78     4.13

DEGREE DAYS
 HEATING
  TODAY            0                                         3
  MONTH TO DATE   61                                       142
  SINCE MAR 1    395                                       447
  SINCE JUL 1   1780                                      1552

 COOLING
  TODAY            6                                         0
  MONTH TO DATE   35                                         0
  SINCE MAR 1     58                                        18
  SINCE JAN 1     60                                        18
..................................................................


WIND (MPH)
  RESULTANT WIND SPEED   5   RESULTANT WIND DIRECTION   N (350)
  HIGHEST WIND SPEED    15   HIGHEST WIND DIRECTION     N (350)
  HIGHEST GUST SPEED    17   HIGHEST GUST DIRECTION     N (360)
  AVERAGE WIND SPEED     5.3


SKY COVER
  POSSIBLE SUNSHINE  MM
  AVERAGE SKY COVER 0.2


WEATHER CONDITIONS
 THE FOLLOWING WEATHER WAS RECORDED TODAY.
  NO SIGNIFICANT WEATHER WAS OBSERVED.


RELATIVE HUMIDITY (PERCENT)
 HIGHEST    87           600 AM
 LOWEST     40           300 PM
 AVERAGE    64

..........................................................


THE MOFFETT FIELD CLIMATE NORMALS FOR TOMORROW
                         NORMAL    RECORD    YEAR
 MAXIMUM TEMPERATURE (F)   74        95      1960
 MINIMUM TEMPERATURE (F)   55        43      1955


SUNRISE AND SUNSET
MAY 31 2016...........SUNRISE   549 AM PDT   SUNSET   823 PM PDT
JUNE  1 2016..........SUNRISE   549 AM PDT   SUNSET   824 PM PDT


-  INDICATES NEGATIVE NUMBERS.
R  INDICATES RECORD WAS SET OR TIED.
MM INDICATES DATA IS MISSING.
T  INDICATES TRACE AMOUNT.




$$
