000
CDUS46 KMTR 300826
CLINUQ


CLIMATE REPORT
NATIONAL WEATHER SERVICE SAN FRANCISCO BAY AREA
126 AM PDT THU OCT 30 2014


...................................

...THE MOFFETT FIELD CLIMATE SUMMARY FOR OCTOBER 29 2014...

CLIMATE NORMAL PERIOD 1981 TO 2010
CLIMATE RECORD PERIOD 1945 TO 2014


WEATHER ITEM   OBSERVED TIME   RECORD YEAR NORMAL DEPARTURE LAST
                VALUE   (LST)  VALUE       VALUE  FROM      YEAR
                                                  NORMAL
..................................................................
TEMPERATURE (F)
 YESTERDAY
  MAXIMUM         80    224 PM  86    1993  71      9       63
  MINIMUM         51    435 AM  33    1946  51      0       48
  AVERAGE         66                        61      5       56

PRECIPITATION (IN)
  YESTERDAY        0.00          1.01 1950   0.04  -0.04     0.00
  MONTH TO DATE    0.12                      0.56  -0.44     0.01
  SINCE JUL 1      0.53                      0.77  -0.24     0.51
  SINCE JAN 1      5.72                     10.40  -4.68     2.33

DEGREE DAYS
 HEATING
  YESTERDAY        0                                         9
  MONTH TO DATE   24                                       103
  SINCE SEP 1     26                                       108
  SINCE JUL 1     26                                       112

 COOLING
  YESTERDAY        1                                         0
  MONTH TO DATE   74                                        14
  SINCE SEP 1    198                                       119
  SINCE JAN 1    640                                       478
..................................................................


WIND (MPH)
  RESULTANT WIND SPEED   1   RESULTANT WIND DIRECTION   N (10)
  HIGHEST WIND SPEED    12   HIGHEST WIND DIRECTION     N (350)
  HIGHEST GUST SPEED    13   HIGHEST GUST DIRECTION     N (350)
  AVERAGE WIND SPEED     1.2


SKY COVER
  POSSIBLE SUNSHINE  MM
  AVERAGE SKY COVER 0.0


WEATHER CONDITIONS
 THE FOLLOWING WEATHER WAS RECORDED YESTERDAY.
  NO SIGNIFICANT WEATHER WAS OBSERVED.


RELATIVE HUMIDITY (PERCENT)
 HIGHEST    93           700 AM
 LOWEST     32           200 PM
 AVERAGE    63

..........................................................


THE MOFFETT FIELD CLIMATE NORMALS FOR TODAY
                         NORMAL    RECORD    YEAR
 MAXIMUM TEMPERATURE (F)   70        83      1967
 MINIMUM TEMPERATURE (F)   51        33      1946


SUNRISE AND SUNSET
OCTOBER 30 2014.......SUNRISE   731 AM PDT   SUNSET   612 PM PDT
OCTOBER 31 2014.......SUNRISE   732 AM PDT   SUNSET   611 PM PDT


-  INDICATES NEGATIVE NUMBERS.
R  INDICATES RECORD WAS SET OR TIED.
MM INDICATES DATA IS MISSING.
T  INDICATES TRACE AMOUNT.




$$
