298
CDUS46 KMTR 070845
CLINUQ


CLIMATE REPORT
NATIONAL WEATHER SERVICE SAN FRANCISCO BAY AREA
1245 AM PST WED DEC 7 2016


...................................

...THE MOFFETT FIELD CLIMATE SUMMARY FOR DECEMBER 6 2016...

CLIMATE NORMAL PERIOD 1981 TO 2010
CLIMATE RECORD PERIOD 1945 TO 2016


WEATHER ITEM   OBSERVED TIME   RECORD YEAR NORMAL DEPARTURE LAST
                VALUE   (LST)  VALUE       VALUE  FROM      YEAR
                                                  NORMAL
..................................................................
TEMPERATURE (F)
 YESTERDAY
  MAXIMUM         56    313 PM  71    1989  60     -4       68
  MINIMUM         41    715 AM  33    2013  44     -3       49
  AVERAGE         49                        52     -3       59

PRECIPITATION (IN)
  YESTERDAY        0.00          1.04 1992   0.07  -0.07     0.00
  MONTH TO DATE    0.00                      0.40  -0.40     0.11
  SINCE OCT 1      3.09                      2.68   0.41     2.58
  SINCE JAN 1     11.84                     12.52  -0.68     6.84

DEGREE DAYS
 HEATING
  YESTERDAY       16                                         6
  MONTH TO DATE   80                                        79
  SINCE DEC 1     80                                        79
  SINCE JUL 1    367                                       422

 COOLING
  YESTERDAY        0                                         0
  MONTH TO DATE    0                                         0
  SINCE DEC 1      0                                         0
  SINCE JAN 1    460                                       667
..................................................................


WIND (MPH)
  RESULTANT WIND SPEED   2   RESULTANT WIND DIRECTION  NW (320)
  HIGHEST WIND SPEED    13   HIGHEST WIND DIRECTION    NW (320)
  HIGHEST GUST SPEED    19   HIGHEST GUST DIRECTION     W (270)
  AVERAGE WIND SPEED     3.7


SKY COVER
  POSSIBLE SUNSHINE  MM
  AVERAGE SKY COVER 0.1


WEATHER CONDITIONS
 THE FOLLOWING WEATHER WAS RECORDED YESTERDAY.
  NO SIGNIFICANT WEATHER WAS OBSERVED.


RELATIVE HUMIDITY (PERCENT)
 HIGHEST    86          1200 AM
 LOWEST     47           400 PM
 AVERAGE    67

..........................................................


THE MOFFETT FIELD CLIMATE NORMALS FOR TODAY
                         NORMAL    RECORD    YEAR
 MAXIMUM TEMPERATURE (F)   60        71      1988
 MINIMUM TEMPERATURE (F)   43        34      2013
                                             2009


SUNRISE AND SUNSET
DECEMBER  7 2016......SUNRISE   710 AM PST   SUNSET   450 PM PST
DECEMBER  8 2016......SUNRISE   711 AM PST   SUNSET   450 PM PST


-  INDICATES NEGATIVE NUMBERS.
R  INDICATES RECORD WAS SET OR TIED.
MM INDICATES DATA IS MISSING.
T  INDICATES TRACE AMOUNT.




$$
