705
CDUS46 KMTR 010826
CLINUQ


CLIMATE REPORT
NATIONAL WEATHER SERVICE SAN FRANCISCO BAY AREA
126 AM PDT SUN MAY 1 2016


...................................

...THE MOFFETT FIELD CLIMATE SUMMARY FOR APRIL 30 2016...

CLIMATE NORMAL PERIOD 1981 TO 2010
CLIMATE RECORD PERIOD 1945 TO 2016


WEATHER ITEM   OBSERVED TIME   RECORD YEAR NORMAL DEPARTURE LAST
                VALUE   (LST)  VALUE       VALUE  FROM      YEAR
                                                  NORMAL
..................................................................
TEMPERATURE (F)
 YESTERDAY
  MAXIMUM         78    417 PM  91    2014  71      7       MM
  MINIMUM         53    547 AM  38    1946  51      2       MM
  AVERAGE         66                        61      5       MM

PRECIPITATION (IN)
  YESTERDAY        0.00          0.48 1953   0.02  -0.02     0.00
  MONTH TO DATE    1.41                      0.98   0.43     0.88
  SINCE OCT 1     13.02                     13.90  -0.88    13.48
  SINCE JAN 1      8.62                      9.06  -0.44     3.49

DEGREE DAYS
 HEATING
  YESTERDAY        0                                        MM
  MONTH TO DATE  121                                       152
  SINCE MAR 1    334                                       305
  SINCE JUL 1   1719                                      1410

 COOLING
  YESTERDAY        1                                        MM
  MONTH TO DATE   23                                        10
  SINCE MAR 1     23                                        18
  SINCE JAN 1     25                                        18
..................................................................


WIND (MPH)
  RESULTANT WIND SPEED   7   RESULTANT WIND DIRECTION  NW (310)
  HIGHEST WIND SPEED    18   HIGHEST WIND DIRECTION    NW (330)
  HIGHEST GUST SPEED    24   HIGHEST GUST DIRECTION    NW (320)
  AVERAGE WIND SPEED     7.3


SKY COVER
  POSSIBLE SUNSHINE  MM
  AVERAGE SKY COVER 0.0


WEATHER CONDITIONS
 THE FOLLOWING WEATHER WAS RECORDED YESTERDAY.
  NO SIGNIFICANT WEATHER WAS OBSERVED.


RELATIVE HUMIDITY (PERCENT)
 HIGHEST    66          1200 AM
 LOWEST     27           100 PM
 AVERAGE    47

..........................................................


THE MOFFETT FIELD CLIMATE NORMALS FOR TODAY
                         NORMAL    RECORD    YEAR
 MAXIMUM TEMPERATURE (F)   71        91      1947
 MINIMUM TEMPERATURE (F)   51        39      1948


SUNRISE AND SUNSET
MAY  1 2016...........SUNRISE   612 AM PDT   SUNSET   759 PM PDT
MAY  2 2016...........SUNRISE   611 AM PDT   SUNSET   759 PM PDT


-  INDICATES NEGATIVE NUMBERS.
R  INDICATES RECORD WAS SET OR TIED.
MM INDICATES DATA IS MISSING.
T  INDICATES TRACE AMOUNT.




$$
