000
CDUS46 KMTR 290835
CLINUQ


CLIMATE REPORT
NATIONAL WEATHER SERVICE SAN FRANCISCO BAY AREA
135 AM PDT TUE JUL 29 2014


...................................

...THE MOFFETT FIELD CLIMATE SUMMARY FOR JULY 28 2014...

CLIMATE NORMAL PERIOD 1981 TO 2010
CLIMATE RECORD PERIOD 1945 TO 2014


WEATHER ITEM   OBSERVED TIME   RECORD YEAR NORMAL DEPARTURE LAST
                VALUE   (LST)  VALUE       VALUE  FROM      YEAR
                                                  NORMAL
..................................................................
TEMPERATURE (F)
 YESTERDAY
  MAXIMUM         79    105 PM  93    1954  77      2       74
  MINIMUM         61    424 AM  50    1955  60      1       59
  AVERAGE         70                        68      2       67

PRECIPITATION (IN)
  YESTERDAY        0.00          0.00 2009   0.00   0.00     0.00
  MONTH TO DATE    T                         0.02  -0.02      T
  SINCE JUL 1      T                         0.02  -0.02      T
  SINCE JAN 1      5.19                      9.65  -4.46     1.82

DEGREE DAYS
 HEATING
  YESTERDAY        0                                         0
  MONTH TO DATE    0                                         1
  SINCE JUN 1      7                                        14
  SINCE JUL 1      0                                         1

 COOLING
  YESTERDAY        5                                         2
  MONTH TO DATE  133                                        92
  SINCE JUN 1    210                                       189
  SINCE JAN 1    297                                       263
..................................................................


WIND (MPH)
  RESULTANT WIND SPEED   5   RESULTANT WIND DIRECTION   N (340)
  HIGHEST WIND SPEED    16   HIGHEST WIND DIRECTION     N (340)
  HIGHEST GUST SPEED    21   HIGHEST GUST DIRECTION     N (350)
  AVERAGE WIND SPEED     5.3


SKY COVER
  POSSIBLE SUNSHINE  MM
  AVERAGE SKY COVER 0.0


WEATHER CONDITIONS
 THE FOLLOWING WEATHER WAS RECORDED YESTERDAY.
  NO SIGNIFICANT WEATHER WAS OBSERVED.


RELATIVE HUMIDITY (PERCENT)
 HIGHEST    84           100 AM
 LOWEST     56           100 PM
 AVERAGE    70

..........................................................


THE MOFFETT FIELD CLIMATE NORMALS FOR TODAY
                         NORMAL    RECORD    YEAR
 MAXIMUM TEMPERATURE (F)   77        93      1977
 MINIMUM TEMPERATURE (F)   60        49      1950


SUNRISE AND SUNSET
JULY 29 2014..........SUNRISE   610 AM PDT   SUNSET   819 PM PDT
JULY 30 2014..........SUNRISE   611 AM PDT   SUNSET   818 PM PDT


-  INDICATES NEGATIVE NUMBERS.
R  INDICATES RECORD WAS SET OR TIED.
MM INDICATES DATA IS MISSING.
T  INDICATES TRACE AMOUNT.




$$
