000
CDUS46 KMTR 230826
CLINUQ


CLIMATE REPORT
NATIONAL WEATHER SERVICE SAN FRANCISCO BAY AREA
126 AM PDT TUE MAY 23 2017


...................................

...THE MOFFETT FIELD CLIMATE SUMMARY FOR MAY 22 2017...

CLIMATE NORMAL PERIOD 1981 TO 2010
CLIMATE RECORD PERIOD 1945 TO 2017


WEATHER ITEM   OBSERVED TIME   RECORD YEAR NORMAL DEPARTURE LAST
                VALUE   (LST)  VALUE       VALUE  FROM      YEAR
                                                  NORMAL
..................................................................
TEMPERATURE (F)
 YESTERDAY
  MAXIMUM         77    243 PM  87    2000  73      4       69
  MINIMUM         56    534 AM  44    2002  54      2       47
  AVERAGE         67                        63      4       58

PRECIPITATION (IN)
  YESTERDAY        0.00          0.47 1958   0.01  -0.01     0.00
  MONTH TO DATE    0.00                      0.39  -0.39     0.13
  SINCE OCT 1     18.13                     14.29   3.84    13.15
  SINCE JAN 1     13.56                      9.45   4.11     8.75

DEGREE DAYS
 HEATING
  YESTERDAY        0                                         7
  MONTH TO DATE   57                                        53
  SINCE MAR 1    454                                       387
  SINCE JUL 1   1982                                      1772

 COOLING
  YESTERDAY        2                                         0
  MONTH TO DATE   50                                        18
  SINCE MAR 1     52                                        41
  SINCE JAN 1     52                                        43
..................................................................


WIND (MPH)
  RESULTANT WIND SPEED   5   RESULTANT WIND DIRECTION  NW (330)
  HIGHEST WIND SPEED    14   HIGHEST WIND DIRECTION    NW (330)
  HIGHEST GUST SPEED    17   HIGHEST GUST DIRECTION    NW (310)
  AVERAGE WIND SPEED     6.0


SKY COVER
  POSSIBLE SUNSHINE  MM
  AVERAGE SKY COVER 0.2


WEATHER CONDITIONS
 THE FOLLOWING WEATHER WAS RECORDED YESTERDAY.
  NO SIGNIFICANT WEATHER WAS OBSERVED.


RELATIVE HUMIDITY (PERCENT)
 HIGHEST    93           500 AM
 LOWEST     53           400 PM
 AVERAGE    73

..........................................................


THE MOFFETT FIELD CLIMATE NORMALS FOR TODAY
                         NORMAL    RECORD    YEAR
 MAXIMUM TEMPERATURE (F)   73        91      1982
 MINIMUM TEMPERATURE (F)   54        45      1945


SUNRISE AND SUNSET
MAY 23 2017...........SUNRISE   553 AM PDT   SUNSET   817 PM PDT
MAY 24 2017...........SUNRISE   553 AM PDT   SUNSET   818 PM PDT


-  INDICATES NEGATIVE NUMBERS.
R  INDICATES RECORD WAS SET OR TIED.
MM INDICATES DATA IS MISSING.
T  INDICATES TRACE AMOUNT.




$$
