000
CDUS46 KMTR 220826
CLINUQ


CLIMATE REPORT
NATIONAL WEATHER SERVICE SAN FRANCISCO BAY AREA
125 AM PDT FRI MAY 22 2015


...................................

...THE MOFFETT FIELD CLIMATE SUMMARY FOR MAY 21 2015...

CLIMATE NORMAL PERIOD 1981 TO 2010
CLIMATE RECORD PERIOD 1945 TO 2015


WEATHER ITEM   OBSERVED TIME   RECORD YEAR NORMAL DEPARTURE LAST
                VALUE   (LST)  VALUE       VALUE  FROM      YEAR
                                                  NORMAL
..................................................................
TEMPERATURE (F)
 YESTERDAY
  MAXIMUM         67    216 PM  96    2000  73     -6       75
  MINIMUM         55   1159 PM  44    1974  54      1       55
  AVERAGE         61                        63     -2       65

PRECIPITATION (IN)
  YESTERDAY        0.00          0.14 1946   0.01  -0.01     0.00
  MONTH TO DATE    0.64                      0.38   0.26      T
  SINCE OCT 1     14.12                     14.28  -0.16     5.94
  SINCE JAN 1      4.13                      9.44  -5.31     5.18

DEGREE DAYS
 HEATING
  YESTERDAY        4                                         0
  MONTH TO DATE  102                                        27
  SINCE MAR 1    407                                       317
  SINCE JUL 1   1512                                      1775

 COOLING
  YESTERDAY        0                                         0
  MONTH TO DATE    0                                        48
  SINCE MAR 1     18                                        74
  SINCE JAN 1     18                                        74
..................................................................


WIND (MPH)
  RESULTANT WIND SPEED   5   RESULTANT WIND DIRECTION  NW (300)
  HIGHEST WIND SPEED    16   HIGHEST WIND DIRECTION     W (270)
  HIGHEST GUST SPEED    22   HIGHEST GUST DIRECTION     W (270)
  AVERAGE WIND SPEED     5.7


SKY COVER
  POSSIBLE SUNSHINE  MM
  AVERAGE SKY COVER 0.9


WEATHER CONDITIONS
 THE FOLLOWING WEATHER WAS RECORDED YESTERDAY.
  NO SIGNIFICANT WEATHER WAS OBSERVED.


RELATIVE HUMIDITY (PERCENT)
 HIGHEST    80          1000 PM
 LOWEST     52           200 PM
 AVERAGE    66

..........................................................


THE MOFFETT FIELD CLIMATE NORMALS FOR TODAY
                         NORMAL    RECORD    YEAR
 MAXIMUM TEMPERATURE (F)   73        87      2000
 MINIMUM TEMPERATURE (F)   54        44      2002


SUNRISE AND SUNSET
MAY 22 2015...........SUNRISE   554 AM PDT   SUNSET   816 PM PDT
MAY 23 2015...........SUNRISE   553 AM PDT   SUNSET   817 PM PDT


-  INDICATES NEGATIVE NUMBERS.
R  INDICATES RECORD WAS SET OR TIED.
MM INDICATES DATA IS MISSING.
T  INDICATES TRACE AMOUNT.




$$
