000
CDUS46 KMTR 270026
CLINUQ


CLIMATE REPORT
NATIONAL WEATHER SERVICE SAN FRANCISCO BAY AREA
526 PM PDT THU MAR 26 2015


...................................

...THE MOFFETT FIELD CLIMATE SUMMARY FOR MARCH 26 2015...
VALID TODAY AS OF 0500 PM LOCAL TIME.

CLIMATE NORMAL PERIOD 1981 TO 2010
CLIMATE RECORD PERIOD 1945 TO 2015


WEATHER ITEM   OBSERVED TIME   RECORD YEAR NORMAL DEPARTURE LAST
                VALUE   (LST)  VALUE       VALUE  FROM      YEAR
                                                  NORMAL
..................................................................
TEMPERATURE (F)
 TODAY
  MAXIMUM         84R   250 PM  83    1988  66     18       63
  MINIMUM         52    627 AM  35    1948  48      4       53
  AVERAGE         68                        57     11       58

PRECIPITATION (IN)
  TODAY            0.00          0.62 1991   0.06  -0.06     0.24
  MONTH TO DATE    0.16                      1.98  -1.82     0.65
  SINCE OCT 1     12.60                     12.64  -0.04     4.25
  SINCE JAN 1      2.61                      7.80  -5.19     3.49

DEGREE DAYS
 HEATING
  TODAY            0                                         7
  MONTH TO DATE  133                                       114
  SINCE MAR 1    133                                       114
  SINCE JUL 1   1238                                      1572

 COOLING
  TODAY            3                                         0
  MONTH TO DATE    8                                         4
  SINCE MAR 1      8                                         4
  SINCE JAN 1      8                                         4
..................................................................


WIND (MPH)
  RESULTANT WIND SPEED   1   RESULTANT WIND DIRECTION   N (10)
  HIGHEST WIND SPEED    12   HIGHEST WIND DIRECTION     N (350)
  HIGHEST GUST SPEED    13   HIGHEST GUST DIRECTION     N (350)
  AVERAGE WIND SPEED     1.4


SKY COVER
  POSSIBLE SUNSHINE  MM
  AVERAGE SKY COVER 0.0


WEATHER CONDITIONS
 THE FOLLOWING WEATHER WAS RECORDED TODAY.
  NO SIGNIFICANT WEATHER WAS OBSERVED.


RELATIVE HUMIDITY (PERCENT)
 HIGHEST    89           400 AM
 LOWEST     33           200 PM
 AVERAGE    61

..........................................................


THE MOFFETT FIELD CLIMATE NORMALS FOR TOMORROW
                         NORMAL    RECORD    YEAR
 MAXIMUM TEMPERATURE (F)   66        82      1969
 MINIMUM TEMPERATURE (F)   48        38      1972


SUNRISE AND SUNSET
MARCH 26 2015.........SUNRISE   703 AM PDT   SUNSET   725 PM PDT
MARCH 27 2015.........SUNRISE   701 AM PDT   SUNSET   726 PM PDT


-  INDICATES NEGATIVE NUMBERS.
R  INDICATES RECORD WAS SET OR TIED.
MM INDICATES DATA IS MISSING.
T  INDICATES TRACE AMOUNT.




$$
