000
CDUS41 KOKX 250617
CLINYC


CLIMATE REPORT
NATIONAL WEATHER SERVICE NEW YORK NY
217 AM EDT WED MAY 25 2016


...................................

...THE CENTRAL PARK NY CLIMATE SUMMARY FOR MAY 24 2016...

CLIMATE NORMAL PERIOD 1981 TO 2010
CLIMATE RECORD PERIOD 1869 TO 2016


WEATHER ITEM   OBSERVED TIME   RECORD YEAR NORMAL DEPARTURE LAST
                VALUE   (LST)  VALUE       VALUE  FROM      YEAR
                                                  NORMAL
..................................................................
TEMPERATURE (F)
 YESTERDAY
  MAXIMUM         73    230 PM  93    1975  73      0       81
  MINIMUM         58    627 AM  39    1963  56      2       56
  AVERAGE         66                        65      1       69

PRECIPITATION (IN)
  YESTERDAY        0.18          2.07 1978   0.15   0.03     0.00
  MONTH TO DATE    2.10                      3.15  -1.05     0.32
  SINCE MAR 1      4.88                     12.01  -7.13     7.12
  SINCE JAN 1     13.69                     18.75  -5.06    14.39

SNOWFALL (IN)
  YESTERDAY        0.0           0.0  2002   0.0    0.0      0.0
                                      2001
  MONTH TO DATE    0.0                       0.0    0.0      0.0
  SINCE OCT 1     32.8                      25.8    7.0     50.3
  SINCE JUL 1     32.8                      25.8    7.0     50.3
  SNOW DEPTH       0

DEGREE DAYS
 HEATING
  YESTERDAY        0                         3     -3        0
  MONTH TO DATE  161                       121     40       37
  SINCE MAR 1   1014                      1192   -178     1182
  SINCE JUL 1   3761                      4714   -953     4941

 COOLING
  YESTERDAY        1                         3     -2        4
  MONTH TO DATE    6                        35    -29       77
  SINCE MAR 1     25                        47    -22       82
  SINCE JAN 1     25                        47    -22       82
..................................................................


WIND (MPH)
  HIGHEST WIND SPEED     9   HIGHEST WIND DIRECTION     N (20)
  HIGHEST GUST SPEED    14   HIGHEST GUST DIRECTION    NE (30)
  AVERAGE WIND SPEED     2.0


SKY COVER
  AVERAGE SKY COVER 0.9


WEATHER CONDITIONS
 THE FOLLOWING WEATHER WAS RECORDED YESTERDAY.
  LIGHT RAIN
  FOG
  HAZE


RELATIVE HUMIDITY (PERCENT)
 HIGHEST    93           400 AM
 LOWEST     47           400 PM
 AVERAGE    70

..........................................................


THE CENTRAL PARK NY CLIMATE NORMALS FOR TODAY
                         NORMAL    RECORD    YEAR
 MAXIMUM TEMPERATURE (F)   73        95      1880
 MINIMUM TEMPERATURE (F)   57        41      1925


SUNRISE AND SUNSET
MAY 25 2016...........SUNRISE   530 AM EDT   SUNSET   816 PM EDT
MAY 26 2016...........SUNRISE   530 AM EDT   SUNSET   817 PM EDT


-  INDICATES NEGATIVE NUMBERS.
R  INDICATES RECORD WAS SET OR TIED.
MM INDICATES DATA IS MISSING.
T  INDICATES TRACE AMOUNT.




$$
