000
CDUS41 KOKX 080626
CLINYC


CLIMATE REPORT
NATIONAL WEATHER SERVICE NEW YORK NY
126 AM EST THU DEC 8 2016


...................................

...THE CENTRAL PARK NY CLIMATE SUMMARY FOR DECEMBER 7 2016...

CLIMATE NORMAL PERIOD 1981 TO 2010
CLIMATE RECORD PERIOD 1869 TO 2016


WEATHER ITEM   OBSERVED TIME   RECORD YEAR NORMAL DEPARTURE LAST
                VALUE   (LST)  VALUE       VALUE  FROM      YEAR
                                                  NORMAL
..................................................................
TEMPERATURE (F)
 YESTERDAY
  MAXIMUM         46    445 PM  75    1998  46      0       54
  MINIMUM         40   1047 AM  10    1926  35      5       42
  AVERAGE         43                        40      3       48

PRECIPITATION (IN)
  YESTERDAY        0.09          1.98 1908   0.14  -0.05     0.00
  MONTH TO DATE    0.70                      0.98  -0.28     0.47
  SINCE DEC 1      0.70                      0.98  -0.28     0.47
  SINCE JAN 1     39.98                     46.92  -6.94    36.72

SNOWFALL (IN)
  YESTERDAY        0.0           2.0  1886   0.1   -0.1      0.0
  MONTH TO DATE    0.0                       0.6   -0.6      0.0
  SINCE OCT 1      T                         0.9   -0.9      0.0
  SINCE JUL 1      T                         0.9   -0.9      0.0
  SNOW DEPTH       0

DEGREE DAYS
 HEATING
  YESTERDAY       22                        25     -3       17
  MONTH TO DATE  145                       166    -21      118
  SINCE DEC 1    145                       166    -21      118
  SINCE JUL 1    832                       999   -167      706

 COOLING
  YESTERDAY        0                         0      0        0
  MONTH TO DATE    0                         0      0        0
  SINCE DEC 1      0                         0      0        0
  SINCE JAN 1   1489                      1105    384     1578
..................................................................


WIND (MPH)
  HIGHEST WIND SPEED    15   HIGHEST WIND DIRECTION     E (70)
  HIGHEST GUST SPEED    21   HIGHEST GUST DIRECTION     E (80)
  AVERAGE WIND SPEED     3.9


SKY COVER
  AVERAGE SKY COVER 0.8


WEATHER CONDITIONS
 THE FOLLOWING WEATHER WAS RECORDED YESTERDAY.
  LIGHT RAIN
  FOG
  HAZE


RELATIVE HUMIDITY (PERCENT)
 HIGHEST    92          1200 AM
 LOWEST     65           600 PM
 AVERAGE    79

..........................................................


THE CENTRAL PARK NY CLIMATE NORMALS FOR TODAY
                         NORMAL    RECORD    YEAR
 MAXIMUM TEMPERATURE (F)   45        65      1927
 MINIMUM TEMPERATURE (F)   34         4      1900


SUNRISE AND SUNSET
DECEMBER  8 2016......SUNRISE   708 AM EST   SUNSET   428 PM EST
DECEMBER  9 2016......SUNRISE   709 AM EST   SUNSET   428 PM EST


-  INDICATES NEGATIVE NUMBERS.
R  INDICATES RECORD WAS SET OR TIED.
MM INDICATES DATA IS MISSING.
T  INDICATES TRACE AMOUNT.




$$
