000
CDUS45 KPSR 250818
CLINYL

CLIMATE REPORT
NATIONAL WEATHER SERVICE PHOENIX AZ
117 AM MST THU DEC 25 2014


...................................

...THE YUMA AZ CLIMATE SUMMARY FOR DECEMBER 24 2014...

CLIMATE NORMAL PERIOD 1981 TO 2010
CLIMATE RECORD PERIOD 1876 TO 2014


WEATHER ITEM   OBSERVED TIME   RECORD YEAR NORMAL DEPARTURE LAST
                VALUE   (LST)  VALUE       VALUE  FROM      YEAR
                                                  NORMAL
..................................................................
TEMPERATURE (F)
 YESTERDAY
  MAXIMUM         MM        MM  81    2005  67     MM       74
  MINIMUM         MM        MM  31    1953  46     MM       48
                                      1912
                                      1897
  AVERAGE         MM                        57     MM       61

PRECIPITATION (IN)
  YESTERDAY        0.00          0.46 1916   0.01  -0.01     0.00
  MONTH TO DATE    0.38                      0.39  -0.01     0.11
  SINCE OCT 1      0.43                      0.82  -0.39     1.11
  SINCE JAN 1      2.71                      3.44  -0.73     3.42

DEGREE DAYS
 HEATING
  YESTERDAY       MM                         8     MM        4
  MONTH TO DATE   MM                       176     MM      167
  SINCE DEC 1     MM                       176     MM      167
  SINCE JUL 1     15                       244   -229      206

 COOLING
  YESTERDAY       MM                         0     MM        0
  MONTH TO DATE   MM                         0     MM        1
  SINCE DEC 1     MM                         0     MM        1
  SINCE JAN 1   5292                      4649    643     4806
..................................................................


WIND (MPH)
  HIGHEST WIND SPEED     9   HIGHEST WIND DIRECTION    SE (140)
  HIGHEST GUST SPEED    MM   HIGHEST GUST DIRECTION    MM
  AVERAGE WIND SPEED     6.1


SKY COVER
  AVERAGE SKY COVER 0.6


WEATHER CONDITIONS
 THE FOLLOWING WEATHER WAS RECORDED YESTERDAY.
  NO SIGNIFICANT WEATHER WAS OBSERVED.


RELATIVE HUMIDITY (PERCENT)
 HIGHEST    MM
 LOWEST     MM
 AVERAGE    MM

..........................................................


THE YUMA AZ CLIMATE NORMALS FOR TODAY
                         NORMAL    RECORD    YEAR
 MAXIMUM TEMPERATURE (F)   67        80      1950
 MINIMUM TEMPERATURE (F)   46        25      1891


SUNRISE AND SUNSET
DECEMBER 25 2014......SUNRISE   738 AM MST   SUNSET   539 PM MST
DECEMBER 26 2014......SUNRISE   739 AM MST   SUNSET   540 PM MST


-  INDICATES NEGATIVE NUMBERS.
R  INDICATES RECORD WAS SET OR TIED.
MM INDICATES DATA IS MISSING.
T  INDICATES TRACE AMOUNT.

$$
