000
CDUS45 KPSR 300810 RRA
CLINYL

CLIMATE REPORT
NATIONAL WEATHER SERVICE PHOENIX AZ
109 AM MST MON MAY 30 2016


...................................

...THE YUMA AZ CLIMATE SUMMARY FOR MAY 29 2016...

CLIMATE NORMAL PERIOD 1981 TO 2010
CLIMATE RECORD PERIOD 1876 TO 2016


WEATHER ITEM   OBSERVED TIME   RECORD YEAR NORMAL DEPARTURE LAST
                VALUE   (LST)  VALUE       VALUE  FROM      YEAR
                                                  NORMAL
..................................................................
TEMPERATURE (F)
 YESTERDAY
  MAXIMUM         92    530 PM 115    1984  99     -7      101
                                      1910
  MINIMUM         66    602 AM  51    1971  70     -4       70
  AVERAGE         79                        85     -6       86

PRECIPITATION (IN)
  YESTERDAY        0.00          T    1972   0.01  -0.01     0.00
                                      1896
  MONTH TO DATE    0.18                      0.08   0.10     0.31
  SINCE OCT 1      1.12                      2.26  -1.14     1.26
  SINCE JAN 1      0.98                      1.32  -0.34     0.82

DEGREE DAYS
 HEATING
  YESTERDAY        0                         0      0        0
  MONTH TO DATE    0                         0      0        3
  SINCE MAR 1     22                        63    -41       26
  SINCE JUL 1    598                       686    -88       86

 COOLING
  YESTERDAY       14                        20     -6       21
  MONTH TO DATE  376                       466    -90      340
  SINCE MAR 1    828                       836     -8      919
  SINCE JAN 1    964                       872     92     1030
..................................................................


WIND (MPH)
  HIGHEST WIND SPEED    20   HIGHEST WIND DIRECTION     S (170)
  HIGHEST GUST SPEED    24   HIGHEST GUST DIRECTION     S (170)
  AVERAGE WIND SPEED     9.0


SKY COVER
  AVERAGE SKY COVER 0.0


WEATHER CONDITIONS
 THE FOLLOWING WEATHER WAS RECORDED YESTERDAY.
  NO SIGNIFICANT WEATHER WAS OBSERVED.


RELATIVE HUMIDITY (PERCENT)
 HIGHEST    42
 LOWEST      7
 AVERAGE    25

..........................................................


THE YUMA AZ CLIMATE NORMALS FOR TODAY
                         NORMAL    RECORD    YEAR
 MAXIMUM TEMPERATURE (F)  100       120      1910
 MINIMUM TEMPERATURE (F)   70        54      1906


SUNRISE AND SUNSET
MAY 30 2016...........SUNRISE   532 AM MST   SUNSET   740 PM MST
MAY 31 2016...........SUNRISE   532 AM MST   SUNSET   741 PM MST


-  INDICATES NEGATIVE NUMBERS.
R  INDICATES RECORD WAS SET OR TIED.
MM INDICATES DATA IS MISSING.
T  INDICATES TRACE AMOUNT.

$$
