000
CDUS45 KPSR 010812
CLINYL

CLIMATE REPORT
NATIONAL WEATHER SERVICE PHOENIX AZ
111 AM MST SUN FEB 1 2015


...................................

...THE YUMA AZ CLIMATE SUMMARY FOR JANUARY 31 2015...

CLIMATE NORMAL PERIOD 1981 TO 2010
CLIMATE RECORD PERIOD 1876 TO 2015


WEATHER ITEM   OBSERVED TIME   RECORD YEAR NORMAL DEPARTURE LAST
                VALUE   (LST)  VALUE       VALUE  FROM      YEAR
                                                  NORMAL
..................................................................
TEMPERATURE (F)
 YESTERDAY
  MAXIMUM         70    354 PM  87    2003  71     -1       72
  MINIMUM         53    801 AM  30    1949  49      4       55
  AVERAGE         62                        60      2       64

PRECIPITATION (IN)
  YESTERDAY        T             0.24 1919   0.01  -0.01     0.00
  MONTH TO DATE    0.19                      0.37  -0.18      T
  SINCE OCT 1      0.63                      1.31  -0.68     1.11
  SINCE JAN 1      0.19                      0.37  -0.18      T

DEGREE DAYS
 HEATING
  YESTERDAY        3                         5     -2        1
  MONTH TO DATE   39                       205   -166       66
  SINCE DEC 1     39                       440   -401      268
  SINCE JUL 1     54                       508   -454      307

 COOLING
  YESTERDAY        0                         0      0        0
  MONTH TO DATE    2                         6     -4       16
  SINCE DEC 1      2                         8     -6       17
  SINCE JAN 1      2                         6     -4       16
..................................................................


WIND (MPH)
  HIGHEST WIND SPEED    16   HIGHEST WIND DIRECTION     N (360)
  HIGHEST GUST SPEED    23   HIGHEST GUST DIRECTION     N (340)
  AVERAGE WIND SPEED     5.8


SKY COVER
  AVERAGE SKY COVER 0.3


WEATHER CONDITIONS
 THE FOLLOWING WEATHER WAS RECORDED YESTERDAY.
  FOG


RELATIVE HUMIDITY (PERCENT)
 HIGHEST    93
 LOWEST     44
 AVERAGE    69

..........................................................


THE YUMA AZ CLIMATE NORMALS FOR TODAY
                         NORMAL    RECORD    YEAR
 MAXIMUM TEMPERATURE (F)   72        86      2003
 MINIMUM TEMPERATURE (F)   49        25      1880


SUNRISE AND SUNSET
FEBRUARY  1 2015......SUNRISE   733 AM MST   SUNSET   611 PM MST
FEBRUARY  2 2015......SUNRISE   733 AM MST   SUNSET   612 PM MST


-  INDICATES NEGATIVE NUMBERS.
R  INDICATES RECORD WAS SET OR TIED.
MM INDICATES DATA IS MISSING.
T  INDICATES TRACE AMOUNT.

$$
