000
CDUS45 KPSR 240816 RRA
CLINYL

CLIMATE REPORT
NATIONAL WEATHER SERVICE PHOENIX AZ
115 AM MST SUN JUL 24 2016


...................................

...THE YUMA AZ CLIMATE SUMMARY FOR JULY 23 2016...

CLIMATE NORMAL PERIOD 1981 TO 2010
CLIMATE RECORD PERIOD 1876 TO 2016


WEATHER ITEM   OBSERVED TIME   RECORD YEAR NORMAL DEPARTURE LAST
                VALUE   (LST)  VALUE       VALUE  FROM      YEAR
                                                  NORMAL
..................................................................
TEMPERATURE (F)
 YESTERDAY
  MAXIMUM        112    256 PM 117    2014 107      5      105
  MINIMUM         88    702 AM  69    1928  83      5       81
                                      1913
  AVERAGE        100                        95      5       93

PRECIPITATION (IN)
  YESTERDAY        0.00          0.26 1950   0.01  -0.01     0.00
  MONTH TO DATE    0.00                      0.16  -0.16     0.09
  SINCE OCT 1      1.12                      2.43  -1.31     1.68
  SINCE JAN 1      0.98                      1.49  -0.51     1.24

DEGREE DAYS
 HEATING
  YESTERDAY        0                         0      0        0
  MONTH TO DATE    0                         0      0        0
  SINCE JUN 1      0                         0      0        0
  SINCE JUL 1      0                         0      0        0

 COOLING
  YESTERDAY       35                        30      5       28
  MONTH TO DATE  725                       674     51      642
  SINCE JUN 1   1558                      1395    163     1432
  SINCE JAN 1   2559                      2307    252     2511
..................................................................


WIND (MPH)
  HIGHEST WIND SPEED    38   HIGHEST WIND DIRECTION    SE (150)
  HIGHEST GUST SPEED    44   HIGHEST GUST DIRECTION    SE (140)
  AVERAGE WIND SPEED    14.8


SKY COVER
  AVERAGE SKY COVER 0.1


WEATHER CONDITIONS
 THE FOLLOWING WEATHER WAS RECORDED YESTERDAY.
  NO SIGNIFICANT WEATHER WAS OBSERVED.


RELATIVE HUMIDITY (PERCENT)
 HIGHEST    59
 LOWEST     18
 AVERAGE    39

..........................................................


THE YUMA AZ CLIMATE NORMALS FOR TODAY
                         NORMAL    RECORD    YEAR
 MAXIMUM TEMPERATURE (F)  107       117      2014
                                             1943
 MINIMUM TEMPERATURE (F)   83        65      1913


SUNRISE AND SUNSET
JULY 24 2016..........SUNRISE   548 AM MST   SUNSET   742 PM MST
JULY 25 2016..........SUNRISE   548 AM MST   SUNSET   741 PM MST


-  INDICATES NEGATIVE NUMBERS.
R  INDICATES RECORD WAS SET OR TIED.
MM INDICATES DATA IS MISSING.
T  INDICATES TRACE AMOUNT.

$$
