000
CDUS45 KPSR 100803
CLINYL

CDUS45 KPSR DDHHMM
CLINYL

CLIMATE REPORT
NATIONAL WEATHER SERVICE PHOENIX AZ
102 AM MST WED FEB 10 2016

...................................

...THE YUMA AZ CLIMATE SUMMARY FOR FEBRUARY 9 2016...

CLIMATE NORMAL PERIOD 1981 TO 2010
CLIMATE RECORD PERIOD 1876 TO 2016


WEATHER ITEM   OBSERVED TIME   RECORD YEAR NORMAL DEPARTURE LAST
                VALUE   (LST)  VALUE       VALUE  FROM      YEAR
                                                  NORMAL
..................................................................
TEMPERATURE (F)
 YESTERDAY
  MAXIMUM         85    403 PM  90    2015  73     12       90
  MINIMUM         60   1159 PM  30    1933  49     11       59
  AVERAGE         73                        61     12       75

PRECIPITATION (IN)
  YESTERDAY        0.00          0.40 1901   0.02  -0.02     0.00
  MONTH TO DATE    0.00                      0.12  -0.12     0.00
  SINCE OCT 1      0.63                      1.43  -0.80     0.63
  SINCE JAN 1      0.49                      0.49   0.00     0.19

DEGREE DAYS
 HEATING
  YESTERDAY        0                         5     -5        0
  MONTH TO DATE   54                        45      9        0
  SINCE DEC 1    506                       485     21       39
  SINCE JUL 1    576                       553     23       54

 COOLING
  YESTERDAY        8                         1      7       10
  MONTH TO DATE   15                         8      7       37
  SINCE DEC 1     19                        16      3       39
  SINCE JAN 1     17                        14      3       39
..................................................................


WIND (MPH)
  HIGHEST WIND SPEED    21   HIGHEST WIND DIRECTION     N (360)
  HIGHEST GUST SPEED    26   HIGHEST GUST DIRECTION     N (10)
  AVERAGE WIND SPEED    10.3


SKY COVER
  AVERAGE SKY COVER 0.0


WEATHER CONDITIONS
 THE FOLLOWING WEATHER WAS RECORDED YESTERDAY.
  HAZE


RELATIVE HUMIDITY (PERCENT)
 HIGHEST    29
 LOWEST     10
 AVERAGE    20

..........................................................


THE YUMA AZ CLIMATE NORMALS FOR TODAY
                         NORMAL    RECORD    YEAR
 MAXIMUM TEMPERATURE (F)   73        93      1951
 MINIMUM TEMPERATURE (F)   49        32      1939
                                             1933


SUNRISE AND SUNSET
FEBRUARY 10 2016......SUNRISE   726 AM MST   SUNSET   619 PM MST
FEBRUARY 11 2016......SUNRISE   726 AM MST   SUNSET   620 PM MST


-  INDICATES NEGATIVE NUMBERS.
R  INDICATES RECORD WAS SET OR TIED.
MM INDICATES DATA IS MISSING.
T  INDICATES TRACE AMOUNT.

$$
