000
CDUS45 KPSR 210833
CLINYL

CLIMATE REPORT
NATIONAL WEATHER SERVICE PHOENIX AZ
128 AM MST SAT OCT 21 2017


...................................

...THE YUMA AZ CLIMATE SUMMARY FOR OCTOBER 20 2017...

CLIMATE NORMAL PERIOD 1981 TO 2010
CLIMATE RECORD PERIOD 1876 TO 2017


WEATHER ITEM   OBSERVED TIME   RECORD YEAR NORMAL DEPARTURE LAST
                VALUE   (LST)  VALUE       VALUE  FROM      YEAR
                                                  NORMAL
..................................................................
TEMPERATURE (F)
 YESTERDAY
  MAXIMUM         87    254 PM 105    2003  88     -1       93
  MINIMUM         67   1159 PM  44    1949  63      4       70
  AVERAGE         77                        76      1       82

PRECIPITATION (IN)
  YESTERDAY        0.00          0.14 1886   0.01  -0.01     0.00
  MONTH TO DATE    0.00                      0.15  -0.15     0.00
  SINCE OCT 1      0.00                      0.15  -0.15     0.00
  SINCE JAN 1      2.24                      2.77  -0.53     1.87

DEGREE DAYS
 HEATING
  YESTERDAY        0                         0      0        0
  MONTH TO DATE    0                         0      0        0
  SINCE SEP 1      0                         0      0        0
  SINCE JUL 1      0                         0      0        0

 COOLING
  YESTERDAY       12                        11      1       17
  MONTH TO DATE  316                       291     25      316
  SINCE SEP 1    945                      1012    -67      983
  SINCE JAN 1   4713                      4465    248     4730
..................................................................


WIND (MPH)
  HIGHEST WIND SPEED    30   HIGHEST WIND DIRECTION     W (280)
  HIGHEST GUST SPEED    40   HIGHEST GUST DIRECTION     W (280)
  AVERAGE WIND SPEED    13.4


SKY COVER
  AVERAGE SKY COVER 0.2


WEATHER CONDITIONS
 THE FOLLOWING WEATHER WAS RECORDED YESTERDAY.
  HAZE
  SANDSTORM


RELATIVE HUMIDITY (PERCENT)
 HIGHEST    53
 LOWEST     25
 AVERAGE    39

..........................................................


THE YUMA AZ CLIMATE NORMALS FOR TODAY
                         NORMAL    RECORD    YEAR
 MAXIMUM TEMPERATURE (F)   88       104      2003
 MINIMUM TEMPERATURE (F)   63        42      1920


SUNRISE AND SUNSET
OCTOBER 21 2017.......SUNRISE   647 AM MST   SUNSET   558 PM MST
OCTOBER 22 2017.......SUNRISE   648 AM MST   SUNSET   557 PM MST


-  INDICATES NEGATIVE NUMBERS.
R  INDICATES RECORD WAS SET OR TIED.
MM INDICATES DATA IS MISSING.
T  INDICATES TRACE AMOUNT.

$$
