000
CDUS45 KPSR 270012 RRA
CLINYL

CLIMATE REPORT
NATIONAL WEATHER SERVICE PHOENIX AZ
511 PM MST WED APR 26 2017


...................................

...THE YUMA AZ CLIMATE SUMMARY FOR APRIL 26 2017...
VALID TODAY AS OF 0500 PM LOCAL TIME.

CLIMATE NORMAL PERIOD 1981 TO 2010
CLIMATE RECORD PERIOD 1876 TO 2017


WEATHER ITEM   OBSERVED TIME   RECORD YEAR NORMAL DEPARTURE LAST
                VALUE   (LST)  VALUE       VALUE  FROM      YEAR
                                                  NORMAL
..................................................................
TEMPERATURE (F)
 TODAY
  MAXIMUM         93    425 PM 104    2004  89      4       82
  MINIMUM         61    556 AM  46    1921  62     -1       52
  AVERAGE         77                        76      1       67

PRECIPITATION (IN)
  TODAY            0.00          0.71 1931   0.00   0.00     0.00
  MONTH TO DATE    0.00                      0.14  -0.14     0.31
  SINCE OCT 1      2.51                      2.17   0.34     0.94
  SINCE JAN 1      1.56                      1.23   0.33     0.80

DEGREE DAYS
 HEATING
  TODAY            0                         0      0        0
  MONTH TO DATE    0                        12    -12        1
  SINCE MAR 1     13                        62    -49       22
  SINCE JUL 1    526                       685   -159      598

 COOLING
  TODAY           12                        11      1        2
  MONTH TO DATE  286                       206     80      247
  SINCE MAR 1    516                       323    193      427
  SINCE JAN 1    557                       359    198      563
..................................................................


WIND (MPH)
  HIGHEST WIND SPEED    13   HIGHEST WIND DIRECTION     S (200)
  HIGHEST GUST SPEED    17   HIGHEST GUST DIRECTION     S (190)
  AVERAGE WIND SPEED     4.5


SKY COVER
  AVERAGE SKY COVER 0.4


WEATHER CONDITIONS
 THE FOLLOWING WEATHER WAS RECORDED TODAY.
  NO SIGNIFICANT WEATHER WAS OBSERVED.


RELATIVE HUMIDITY (PERCENT)
 HIGHEST    60
 LOWEST     10
 AVERAGE    35

..........................................................


THE YUMA AZ CLIMATE NORMALS FOR TOMORROW
                         NORMAL    RECORD    YEAR
 MAXIMUM TEMPERATURE (F)   90       104      1992
 MINIMUM TEMPERATURE (F)   63        46      1955


SUNRISE AND SUNSET
APRIL 26 2017.........SUNRISE   556 AM MST   SUNSET   717 PM MST
APRIL 27 2017.........SUNRISE   555 AM MST   SUNSET   717 PM MST


-  INDICATES NEGATIVE NUMBERS.
R  INDICATES RECORD WAS SET OR TIED.
MM INDICATES DATA IS MISSING.
T  INDICATES TRACE AMOUNT.

$$
