000
CDUS45 KPSR 140825
CLINYL

CLIMATE REPORT
NATIONAL WEATHER SERVICE PHOENIX AZ
123 AM MST THU DEC 14 2017


...................................

...THE YUMA AZ CLIMATE SUMMARY FOR DECEMBER 13 2017...

CLIMATE NORMAL PERIOD 1981 TO 2010
CLIMATE RECORD PERIOD 1876 TO 2017


WEATHER ITEM   OBSERVED TIME   RECORD YEAR NORMAL DEPARTURE LAST
                VALUE   (LST)  VALUE       VALUE  FROM      YEAR
                                                  NORMAL
..................................................................
TEMPERATURE (F)
 YESTERDAY
  MAXIMUM         79    349 PM  83    2010  68     11       77
  MINIMUM         51    806 AM  29    1878  46      5       52
  AVERAGE         65                        57      8       65

PRECIPITATION (IN)
  YESTERDAY        0.00          1.12 2011   0.02  -0.02     0.00
  MONTH TO DATE    0.00                      0.19  -0.19     0.00
  SINCE OCT 1      0.07                      0.62  -0.55     0.04
  SINCE JAN 1      2.31                      3.24  -0.93     1.91

DEGREE DAYS
 HEATING
  YESTERDAY        0                         8     -8        0
  MONTH TO DATE   26                        88    -62       56
  SINCE DEC 1     26                        88    -62       56
  SINCE JUL 1     27                       156   -129      102

 COOLING
  YESTERDAY        0                         0      0        0
  MONTH TO DATE   13                         0     13        0
  SINCE DEC 1     13                         0     13        0
  SINCE JAN 1   5068                      4649    419     5073
..................................................................


WIND (MPH)
  HIGHEST WIND SPEED    14   HIGHEST WIND DIRECTION     N (360)
  HIGHEST GUST SPEED    17   HIGHEST GUST DIRECTION     N (10)
  AVERAGE WIND SPEED     5.8


SKY COVER
  AVERAGE SKY COVER 0.1


WEATHER CONDITIONS
 THE FOLLOWING WEATHER WAS RECORDED YESTERDAY.
  NO SIGNIFICANT WEATHER WAS OBSERVED.


RELATIVE HUMIDITY (PERCENT)
 HIGHEST    22
 LOWEST      5
 AVERAGE    14

..........................................................


THE YUMA AZ CLIMATE NORMALS FOR TODAY
                         NORMAL    RECORD    YEAR
 MAXIMUM TEMPERATURE (F)   68        82      1952
 MINIMUM TEMPERATURE (F)   46        24      1901


SUNRISE AND SUNSET
DECEMBER 14 2017......SUNRISE   733 AM MST   SUNSET   534 PM MST
DECEMBER 15 2017......SUNRISE   733 AM MST   SUNSET   534 PM MST


-  INDICATES NEGATIVE NUMBERS.
R  INDICATES RECORD WAS SET OR TIED.
MM INDICATES DATA IS MISSING.
T  INDICATES TRACE AMOUNT.

$$
