000
CDUS45 KPSR 250820 RRA
CLINYL

CLIMATE REPORT
NATIONAL WEATHER SERVICE PHOENIX AZ
119 AM MST SAT MAR 25 2017


...................................

...THE YUMA AZ CLIMATE SUMMARY FOR MARCH 24 2017...

CLIMATE NORMAL PERIOD 1981 TO 2010
CLIMATE RECORD PERIOD 1876 TO 2017


WEATHER ITEM   OBSERVED TIME   RECORD YEAR NORMAL DEPARTURE LAST
                VALUE   (LST)  VALUE       VALUE  FROM      YEAR
                                                  NORMAL
..................................................................
TEMPERATURE (F)
 YESTERDAY
  MAXIMUM         81    450 PM  96    2008  82     -1       85
  MINIMUM         53    703 AM  34    1898  55     -2       55
  AVERAGE         67                        68     -1       70

PRECIPITATION (IN)
  YESTERDAY        0.00          0.21 1902   0.01  -0.01     0.00
  MONTH TO DATE    0.19                      0.27  -0.08     0.00
  SINCE OCT 1      2.51                      1.97   0.54     0.63
  SINCE JAN 1      1.56                      1.03   0.53     0.49

DEGREE DAYS
 HEATING
  YESTERDAY        0                         1     -1        0
  MONTH TO DATE   13                        44    -31       11
  SINCE MAR 1     13                        44    -31       11
  SINCE JUL 1    526                       667   -141      587

 COOLING
  YESTERDAY        2                         5     -3        5
  MONTH TO DATE  185                        82    103      154
  SINCE MAR 1    185                        82    103      154
  SINCE JAN 1    226                       118    108      290
..................................................................


WIND (MPH)
  HIGHEST WIND SPEED    10   HIGHEST WIND DIRECTION    SW (220)
  HIGHEST GUST SPEED    14   HIGHEST GUST DIRECTION    SW (240)
  AVERAGE WIND SPEED     4.4


SKY COVER
  AVERAGE SKY COVER 0.0


WEATHER CONDITIONS
 THE FOLLOWING WEATHER WAS RECORDED YESTERDAY.
  NO SIGNIFICANT WEATHER WAS OBSERVED.


RELATIVE HUMIDITY (PERCENT)
 HIGHEST    66
 LOWEST     15
 AVERAGE    41

..........................................................


THE YUMA AZ CLIMATE NORMALS FOR TODAY
                         NORMAL    RECORD    YEAR
 MAXIMUM TEMPERATURE (F)   82        99      1896
 MINIMUM TEMPERATURE (F)   56        36      1902


SUNRISE AND SUNSET
MARCH 25 2017.........SUNRISE   635 AM MST   SUNSET   654 PM MST
MARCH 26 2017.........SUNRISE   634 AM MST   SUNSET   655 PM MST


-  INDICATES NEGATIVE NUMBERS.
R  INDICATES RECORD WAS SET OR TIED.
MM INDICATES DATA IS MISSING.
T  INDICATES TRACE AMOUNT.

$$
