000
CDUS46 KMTR 290841
CLIOAK


CLIMATE REPORT
NATIONAL WEATHER SERVICE SAN FRANCISCO BAY AREA
141 AM PDT SUN MAY 29 2016


...................................

...THE OAKLAND AIRPORT CLIMATE SUMMARY FOR MAY 28 2016...

CLIMATE NORMAL PERIOD 1981 TO 2010
CLIMATE RECORD PERIOD 1948 TO 2016


WEATHER ITEM   OBSERVED TIME   RECORD YEAR NORMAL DEPARTURE LAST
                VALUE   (LST)  VALUE       VALUE  FROM      YEAR
                                                  NORMAL
..................................................................
TEMPERATURE (F)
 YESTERDAY
  MAXIMUM         82   1255 PM  96    1975  68     14       63
  MINIMUM         56    506 AM  47    1959  52      4       52
  AVERAGE         69                        60      9       58

PRECIPITATION (IN)
  YESTERDAY        0.00          0.20 2011   0.02  -0.02      T
  MONTH TO DATE    0.02                      0.64  -0.62      T
  SINCE OCT 1     16.56                     20.31  -3.75    14.39
  SINCE JAN 1     11.34                     13.00  -1.66     3.17

SNOWFALL (IN)
  YESTERDAY        0.0                                       0.0
  MONTH TO DATE    0.0                                       0.0
  SINCE MAR 1      0.0                                       0.0
  SINCE JUL 1      0.0                                       0.0

DEGREE DAYS
 HEATING
  YESTERDAY        0                         5     -5        7
  MONTH TO DATE   80                       167    -87      191
  SINCE MAR 1    415                       731   -316      603
  SINCE JUL 1   1890                      2753   -863     1912

 COOLING
  YESTERDAY        4                         0      4        0
  MONTH TO DATE   14                         0     14        0
  SINCE MAR 1     32                         6     26        4
  SINCE JAN 1     33                         6     27        4
..................................................................


WIND (MPH)
  RESULTANT WIND SPEED   7   RESULTANT WIND DIRECTION   W (290)
  HIGHEST WIND SPEED    17   HIGHEST WIND DIRECTION    NW (300)
  HIGHEST GUST SPEED    20   HIGHEST GUST DIRECTION     W (290)
  AVERAGE WIND SPEED     7.2


SKY COVER
  POSSIBLE SUNSHINE  MM
  AVERAGE SKY COVER 0.5


WEATHER CONDITIONS
 THE FOLLOWING WEATHER WAS RECORDED YESTERDAY.
  NO SIGNIFICANT WEATHER WAS OBSERVED.


RELATIVE HUMIDITY (PERCENT)
 HIGHEST    86           500 AM
 LOWEST     28          1200 PM
 AVERAGE    57

..........................................................


THE OAKLAND AIRPORT CLIMATE NORMALS FOR TODAY
                         NORMAL    RECORD    YEAR
 MAXIMUM TEMPERATURE (F)   68        98      1975
 MINIMUM TEMPERATURE (F)   52        47      2000


SUNRISE AND SUNSET
MAY 29 2016...........SUNRISE   550 AM PDT   SUNSET   823 PM PDT
MAY 30 2016...........SUNRISE   549 AM PDT   SUNSET   824 PM PDT


-  INDICATES NEGATIVE NUMBERS.
R  INDICATES RECORD WAS SET OR TIED.
MM INDICATES DATA IS MISSING.
T  INDICATES TRACE AMOUNT.




$$
