000
CDUS46 KMTR 260845
CLIOAK


CLIMATE REPORT
NATIONAL WEATHER SERVICE SAN FRANCISCO BAY AREA
145 AM PDT TUE MAY 26 2015


...................................

...THE OAKLAND AIRPORT CLIMATE SUMMARY FOR MAY 25 2015...

CLIMATE NORMAL PERIOD 1981 TO 2010
CLIMATE RECORD PERIOD 1948 TO 2015


WEATHER ITEM   OBSERVED TIME   RECORD YEAR NORMAL DEPARTURE LAST
                VALUE   (LST)  VALUE       VALUE  FROM      YEAR
                                                  NORMAL
..................................................................
TEMPERATURE (F)
 YESTERDAY
  MAXIMUM         63    314 PM  94    1951  68     -5       73
  MINIMUM         52    723 AM  45    1955  52      0       56
  AVERAGE         58                        60     -2       65

PRECIPITATION (IN)
  YESTERDAY        T             0.29 2010   0.02  -0.02     0.00
  MONTH TO DATE    T                         0.60  -0.60      T
  SINCE OCT 1     14.39                     20.27  -5.88     9.44
  SINCE JAN 1      3.17                     12.96  -9.79     7.98

SNOWFALL (IN)
  YESTERDAY        0.0                                       0.0
  MONTH TO DATE    0.0                                       0.0
  SINCE MAR 1      0.0                                       0.0
  SINCE JUL 1      0.0                                       0.0

DEGREE DAYS
 HEATING
  YESTERDAY        7                         5      2        0
  MONTH TO DATE  171                       152     19       61
  SINCE MAR 1    583                       716   -133      427
  SINCE JUL 1   1892                      2738   -846     2248

 COOLING
  YESTERDAY        0                         0      0        0
  MONTH TO DATE    0                         0      0       31
  SINCE MAR 1      4                         6     -2       44
  SINCE JAN 1      4                         6     -2       44
..................................................................


WIND (MPH)
  RESULTANT WIND SPEED  12   RESULTANT WIND DIRECTION   W (260)
  HIGHEST WIND SPEED    20   HIGHEST WIND DIRECTION     W (280)
  HIGHEST GUST SPEED    24   HIGHEST GUST DIRECTION     W (280)
  AVERAGE WIND SPEED    11.6


SKY COVER
  POSSIBLE SUNSHINE  MM
  AVERAGE SKY COVER 0.9


WEATHER CONDITIONS
 THE FOLLOWING WEATHER WAS RECORDED YESTERDAY.
  LIGHT RAIN


RELATIVE HUMIDITY (PERCENT)
 HIGHEST    89           100 AM
 LOWEST     60           200 PM
 AVERAGE    75

..........................................................


THE OAKLAND AIRPORT CLIMATE NORMALS FOR TODAY
                         NORMAL    RECORD    YEAR
 MAXIMUM TEMPERATURE (F)   68        86      1974
 MINIMUM TEMPERATURE (F)   52        44      1953


SUNRISE AND SUNSET
MAY 26 2015...........SUNRISE   552 AM PDT   SUNSET   821 PM PDT
MAY 27 2015...........SUNRISE   551 AM PDT   SUNSET   821 PM PDT


-  INDICATES NEGATIVE NUMBERS.
R  INDICATES RECORD WAS SET OR TIED.
MM INDICATES DATA IS MISSING.
T  INDICATES TRACE AMOUNT.




$$
