000
CDUS46 KMTR 170825
CLIOAK


CLIMATE REPORT
NATIONAL WEATHER SERVICE SAN FRANCISCO BAY AREA
125 AM PDT TUE OCT 17 2017


...................................

...THE OAKLAND AIRPORT CLIMATE SUMMARY FOR OCTOBER 16 2017...

CLIMATE NORMAL PERIOD 1981 TO 2010
CLIMATE RECORD PERIOD 1948 TO 2017


WEATHER ITEM   OBSERVED TIME   RECORD YEAR NORMAL DEPARTURE LAST
                VALUE   (LST)  VALUE       VALUE  FROM      YEAR
                                                  NORMAL
..................................................................
TEMPERATURE (F)
 YESTERDAY
  MAXIMUM         79    358 PM  90    1961  70      9       67
  MINIMUM         46    430 AM  45    2000  52     -6       63
  AVERAGE         63                        61      2       65

PRECIPITATION (IN)
  YESTERDAY        0.00          1.59 1984   0.03  -0.03     0.84
  MONTH TO DATE    0.00                      0.43  -0.43     1.62
  SINCE OCT 1      0.00                      0.43  -0.43     1.62
  SINCE JAN 1     20.12                     13.93   6.19    12.96

SNOWFALL (IN)
  YESTERDAY        0.0                                       0.0
  MONTH TO DATE    0.0                                       0.0
  SINCE SEP 1      0.0                                       0.0
  SINCE JUL 1      0.0                                       0.0

DEGREE DAYS
 HEATING
  YESTERDAY        2                         5     -3        0
  MONTH TO DATE   48                        62    -14       36
  SINCE SEP 1     69                       122    -53       73
  SINCE JUL 1    121                       262   -141      129

 COOLING
  YESTERDAY        0                         0      0        0
  MONTH TO DATE    1                        12    -11        7
  SINCE SEP 1    123                        57     66       63
  SINCE JAN 1    291                       137    154      161
..................................................................


WIND (MPH)
  RESULTANT WIND SPEED   3   RESULTANT WIND DIRECTION   W (280)
  HIGHEST WIND SPEED    12   HIGHEST WIND DIRECTION    NW (300)
  HIGHEST GUST SPEED    13   HIGHEST GUST DIRECTION    NW (300)
  AVERAGE WIND SPEED     4.1


SKY COVER
  POSSIBLE SUNSHINE  MM
  AVERAGE SKY COVER 0.5


WEATHER CONDITIONS
 THE FOLLOWING WEATHER WAS RECORDED YESTERDAY.
  NO SIGNIFICANT WEATHER WAS OBSERVED.


RELATIVE HUMIDITY (PERCENT)
 HIGHEST    80           700 AM
 LOWEST     31           600 PM
 AVERAGE    56

..........................................................


THE OAKLAND AIRPORT CLIMATE NORMALS FOR TODAY
                         NORMAL    RECORD    YEAR
 MAXIMUM TEMPERATURE (F)   70        84      2011
                                             2008
                                             1974
 MINIMUM TEMPERATURE (F)   51        44      1949


SUNRISE AND SUNSET
OCTOBER 17 2017.......SUNRISE   719 AM PDT   SUNSET   628 PM PDT
OCTOBER 18 2017.......SUNRISE   720 AM PDT   SUNSET   627 PM PDT


-  INDICATES NEGATIVE NUMBERS.
R  INDICATES RECORD WAS SET OR TIED.
MM INDICATES DATA IS MISSING.
T  INDICATES TRACE AMOUNT.




$$
