000
CDUS46 KMTR 290039
CLIOAK


CLIMATE REPORT
NATIONAL WEATHER SERVICE SAN FRANCISCO BAY AREA
538 PM PDT FRI AUG 28 2015


...................................

...THE OAKLAND AIRPORT CLIMATE SUMMARY FOR AUGUST 28 2015...
VALID TODAY AS OF 0500 PM LOCAL TIME.

CLIMATE NORMAL PERIOD 1981 TO 2010
CLIMATE RECORD PERIOD 1948 TO 2015


WEATHER ITEM   OBSERVED TIME   RECORD YEAR NORMAL DEPARTURE LAST
                VALUE   (LST)  VALUE       VALUE  FROM      YEAR
                                                  NORMAL
..................................................................
TEMPERATURE (F)
 TODAY
  MAXIMUM         91    137 PM  94    2009  75     16       75
  MINIMUM         62    456 AM  52    2005  56      6       60
  AVERAGE         77                        65     12       68

PRECIPITATION (IN)
  TODAY            0.00          0.01 2001   0.01  -0.01     0.00
  MONTH TO DATE    T                         0.04  -0.04      T
  SINCE OCT 1     14.58                     20.58  -6.00     9.45
  SINCE JAN 1      3.36                     13.27  -9.91     7.99

SNOWFALL (IN)
  TODAY            0.0           0.0  1985
  MONTH TO DATE    0.0
  SINCE JUN 1      0.0
  SINCE JUL 1      0.0

DEGREE DAYS
 HEATING
  TODAY            0                         2     -2        0
  MONTH TO DATE    0                        56    -56        4
  SINCE JUN 1     64                       242   -178       96
  SINCE JUL 1      2                       139   -137       25

 COOLING
  TODAY           12                         2     10        3
  MONTH TO DATE  108                        22     86       54
  SINCE JUN 1    203                        58    145      143
  SINCE JAN 1    207                        74    133      187
..................................................................


WIND (MPH)
  RESULTANT WIND SPEED   4   RESULTANT WIND DIRECTION  NW (300)
  HIGHEST WIND SPEED    24   HIGHEST WIND DIRECTION     W (280)
  HIGHEST GUST SPEED    26   HIGHEST GUST DIRECTION     W (280)
  AVERAGE WIND SPEED     6.5


SKY COVER
  POSSIBLE SUNSHINE  MM
  AVERAGE SKY COVER 0.5


WEATHER CONDITIONS
 THE FOLLOWING WEATHER WAS RECORDED TODAY.
  NO SIGNIFICANT WEATHER WAS OBSERVED.


RELATIVE HUMIDITY (PERCENT)
 HIGHEST    78           400 AM
 LOWEST     32           200 PM
 AVERAGE    55

..........................................................


THE OAKLAND AIRPORT CLIMATE NORMALS FOR TOMORROW
                         NORMAL    RECORD    YEAR
 MAXIMUM TEMPERATURE (F)   75        90      2009
                                             2008
                                             1977
 MINIMUM TEMPERATURE (F)   56        50      2012


SUNRISE AND SUNSET
AUGUST 28 2015........SUNRISE   635 AM PDT   SUNSET   744 PM PDT
AUGUST 29 2015........SUNRISE   636 AM PDT   SUNSET   743 PM PDT


-  INDICATES NEGATIVE NUMBERS.
R  INDICATES RECORD WAS SET OR TIED.
MM INDICATES DATA IS MISSING.
T  INDICATES TRACE AMOUNT.




$$
