000
CDUS43 KOAX 232226
CLIOAX


CLIMATE REPORT
NATIONAL WEATHER SERVICE OMAHA NEBRASKA
425 PM CST MON JAN 23 2017


...................................

...THE VALLEY  NWS, NEBRASKA CLIMATE SUMMARY FOR JANUARY 23 2017...
VALID TODAY AS OF 0400 PM LOCAL TIME.

CLIMATE NORMAL PERIOD 1981 TO 2010
CLIMATE RECORD PERIOD 1997 TO 2017


WEATHER ITEM   OBSERVED TIME   NORMAL DEPARTURE LAST
                VALUE   (LST)  VALUE  FROM      YEAR
                                      NORMAL
......................................................
TEMPERATURE (F)
 TODAY
  MAXIMUM         38    318 PM  33      5       29
  MINIMUM         30   1205 AM  14     16       18
  AVERAGE         34            23     11       24

PRECIPITATION (IN)
  TODAY            0.00          0.03  -0.03      T
  MONTH TO DATE    0.84          0.54   0.30     0.70
  SINCE DEC 1      2.15          1.65   0.50     5.81
  SINCE JAN 1      0.84          0.54   0.30     0.70

SNOWFALL (IN)
  TODAY            0.0                            T
  MONTH TO DATE    0.5                           5.7
  SINCE JUL 1      3.1                          18.1
  SNOW DEPTH       0

DEGREE DAYS
 HEATING
  TODAY           31            42    -11       41
  MONTH TO DATE  896           966    -70      984
  SINCE DEC 1   2074          2176   -102     1948
  SINCE JUL 1   2863          3446   -583     2833

 COOLING
  TODAY            0             0      0        0
  MONTH TO DATE    0             0      0        0
  SINCE DEC 1      0             0      0        0
  SINCE JAN 1      0             0      0        0
......................................................


WIND (MPH)
  HIGHEST WIND SPEED    MM   HIGHEST WIND DIRECTION    MM
  HIGHEST GUST SPEED    20   HIGHEST GUST DIRECTION    MM



WEATHER CONDITIONS
 THE FOLLOWING WEATHER WAS RECORDED TODAY.
  NO SIGNIFICANT WEATHER WAS OBSERVED.


..........................................................


THE VALLEY  NWS, NEBRASKA CLIMATE NORMALS FOR TOMORROW
                         NORMAL
 MAXIMUM TEMPERATURE (F)   33
 MINIMUM TEMPERATURE (F)   14


SUNRISE AND SUNSET
JANUARY 23 2017.......SUNRISE   744 AM CST   SUNSET   531 PM CST
JANUARY 24 2017.......SUNRISE   743 AM CST   SUNSET   532 PM CST


-  INDICATES NEGATIVE NUMBERS.
R  INDICATES RECORD WAS SET OR TIED.
MM INDICATES DATA IS MISSING.
T  INDICATES TRACE AMOUNT.




$$
