000
CDUS43 KOAX 250639
CLIOAX


CLIMATE REPORT
NATIONAL WEATHER SERVICE OMAHA NEBRASKA
1237 AM CST THU DEC 25 2014


...................................

...THE VALLEY  NWS, NEBRASKA CLIMATE SUMMARY FOR DECEMBER 24 2014...

CLIMATE NORMAL PERIOD 1981 TO 2010
CLIMATE RECORD PERIOD 1997 TO 2014


WEATHER ITEM   OBSERVED TIME   NORMAL DEPARTURE LAST
                VALUE   (LST)  VALUE  FROM      YEAR
                                      NORMAL
......................................................
TEMPERATURE (F)
 YESTERDAY
  MAXIMUM         34   1258 AM  32      2       25
  MINIMUM         29   1247 PM  15     14        2
  AVERAGE         32            24      8       14

PRECIPITATION (IN)
  YESTERDAY        T             0.03  -0.03      T
  MONTH TO DATE    1.81          0.91   0.90     0.18
  SINCE DEC 1      1.81          0.91   0.90     0.18
  SINCE JAN 1     38.29         32.44   5.85    29.09

SNOWFALL (IN)
  YESTERDAY        T                              T
  MONTH TO DATE    0.1                           3.4
  SINCE JUL 1      3.1                           4.1
  SNOW DEPTH       0

DEGREE DAYS
 HEATING
  YESTERDAY       33            41     -8       51
  MONTH TO DATE  734           918   -184     1053
  SINCE DEC 1    734           918   -184     1053
  SINCE JUL 1   2051          2188   -137     2272

 COOLING
  YESTERDAY        0             0      0        0
  MONTH TO DATE    0             0      0        0
  SINCE DEC 1      0             0      0        0
  SINCE JAN 1   1039          1075    -36     1237
......................................................


WIND (MPH)
  HIGHEST WIND SPEED    MM   HIGHEST WIND DIRECTION    MM
  HIGHEST GUST SPEED    31   HIGHEST GUST DIRECTION    MM


SKY COVER
  POSSIBLE SUNSHINE  MM


WEATHER CONDITIONS
 THE FOLLOWING WEATHER WAS RECORDED YESTERDAY.
  MIXED PRECIP
  LIGHT RAIN
  LIGHT SNOW
  FOG


..........................................................


THE VALLEY  NWS, NEBRASKA CLIMATE NORMALS FOR TODAY
                         NORMAL
 MAXIMUM TEMPERATURE (F)   32
 MINIMUM TEMPERATURE (F)   15


SUNRISE AND SUNSET
DECEMBER 25 2014......SUNRISE   750 AM CST   SUNSET   502 PM CST
DECEMBER 26 2014......SUNRISE   750 AM CST   SUNSET   502 PM CST


-  INDICATES NEGATIVE NUMBERS.
R  INDICATES RECORD WAS SET OR TIED.
MM INDICATES DATA IS MISSING.
T  INDICATES TRACE AMOUNT.




$$
