926
CDUS43 KOAX 170631
CLIOAX


CLIMATE REPORT
NATIONAL WEATHER SERVICE OMAHA NEBRASKA
130 AM CDT THU AUG 17 2017


...................................

...THE VALLEY  NWS, NEBRASKA CLIMATE SUMMARY FOR AUGUST 16 2017...

CLIMATE NORMAL PERIOD 1981 TO 2010
CLIMATE RECORD PERIOD 1997 TO 2017


WEATHER ITEM   OBSERVED TIME   NORMAL DEPARTURE LAST
                VALUE   (LST)  VALUE  FROM      YEAR
                                      NORMAL
......................................................
TEMPERATURE (F)
 YESTERDAY
  MAXIMUM         79    228 PM  84     -5       84
  MINIMUM         65   1128 PM  64      1       67
  AVERAGE         72            74     -2       76

PRECIPITATION (IN)
  YESTERDAY        0.52          0.15   0.37     0.56
  MONTH TO DATE    2.71          2.06   0.65     2.64
  SINCE JUN 1      8.30         11.60  -3.30    15.84
  SINCE JAN 1     23.65         22.92   0.73    32.34

SNOWFALL (IN)
  YESTERDAY        0.0                           0.0
  MONTH TO DATE    0.0                           0.0
  SINCE JUL 1      0.0                           0.0
  SNOW DEPTH       0

DEGREE DAYS
 HEATING
  YESTERDAY        0             0      0        0
  MONTH TO DATE    0             0      0        0
  SINCE JUN 1      0            17    -17        0
  SINCE JUL 1      0             1     -1        0

 COOLING
  YESTERDAY        7             9     -2       11
  MONTH TO DATE   98           167    -69      184
  SINCE JUN 1    841           760     81      928
  SINCE JAN 1    905           832     73      981
......................................................


WIND (MPH)
  HIGHEST WIND SPEED    MM   HIGHEST WIND DIRECTION    MM
  HIGHEST GUST SPEED    24   HIGHEST GUST DIRECTION    MM


SKY COVER
  POSSIBLE SUNSHINE  MM


WEATHER CONDITIONS
 THE FOLLOWING WEATHER WAS RECORDED YESTERDAY.
  HEAVY RAIN
  RAIN
  LIGHT RAIN


..........................................................


THE VALLEY  NWS, NEBRASKA CLIMATE NORMALS FOR TODAY
                         NORMAL
 MAXIMUM TEMPERATURE (F)   84
 MINIMUM TEMPERATURE (F)   64


SUNRISE AND SUNSET
AUGUST 17 2017........SUNRISE   637 AM CDT   SUNSET   821 PM CDT
AUGUST 18 2017........SUNRISE   638 AM CDT   SUNSET   820 PM CDT


-  INDICATES NEGATIVE NUMBERS.
R  INDICATES RECORD WAS SET OR TIED.
MM INDICATES DATA IS MISSING.
T  INDICATES TRACE AMOUNT.




$$
