000
CDUS43 KOAX 200636
CLIOAX


CLIMATE REPORT
NATIONAL WEATHER SERVICE OMAHA NEBRASKA
1234 AM CST MON FEB 20 2017


...................................

...THE VALLEY  NWS, NEBRASKA CLIMATE SUMMARY FOR FEBRUARY 19 2017...

CLIMATE NORMAL PERIOD 1981 TO 2010
CLIMATE RECORD PERIOD 1997 TO 2017


WEATHER ITEM   OBSERVED TIME   NORMAL DEPARTURE LAST
                VALUE   (LST)  VALUE  FROM      YEAR
                                      NORMAL
......................................................
TEMPERATURE (F)
 YESTERDAY
  MAXIMUM         70    314 PM  38     32       64
  MINIMUM         41    200 AM  19     22       44
  AVERAGE         56            28     28       54

PRECIPITATION (IN)
  YESTERDAY        0.00          0.04  -0.04     0.00
  MONTH TO DATE    0.29          0.61  -0.32     0.94
  SINCE DEC 1      2.55          2.51   0.04     6.80
  SINCE JAN 1      1.24          1.40  -0.16     1.69

SNOWFALL (IN)
  YESTERDAY        0.0                           0.0
  MONTH TO DATE    4.0                           9.1
  SINCE JUL 1      9.0                          27.9
  SNOW DEPTH       0

DEGREE DAYS
 HEATING
  YESTERDAY        9            37    -28       11
  MONTH TO DATE  539           741   -202      662
  SINCE DEC 1   2873          3245   -372     2868
  SINCE JUL 1   3662          4515   -853     3753

 COOLING
  YESTERDAY        0             0      0        0
  MONTH TO DATE    0             0      0        0
  SINCE DEC 1      0             0      0        0
  SINCE JAN 1      0             0      0        0
......................................................


WIND (MPH)
  HIGHEST WIND SPEED    MM   HIGHEST WIND DIRECTION    MM
  HIGHEST GUST SPEED    26   HIGHEST GUST DIRECTION    MM


SKY COVER
  POSSIBLE SUNSHINE  MM


WEATHER CONDITIONS
 THE FOLLOWING WEATHER WAS RECORDED YESTERDAY.
  NO SIGNIFICANT WEATHER WAS OBSERVED.


..........................................................


THE VALLEY  NWS, NEBRASKA CLIMATE NORMALS FOR TODAY
                         NORMAL
 MAXIMUM TEMPERATURE (F)   38
 MINIMUM TEMPERATURE (F)   19


SUNRISE AND SUNSET
FEBRUARY 20 2017......SUNRISE   713 AM CST   SUNSET   606 PM CST
FEBRUARY 21 2017......SUNRISE   711 AM CST   SUNSET   607 PM CST


-  INDICATES NEGATIVE NUMBERS.
R  INDICATES RECORD WAS SET OR TIED.
MM INDICATES DATA IS MISSING.
T  INDICATES TRACE AMOUNT.




$$
