000
CDUS43 KOAX 142231
CLIOAX


CLIMATE REPORT
NATIONAL WEATHER SERVICE OMAHA NEBRASKA
430 PM CST THU DEC 14 2017


...................................

...THE VALLEY  NWS, NEBRASKA CLIMATE SUMMARY FOR DECEMBER 14 2017...
VALID TODAY AS OF 0400 PM LOCAL TIME.

CLIMATE NORMAL PERIOD 1981 TO 2010
CLIMATE RECORD PERIOD 1997 TO 2017


WEATHER ITEM   OBSERVED TIME   NORMAL DEPARTURE LAST
                VALUE   (LST)  VALUE  FROM      YEAR
                                      NORMAL
......................................................
TEMPERATURE (F)
 TODAY
  MAXIMUM         42    209 PM  35      7       25
  MINIMUM         34    640 AM  17     17        9
  AVERAGE         38            26     12       17

PRECIPITATION (IN)
  TODAY            T             0.03  -0.03     0.00
  MONTH TO DATE    T             0.58  -0.58     0.29
  SINCE DEC 1      T             0.58  -0.58     0.29
  SINCE JAN 1     36.14         32.11   4.03    43.04

SNOWFALL (IN)
  TODAY            0.0                           0.0
  MONTH TO DATE    T                             1.2
  SINCE JUL 1      T                             1.2
  SNOW DEPTH       0

DEGREE DAYS
 HEATING
  TODAY           27            39    -12       48
  MONTH TO DATE  395           514   -119      548
  SINCE DEC 1    395           514   -119      548
  SINCE JUL 1   1470          1784   -314     1337

 COOLING
  TODAY            0             0      0        0
  MONTH TO DATE    0             0      0        0
  SINCE DEC 1      0             0      0        0
  SINCE JAN 1   1205          1075    130     1284
......................................................


WIND (MPH)
  HIGHEST WIND SPEED    MM   HIGHEST WIND DIRECTION    MM
  HIGHEST GUST SPEED    25   HIGHEST GUST DIRECTION    MM



WEATHER CONDITIONS
 THE FOLLOWING WEATHER WAS RECORDED TODAY.
  NO SIGNIFICANT WEATHER WAS OBSERVED.


..........................................................


THE VALLEY  NWS, NEBRASKA CLIMATE NORMALS FOR TOMORROW
                         NORMAL
 MAXIMUM TEMPERATURE (F)   34
 MINIMUM TEMPERATURE (F)   17


SUNRISE AND SUNSET
DECEMBER 14 2017......SUNRISE   744 AM CST   SUNSET   457 PM CST
DECEMBER 15 2017......SUNRISE   744 AM CST   SUNSET   457 PM CST


-  INDICATES NEGATIVE NUMBERS.
R  INDICATES RECORD WAS SET OR TIED.
MM INDICATES DATA IS MISSING.
T  INDICATES TRACE AMOUNT.




$$
