000
CDUS43 KOAX 051111 CCA
CLIOAX

CLIMATE REPORT...CORRECTION
NATIONAL WEATHER SERVICE OMAHA NEBRASKA
1226 AM CST THU MAR 5 2015

...CORRECTED TIME OF HIGH TEMPERATURE...

...................................

...THE VALLEY  NWS, NEBRASKA CLIMATE SUMMARY FOR MARCH 4 2015...

CLIMATE NORMAL PERIOD 1981 TO 2010
CLIMATE RECORD PERIOD 1997 TO 2015


WEATHER ITEM   OBSERVED TIME   NORMAL DEPARTURE LAST
                VALUE   (LST)  VALUE  FROM      YEAR
                                      NORMAL
......................................................
TEMPERATURE (F)
 YESTERDAY
  MAXIMUM         30    208 PM  43    -13       37
  MINIMUM          8   1159 PM  23    -15       12
  AVERAGE         19            33    -14       25

PRECIPITATION (IN)
  YESTERDAY        0.02          0.04  -0.02     0.00
  MONTH TO DATE    0.02          0.19  -0.17     0.06
  SINCE MAR 1      0.02          0.19  -0.17     0.06
  SINCE JAN 1      1.59          1.90  -0.31     1.10

SNOWFALL (IN)
  YESTERDAY        0.2                           0.0
  MONTH TO DATE    0.2                           1.2
  SINCE JUL 1     19.1                          16.6
  SNOW DEPTH       T

DEGREE DAYS
 HEATING
  YESTERDAY       46            32     14       40
  MONTH TO DATE  155           130     25      222
  SINCE MAR 1    155           130     25      222
  SINCE JUL 1   4884          4961    -77     5282

 COOLING
  YESTERDAY        0             0      0        0
  MONTH TO DATE    0             0      0        0
  SINCE MAR 1      0             0      0        0
  SINCE JAN 1      0             0      0        0
......................................................


WIND (MPH)
  HIGHEST WIND SPEED    MM   HIGHEST WIND DIRECTION    MM
  HIGHEST GUST SPEED    36   HIGHEST GUST DIRECTION    MM


SKY COVER
  POSSIBLE SUNSHINE  MM


WEATHER CONDITIONS
 THE FOLLOWING WEATHER WAS RECORDED YESTERDAY.
  LIGHT SNOW


..........................................................


THE VALLEY  NWS, NEBRASKA CLIMATE NORMALS FOR TODAY
                         NORMAL
 MAXIMUM TEMPERATURE (F)   43
 MINIMUM TEMPERATURE (F)   24


SUNRISE AND SUNSET
MARCH  5 2015.........SUNRISE   654 AM CST   SUNSET   621 PM CST
MARCH  6 2015.........SUNRISE   652 AM CST   SUNSET   622 PM CST


-  INDICATES NEGATIVE NUMBERS.
R  INDICATES RECORD WAS SET OR TIED.
MM INDICATES DATA IS MISSING.
T  INDICATES TRACE AMOUNT.




$$

COR BY KLISH
