000
CDUS43 KOAX 100628
CLIOAX


CLIMATE REPORT
NATIONAL WEATHER SERVICE OMAHA NEBRASKA
1228 AM CST WED FEB 10 2016


...................................

...THE VALLEY  NWS, NEBRASKA CLIMATE SUMMARY FOR FEBRUARY 9 2016...

CLIMATE NORMAL PERIOD 1981 TO 2010
CLIMATE RECORD PERIOD 1997 TO 2016


WEATHER ITEM   OBSERVED TIME   NORMAL DEPARTURE LAST
                VALUE   (LST)  VALUE  FROM      YEAR
                                      NORMAL
......................................................
TEMPERATURE (F)
 YESTERDAY
  MAXIMUM         25    428 PM  35    -10       37
  MINIMUM         13    728 AM  16     -3       32
  AVERAGE         19            26     -7       35

PRECIPITATION (IN)
  YESTERDAY        0.00          0.04  -0.04      T
  MONTH TO DATE    0.92          0.29   0.63     0.76
  SINCE DEC 1      6.78          2.19   4.59     3.38
  SINCE JAN 1      1.67          1.08   0.59     1.48

SNOWFALL (IN)
  YESTERDAY        0.0                           0.0
  MONTH TO DATE    8.9                           9.0
  SINCE JUL 1     27.7                          18.6
  SNOW DEPTH       3

DEGREE DAYS
 HEATING
  YESTERDAY       46            39      7       30
  MONTH TO DATE  345           361    -16      373
  SINCE DEC 1   2551          2865   -314     2563
  SINCE JUL 1   3436          4135   -699     3880

 COOLING
  YESTERDAY        0             0      0        0
  MONTH TO DATE    0             0      0        0
  SINCE DEC 1      0             0      0        0
  SINCE JAN 1      0             0      0        0
......................................................


WIND (MPH)
  HIGHEST WIND SPEED    MM   HIGHEST WIND DIRECTION    MM
  HIGHEST GUST SPEED    35   HIGHEST GUST DIRECTION    MM


SKY COVER
  POSSIBLE SUNSHINE  MM


WEATHER CONDITIONS
 THE FOLLOWING WEATHER WAS RECORDED YESTERDAY.
  NO SIGNIFICANT WEATHER WAS OBSERVED.


..........................................................


THE VALLEY  NWS, NEBRASKA CLIMATE NORMALS FOR TODAY
                         NORMAL
 MAXIMUM TEMPERATURE (F)   35
 MINIMUM TEMPERATURE (F)   16


SUNRISE AND SUNSET
FEBRUARY 10 2016......SUNRISE   727 AM CST   SUNSET   553 PM CST
FEBRUARY 11 2016......SUNRISE   726 AM CST   SUNSET   554 PM CST


-  INDICATES NEGATIVE NUMBERS.
R  INDICATES RECORD WAS SET OR TIED.
MM INDICATES DATA IS MISSING.
T  INDICATES TRACE AMOUNT.




$$
