000
CDUS43 KOAX 260647
CLIOAX


CLIMATE REPORT
NATIONAL WEATHER SERVICE OMAHA NEBRASKA
146 AM CDT SAT JUL 26 2014


...................................

...THE VALLEY  NWS, NEBRASKA CLIMATE SUMMARY FOR JULY 25 2014...

CLIMATE NORMAL PERIOD 1981 TO 2010
CLIMATE RECORD PERIOD 1997 TO 2014


WEATHER ITEM   OBSERVED TIME   NORMAL DEPARTURE LAST
                VALUE   (LST)  VALUE  FROM      YEAR
                                      NORMAL
......................................................
TEMPERATURE (F)
 YESTERDAY
  MAXIMUM         93    412 PM  86      7       84
  MINIMUM         71   1235 AM  67      4       69
  AVERAGE         82            77      5       77

PRECIPITATION (IN)
  YESTERDAY        0.05          0.14  -0.09     0.03
  MONTH TO DATE    0.88          3.62  -2.74     0.22
  SINCE JUN 1     12.55          8.71   3.84     4.64
  SINCE JAN 1     21.46         20.03   1.43    18.80

SNOWFALL (IN)
  YESTERDAY        0.0                           0.0
  MONTH TO DATE    0.0                           0.0
  SINCE JUL 1      0.0                           0.0
  SNOW DEPTH       0

DEGREE DAYS
 HEATING
  YESTERDAY        0             0      0        0
  MONTH TO DATE    1             0      1        0
  SINCE JUN 1      5            16    -11       17
  SINCE JUL 1      1             0      1        0

 COOLING
  YESTERDAY       17            12      5       12
  MONTH TO DATE  209           292    -83      335
  SINCE JUN 1    449           526    -77      557
  SINCE JAN 1    579           598    -19      643
......................................................


WIND (MPH)
  HIGHEST WIND SPEED    MM   HIGHEST WIND DIRECTION    MM
  HIGHEST GUST SPEED    37   HIGHEST GUST DIRECTION    MM


SKY COVER
  POSSIBLE SUNSHINE  MM


WEATHER CONDITIONS
 THE FOLLOWING WEATHER WAS RECORDED YESTERDAY.
  THUNDERSTORM
  LIGHT RAIN


..........................................................


THE VALLEY  NWS, NEBRASKA CLIMATE NORMALS FOR TODAY
                         NORMAL
 MAXIMUM TEMPERATURE (F)   86
 MINIMUM TEMPERATURE (F)   67


SUNRISE AND SUNSET
JULY 26 2014..........SUNRISE   615 AM CDT   SUNSET   848 PM CDT
JULY 27 2014..........SUNRISE   616 AM CDT   SUNSET   848 PM CDT


-  INDICATES NEGATIVE NUMBERS.
R  INDICATES RECORD WAS SET OR TIED.
MM INDICATES DATA IS MISSING.
T  INDICATES TRACE AMOUNT.




$$
