000
CDUS43 KGID 170631
CLIODX


CLIMATE REPORT
NATIONAL WEATHER SERVICE HASTINGS NE
1230 AM CST TUE JAN 17 2017


...................................

...THE ORD NE CLIMATE SUMMARY FOR JANUARY 16 2017...

CLIMATE NORMAL PERIOD 1981 TO 2010
CLIMATE RECORD PERIOD 1895 TO 2017


WEATHER ITEM   OBSERVED TIME   NORMAL DEPARTURE LAST
                VALUE   (LST)  VALUE  FROM      YEAR
                                      NORMAL
......................................................
TEMPERATURE (F)
 YESTERDAY
  MAXIMUM         33    634 PM  37     -4       30
  MINIMUM         24   1159 PM  12     12        7
  AVERAGE         29            25      4       19

PRECIPITATION (IN)
  YESTERDAY        0.18          0.01   0.17      T
  MONTH TO DATE    0.67          0.16   0.51     0.03
  SINCE DEC 1      1.08          0.75   0.33     0.72
  SINCE JAN 1      0.67          0.16   0.51     0.03

DEGREE DAYS
 HEATING
  YESTERDAY       36            40     -4       46
  MONTH TO DATE  770           653    117      643
  SINCE DEC 1   2050          1896    154     1754
  SINCE JUL 1   3166          3377   -211     2893

 COOLING
  YESTERDAY        0             0      0        0
  MONTH TO DATE    0             0      0        0
  SINCE DEC 1      0             0      0        0
  SINCE JAN 1      0             0      0        0
......................................................


WIND (MPH)
  HIGHEST WIND SPEED    20   HIGHEST WIND DIRECTION     N (350)
  HIGHEST GUST SPEED    26   HIGHEST GUST DIRECTION     N (350)
  AVERAGE WIND SPEED    10.8


SKY COVER
  AVERAGE SKY COVER 0.9


WEATHER CONDITIONS
 THE FOLLOWING WEATHER WAS RECORDED YESTERDAY.
  LIGHT RAIN
  LT FREEZING RAIN
  LIGHT SNOW
  FOG
  HAZE


RELATIVE HUMIDITY (PERCENT)
 HIGHEST    92          1200 AM
 LOWEST     66           800 PM
 AVERAGE    79

..........................................................


THE ORD NE CLIMATE NORMALS FOR TODAY
                         NORMAL
 MAXIMUM TEMPERATURE (F)   37
 MINIMUM TEMPERATURE (F)   12


SUNRISE AND SUNSET
JANUARY 17 2017.......SUNRISE   759 AM CST   SUNSET   533 PM CST
JANUARY 18 2017.......SUNRISE   759 AM CST   SUNSET   535 PM CST


-  INDICATES NEGATIVE NUMBERS.
R  INDICATES RECORD WAS SET OR TIED.
MM INDICATES DATA IS MISSING.
T  INDICATES TRACE AMOUNT.




$$
