000
CDUS43 KGID 250632
CLIODX


CLIMATE REPORT
NATIONAL WEATHER SERVICE HASTINGS NE
130 AM CDT THU AUG 25 2016


...................................

...THE ORD NE CLIMATE SUMMARY FOR AUGUST 24 2016...

CLIMATE NORMAL PERIOD 1981 TO 2010
CLIMATE RECORD PERIOD 1895 TO 2016


WEATHER ITEM   OBSERVED TIME   NORMAL DEPARTURE LAST
                VALUE   (LST)  VALUE  FROM      YEAR
                                      NORMAL
......................................................
TEMPERATURE (F)
 YESTERDAY
  MAXIMUM         78    403 PM  85     -7       84
  MINIMUM         53    622 AM  59     -6       40
  AVERAGE         66            72     -6       62

PRECIPITATION (IN)
  YESTERDAY        0.00          0.10  -0.10     0.00
  MONTH TO DATE    0.44          2.54  -2.10     2.13
  SINCE JUN 1     10.62          9.63   0.99     8.08
  SINCE JAN 1     27.16         18.29   8.87    14.54

DEGREE DAYS
 HEATING
  YESTERDAY        0             0      0        3
  MONTH TO DATE    3             0      3       18
  SINCE JUN 1     13            42    -29       29
  SINCE JUL 1     11             5      6       23

 COOLING
  YESTERDAY        1             7     -6        0
  MONTH TO DATE  194           213    -19      153
  SINCE JUN 1    748           672     76      613
  SINCE JAN 1    770           713     57      622
......................................................


WIND (MPH)
  HIGHEST WIND SPEED    12   HIGHEST WIND DIRECTION     N (360)
  HIGHEST GUST SPEED    15   HIGHEST GUST DIRECTION    NW (330)
  AVERAGE WIND SPEED     3.6


SKY COVER
  AVERAGE SKY COVER 0.0


WEATHER CONDITIONS
 THE FOLLOWING WEATHER WAS RECORDED YESTERDAY.
  LIGHT RAIN


RELATIVE HUMIDITY (PERCENT)
 HIGHEST    89           700 AM
 LOWEST     36           400 PM
 AVERAGE    63

..........................................................


THE ORD NE CLIMATE NORMALS FOR TODAY
                         NORMAL
 MAXIMUM TEMPERATURE (F)   85
 MINIMUM TEMPERATURE (F)   59


SUNRISE AND SUNSET
AUGUST 25 2016........SUNRISE   655 AM CDT   SUNSET   819 PM CDT
AUGUST 26 2016........SUNRISE   656 AM CDT   SUNSET   818 PM CDT


-  INDICATES NEGATIVE NUMBERS.
R  INDICATES RECORD WAS SET OR TIED.
MM INDICATES DATA IS MISSING.
T  INDICATES TRACE AMOUNT.




$$
