000
CDUS43 KGID 200643
CLIODX


CLIMATE REPORT
NATIONAL WEATHER SERVICE HASTINGS NE
124 AM CDT FRI OCT 20 2017


...................................

...THE ORD NE CLIMATE SUMMARY FOR OCTOBER 19 2017...

CLIMATE NORMAL PERIOD 1981 TO 2010
CLIMATE RECORD PERIOD 1895 TO 2017


WEATHER ITEM   OBSERVED TIME   NORMAL DEPARTURE LAST
                VALUE   (LST)  VALUE  FROM      YEAR
                                      NORMAL
......................................................
TEMPERATURE (F)
 YESTERDAY
  MAXIMUM         80    351 PM  61     19       61
  MINIMUM         31    657 AM  35     -4       37
  AVERAGE         56            48      8       49

PRECIPITATION (IN)
  YESTERDAY        0.00          0.07  -0.07     0.01
  MONTH TO DATE    5.32          1.30   4.02     0.09
  SINCE SEP 1      8.21          3.74   4.47     1.79
  SINCE JAN 1     28.38         22.65   5.73    28.95

DEGREE DAYS
 HEATING
  YESTERDAY        9            17     -8       16
  MONTH TO DATE  206           253    -47      207
  SINCE SEP 1    306           376    -70      299
  SINCE JUL 1    314           390    -76      313

 COOLING
  YESTERDAY        0             0      0        0
  MONTH TO DATE    1             6     -5        2
  SINCE SEP 1     96            87      9       79
  SINCE JAN 1    840           844     -4      885
......................................................


WIND (MPH)
  HIGHEST WIND SPEED    17   HIGHEST WIND DIRECTION     S (180)
  HIGHEST GUST SPEED    24   HIGHEST GUST DIRECTION     S (190)
  AVERAGE WIND SPEED     7.1


SKY COVER
  AVERAGE SKY COVER 0.0


WEATHER CONDITIONS
 THE FOLLOWING WEATHER WAS RECORDED YESTERDAY.
  NO SIGNIFICANT WEATHER WAS OBSERVED.


RELATIVE HUMIDITY (PERCENT)
 HIGHEST    92           700 AM
 LOWEST     30           300 PM
 AVERAGE    61

..........................................................


THE ORD NE CLIMATE NORMALS FOR TODAY
                         NORMAL
 MAXIMUM TEMPERATURE (F)   61
 MINIMUM TEMPERATURE (F)   35


SUNRISE AND SUNSET
OCTOBER 20 2017.......SUNRISE   754 AM CDT   SUNSET   647 PM CDT
OCTOBER 21 2017.......SUNRISE   755 AM CDT   SUNSET   645 PM CDT


-  INDICATES NEGATIVE NUMBERS.
R  INDICATES RECORD WAS SET OR TIED.
MM INDICATES DATA IS MISSING.
T  INDICATES TRACE AMOUNT.




$$
