000
CDUS43 KGID 020627
CLIODX


CLIMATE REPORT
NATIONAL WEATHER SERVICE HASTINGS NE
125 AM CDT TUE JUN 2 2015


...................................

...THE ORD NE CLIMATE SUMMARY FOR JUNE 1 2015...

CLIMATE NORMAL PERIOD 1981 TO 2010
CLIMATE RECORD PERIOD 1895 TO 2015


WEATHER ITEM   OBSERVED TIME   NORMAL DEPARTURE LAST
                VALUE   (LST)  VALUE  FROM      YEAR
                                      NORMAL
......................................................
TEMPERATURE (F)
 YESTERDAY
  MAXIMUM         79    507 PM  77      2       83
  MINIMUM         53    507 AM  53      0       59
  AVERAGE         66            65      1       71

PRECIPITATION (IN)
  YESTERDAY        0.00          0.17  -0.17     0.22
  MONTH TO DATE    0.00          0.17  -0.17     0.22
  SINCE JUN 1      0.00          0.17  -0.17     0.22
  SINCE JAN 1      6.46          8.83  -2.37     2.44

DEGREE DAYS
 HEATING
  YESTERDAY        0             3     -3        0
  MONTH TO DATE    0             3     -3        0
  SINCE JUN 1      0             3     -3        0
  SINCE JUL 1   6531          6573    -42     6855

 COOLING
  YESTERDAY        1             3     -2        6
  MONTH TO DATE    1             3     -2        6
  SINCE JUN 1      1             3     -2        6
  SINCE JAN 1     10            44    -34       75
......................................................


WIND (MPH)
  HIGHEST WIND SPEED    22   HIGHEST WIND DIRECTION     S (170)
  HIGHEST GUST SPEED    28   HIGHEST GUST DIRECTION    SE (150)
  AVERAGE WIND SPEED    11.6


SKY COVER
  AVERAGE SKY COVER 0.3


WEATHER CONDITIONS
 THE FOLLOWING WEATHER WAS RECORDED YESTERDAY.
  NO SIGNIFICANT WEATHER WAS OBSERVED.


RELATIVE HUMIDITY (PERCENT)
 HIGHEST    89           600 AM
 LOWEST     48           500 PM
 AVERAGE    69

..........................................................


THE ORD NE CLIMATE NORMALS FOR TODAY
                         NORMAL
 MAXIMUM TEMPERATURE (F)   77
 MINIMUM TEMPERATURE (F)   53


SUNRISE AND SUNSET
JUNE  2 2015..........SUNRISE   604 AM CDT   SUNSET   904 PM CDT
JUNE  3 2015..........SUNRISE   603 AM CDT   SUNSET   905 PM CDT


-  INDICATES NEGATIVE NUMBERS.
R  INDICATES RECORD WAS SET OR TIED.
MM INDICATES DATA IS MISSING.
T  INDICATES TRACE AMOUNT.




$$
