000
CDUS43 KGID 290627
CLIODX


CLIMATE REPORT
NATIONAL WEATHER SERVICE HASTINGS NE
125 AM CDT WED MAR 29 2017


...................................

...THE ORD NE CLIMATE SUMMARY FOR MARCH 28 2017...

CLIMATE NORMAL PERIOD 1981 TO 2010
CLIMATE RECORD PERIOD 1895 TO 2017


WEATHER ITEM   OBSERVED TIME   NORMAL DEPARTURE LAST
                VALUE   (LST)  VALUE  FROM      YEAR
                                      NORMAL
......................................................
TEMPERATURE (F)
 YESTERDAY
  MAXIMUM         52        MM  56     -4       66
  MINIMUM         35        MM  29      6       23
  AVERAGE         44            42      2       45

PRECIPITATION (IN)
  YESTERDAY        0.02          0.11  -0.09     0.00
  MONTH TO DATE    1.70          1.15   0.55     1.03
  SINCE MAR 1      1.70          1.15   0.55     1.03
  SINCE JAN 1      3.64          1.96   1.68     2.18

DEGREE DAYS
 HEATING
  YESTERDAY       21            23     -2       20
  MONTH TO DATE  661           781   -120      622
  SINCE MAR 1    661           781   -120      622
  SINCE JUL 1   5172          5798   -626     4971

 COOLING
  YESTERDAY        0             0      0        0
  MONTH TO DATE    0             0      0        0
  SINCE MAR 1      0             0      0        0
  SINCE JAN 1      0             0      0        0
......................................................


WIND (MPH)
  HIGHEST WIND SPEED    13   HIGHEST WIND DIRECTION     E (80)
  HIGHEST GUST SPEED    MM   HIGHEST GUST DIRECTION    MM
  AVERAGE WIND SPEED     6.3


SKY COVER
  AVERAGE SKY COVER 0.9


WEATHER CONDITIONS
 THE FOLLOWING WEATHER WAS RECORDED YESTERDAY.
  LIGHT RAIN
  FOG
  FOG W/VISIBILITY <= 1/4 MILE
  HAZE


RELATIVE HUMIDITY (PERCENT)
 HIGHEST    93           700 AM
 LOWEST     59           400 PM
 AVERAGE    76

..........................................................


THE ORD NE CLIMATE NORMALS FOR TODAY
                         NORMAL
 MAXIMUM TEMPERATURE (F)   56
 MINIMUM TEMPERATURE (F)   30


SUNRISE AND SUNSET
MARCH 29 2017.........SUNRISE   723 AM CDT   SUNSET   758 PM CDT
MARCH 30 2017.........SUNRISE   722 AM CDT   SUNSET   759 PM CDT


-  INDICATES NEGATIVE NUMBERS.
R  INDICATES RECORD WAS SET OR TIED.
MM INDICATES DATA IS MISSING.
T  INDICATES TRACE AMOUNT.




$$
