000
CDUS43 KGID 232231
CLIODX


CLIMATE REPORT
NATIONAL WEATHER SERVICE HASTINGS NE
530 PM CDT TUE SEP 23 2014


...................................

...THE ORD NE CLIMATE SUMMARY FOR SEPTEMBER 23 2014...
VALID TODAY AS OF 0500 PM LOCAL TIME.

CLIMATE NORMAL PERIOD 1981 TO 2010
CLIMATE RECORD PERIOD 1895 TO 2014


WEATHER ITEM   OBSERVED TIME   NORMAL DEPARTURE LAST
                VALUE   (LST)  VALUE  FROM      YEAR
                                      NORMAL
......................................................
TEMPERATURE (F)
 TODAY
  MAXIMUM         73    245 PM  75     -2       74
  MINIMUM         55    501 AM  45     10       55
  AVERAGE         64            60      4       65

PRECIPITATION (IN)
  TODAY            0.20          0.08   0.12     0.32
  MONTH TO DATE    1.57          1.99  -0.42     0.71
  SINCE SEP 1      1.57          1.99  -0.42     0.71
  SINCE JAN 1     19.21         20.90  -1.69    20.14

DEGREE DAYS
 HEATING
  TODAY            1             6     -5        0
  MONTH TO DATE  137            68     69       25
  SINCE SEP 1    137            68     69       25
  SINCE JUL 1    156            82     74       32

 COOLING
  TODAY            0             1     -1        0
  MONTH TO DATE   35            75    -40      135
  SINCE SEP 1     35            75    -40      135
  SINCE JAN 1    670           832   -162      895
......................................................


WIND (MPH)
  HIGHEST WIND SPEED    17   HIGHEST WIND DIRECTION     S (180)
  HIGHEST GUST SPEED    23   HIGHEST GUST DIRECTION     S (160)
  AVERAGE WIND SPEED    12.7


SKY COVER
  AVERAGE SKY COVER 0.8


WEATHER CONDITIONS
 THE FOLLOWING WEATHER WAS RECORDED TODAY.
  RAIN
  LIGHT RAIN
  FOG


RELATIVE HUMIDITY (PERCENT)
 HIGHEST    93           500 AM
 LOWEST     61           300 PM
 AVERAGE    77

..........................................................


THE ORD NE CLIMATE NORMALS FOR TOMORROW
                         NORMAL
 MAXIMUM TEMPERATURE (F)   75
 MINIMUM TEMPERATURE (F)   45


SUNRISE AND SUNSET
SEPTEMBER 23 2014.....SUNRISE   724 AM CDT   SUNSET   731 PM CDT
SEPTEMBER 24 2014.....SUNRISE   725 AM CDT   SUNSET   729 PM CDT


-  INDICATES NEGATIVE NUMBERS.
R  INDICATES RECORD WAS SET OR TIED.
MM INDICATES DATA IS MISSING.
T  INDICATES TRACE AMOUNT.




$$
