000
CDUS43 KGID 270640
CLIODX


CLIMATE REPORT
NATIONAL WEATHER SERVICE HASTINGS NE
140 AM CDT TUE JUN 27 2017


...................................

...THE ORD NE CLIMATE SUMMARY FOR JUNE 26 2017...

CLIMATE NORMAL PERIOD 1981 TO 2010
CLIMATE RECORD PERIOD 1895 TO 2017


WEATHER ITEM   OBSERVED TIME   NORMAL DEPARTURE LAST
                VALUE   (LST)  VALUE  FROM      YEAR
                                      NORMAL
......................................................
TEMPERATURE (F)
 YESTERDAY
  MAXIMUM         78    433 PM  84     -6       89
  MINIMUM         50   1159 PM  60    -10       53
  AVERAGE         64            72     -8       71

PRECIPITATION (IN)
  YESTERDAY        0.00          0.09  -0.09     0.00
  MONTH TO DATE    0.41          3.77  -3.36     3.26
  SINCE JUN 1      0.41          3.77  -3.36     3.26
  SINCE JAN 1     11.53         12.43  -0.90    19.80

DEGREE DAYS
 HEATING
  YESTERDAY        1             1      0        0
  MONTH TO DATE   10            38    -28        2
  SINCE JUN 1     10            38    -28        2
  SINCE JUL 1   5958          6608   -650     5689

 COOLING
  YESTERDAY        0             8     -8        6
  MONTH TO DATE  190           130     60      235
  SINCE JUN 1    190           130     60      235
  SINCE JAN 1    204           171     33      257
......................................................


WIND (MPH)
  HIGHEST WIND SPEED    18   HIGHEST WIND DIRECTION    NE (40)
  HIGHEST GUST SPEED    24   HIGHEST GUST DIRECTION    NE (50)
  AVERAGE WIND SPEED     6.6


SKY COVER
  AVERAGE SKY COVER 0.2


WEATHER CONDITIONS
 THE FOLLOWING WEATHER WAS RECORDED YESTERDAY.
  NO SIGNIFICANT WEATHER WAS OBSERVED.


RELATIVE HUMIDITY (PERCENT)
 HIGHEST    86           500 AM
 LOWEST     27           300 PM
 AVERAGE    57

..........................................................


THE ORD NE CLIMATE NORMALS FOR TODAY
                         NORMAL
 MAXIMUM TEMPERATURE (F)   85
 MINIMUM TEMPERATURE (F)   60


SUNRISE AND SUNSET
JUNE 27 2017..........SUNRISE   604 AM CDT   SUNSET   914 PM CDT
JUNE 28 2017..........SUNRISE   604 AM CDT   SUNSET   914 PM CDT


-  INDICATES NEGATIVE NUMBERS.
R  INDICATES RECORD WAS SET OR TIED.
MM INDICATES DATA IS MISSING.
T  INDICATES TRACE AMOUNT.




$$
