000
CDUS43 KGID 230704
CLIODX


CLIMATE REPORT
NATIONAL WEATHER SERVICE HASTINGS NE
100 AM CST THU FEB 23 2017


...................................

...THE ORD NE CLIMATE SUMMARY FOR FEBRUARY 22 2017...

CLIMATE NORMAL PERIOD 1981 TO 2010
CLIMATE RECORD PERIOD 1895 TO 2017


WEATHER ITEM   OBSERVED TIME   NORMAL DEPARTURE LAST
                VALUE   (LST)  VALUE  FROM      YEAR
                                      NORMAL
......................................................
TEMPERATURE (F)
 YESTERDAY
  MAXIMUM         66    337 PM  42     24       47
  MINIMUM         32    603 AM  17     15       23
  AVERAGE         49            29     20       35

PRECIPITATION (IN)
  YESTERDAY        0.00          0.02  -0.02      T
  MONTH TO DATE    0.26          0.37  -0.11     0.85
  SINCE DEC 1      1.82          1.33   0.49     1.84
  SINCE JAN 1      1.41          0.74   0.67     1.15

DEGREE DAYS
 HEATING
  YESTERDAY       16            36    -20       30
  MONTH TO DATE  635           834   -199      710
  SINCE DEC 1   3173          3329   -156     3024
  SINCE JUL 1   4289          4810   -521     4163

 COOLING
  YESTERDAY        0             0      0        0
  MONTH TO DATE    0             0      0        0
  SINCE DEC 1      0             0      0        0
  SINCE JAN 1      0             0      0        0
......................................................


WIND (MPH)
  HIGHEST WIND SPEED    28   HIGHEST WIND DIRECTION    NW (300)
  HIGHEST GUST SPEED    35   HIGHEST GUST DIRECTION    NW (300)
  AVERAGE WIND SPEED     9.7


SKY COVER
  AVERAGE SKY COVER 0.0


WEATHER CONDITIONS
 THE FOLLOWING WEATHER WAS RECORDED YESTERDAY.
  NO SIGNIFICANT WEATHER WAS OBSERVED.


RELATIVE HUMIDITY (PERCENT)
 HIGHEST    75           600 AM
 LOWEST     19          1200 PM
 AVERAGE    47

..........................................................


THE ORD NE CLIMATE NORMALS FOR TODAY
                         NORMAL
 MAXIMUM TEMPERATURE (F)   42
 MINIMUM TEMPERATURE (F)   17


SUNRISE AND SUNSET
FEBRUARY 23 2017......SUNRISE   719 AM CST   SUNSET   619 PM CST
FEBRUARY 24 2017......SUNRISE   718 AM CST   SUNSET   621 PM CST


-  INDICATES NEGATIVE NUMBERS.
R  INDICATES RECORD WAS SET OR TIED.
MM INDICATES DATA IS MISSING.
T  INDICATES TRACE AMOUNT.




$$
