000
CDUS43 KGID 040636
CLIODX


CLIMATE REPORT
NATIONAL WEATHER SERVICE HASTINGS NE
1233 AM CST WED MAR 4 2015


...................................

...THE ORD NE CLIMATE SUMMARY FOR MARCH 3 2015...

CLIMATE NORMAL PERIOD 1981 TO 2010
CLIMATE RECORD PERIOD 1895 TO 2015


WEATHER ITEM   OBSERVED TIME   NORMAL DEPARTURE LAST
                VALUE   (LST)  VALUE  FROM      YEAR
                                      NORMAL
......................................................
TEMPERATURE (F)
 YESTERDAY
  MAXIMUM         30    339 PM  45    -15       30
  MINIMUM         17   1159 PM  20     -3       -9
  AVERAGE         24            32     -8       11

PRECIPITATION (IN)
  YESTERDAY        T             0.02  -0.02     0.00
  MONTH TO DATE    T             0.04  -0.04     0.01
  SINCE MAR 1      T             0.04  -0.04     0.01
  SINCE JAN 1      0.74          0.85  -0.11     0.26

DEGREE DAYS
 HEATING
  YESTERDAY       41            33      8       54
  MONTH TO DATE  119            99     20      181
  SINCE MAR 1    119            99     20      181
  SINCE JUL 1   5251          5116    135     5334

 COOLING
  YESTERDAY        0             0      0        0
  MONTH TO DATE    0             0      0        0
  SINCE MAR 1      0             0      0        0
  SINCE JAN 1      0             0      0        0
......................................................


WIND (MPH)
  HIGHEST WIND SPEED    36   HIGHEST WIND DIRECTION     N (340)
  HIGHEST GUST SPEED    46   HIGHEST GUST DIRECTION    NW (330)
  AVERAGE WIND SPEED    15.2


SKY COVER
  AVERAGE SKY COVER 0.6


WEATHER CONDITIONS
 THE FOLLOWING WEATHER WAS RECORDED YESTERDAY.
  LIGHT SNOW


RELATIVE HUMIDITY (PERCENT)
 HIGHEST    81           500 AM
 LOWEST     32           500 PM
 AVERAGE    57

..........................................................


THE ORD NE CLIMATE NORMALS FOR TODAY
                         NORMAL
 MAXIMUM TEMPERATURE (F)   46
 MINIMUM TEMPERATURE (F)   20


SUNRISE AND SUNSET
MARCH  4 2015.........SUNRISE   706 AM CST   SUNSET   630 PM CST
MARCH  5 2015.........SUNRISE   704 AM CST   SUNSET   631 PM CST


-  INDICATES NEGATIVE NUMBERS.
R  INDICATES RECORD WAS SET OR TIED.
MM INDICATES DATA IS MISSING.
T  INDICATES TRACE AMOUNT.




$$

BRYANT
