000
CDUS43 KGID 250632
CLIODX


CLIMATE REPORT
NATIONAL WEATHER SERVICE HASTINGS NE
132 AM CDT FRI JUL 25 2014


...................................

...THE ORD NE CLIMATE SUMMARY FOR JULY 24 2014...

CLIMATE NORMAL PERIOD 1981 TO 2010
CLIMATE RECORD PERIOD 1895 TO 2014


WEATHER ITEM   OBSERVED TIME   NORMAL DEPARTURE LAST
                VALUE   (LST)  VALUE  FROM      YEAR
                                      NORMAL
......................................................
TEMPERATURE (F)
 YESTERDAY
  MAXIMUM         88    519 PM  88      0       85
  MINIMUM         63    547 AM  62      1       57
  AVERAGE         76            75      1       71

PRECIPITATION (IN)
  YESTERDAY        0.26          0.08   0.18     0.27
  MONTH TO DATE    1.97          2.01  -0.04     3.15
  SINCE JUN 1     10.05          6.13   3.92     5.08
  SINCE JAN 1     12.27         14.79  -2.52    15.22

DEGREE DAYS
 HEATING
  YESTERDAY        0             0      0        0
  MONTH TO DATE   19             0     19        1
  SINCE JUN 1     51            37     14       48
  SINCE JUL 1     19             0     19        1

 COOLING
  YESTERDAY       11            10      1        6
  MONTH TO DATE  138           227    -89      252
  SINCE JUN 1    284           389   -105      418
  SINCE JAN 1    353           430    -77      465
......................................................


WIND (MPH)
  HIGHEST WIND SPEED    28   HIGHEST WIND DIRECTION     S (160)
  HIGHEST GUST SPEED    40   HIGHEST GUST DIRECTION     S (160)
  AVERAGE WIND SPEED    13.8


SKY COVER
  AVERAGE SKY COVER 0.1


WEATHER CONDITIONS
 THE FOLLOWING WEATHER WAS RECORDED YESTERDAY.
  THUNDERSTORM
  HEAVY RAIN
  RAIN
  FOG


RELATIVE HUMIDITY (PERCENT)
 HIGHEST    90           400 AM
 LOWEST     55           200 PM
 AVERAGE    73

..........................................................


THE ORD NE CLIMATE NORMALS FOR TODAY
                         NORMAL
 MAXIMUM TEMPERATURE (F)   88
 MINIMUM TEMPERATURE (F)   62


SUNRISE AND SUNSET
JULY 25 2014..........SUNRISE   624 AM CDT   SUNSET   901 PM CDT
JULY 26 2014..........SUNRISE   624 AM CDT   SUNSET   900 PM CDT


-  INDICATES NEGATIVE NUMBERS.
R  INDICATES RECORD WAS SET OR TIED.
MM INDICATES DATA IS MISSING.
T  INDICATES TRACE AMOUNT.




$$
