000
CDUS43 KGID 280657
CLIODX


CLIMATE REPORT
NATIONAL WEATHER SERVICE HASTINGS NE
1256 AM CST FRI NOV 28 2014


...................................

...THE ORD NE CLIMATE SUMMARY FOR NOVEMBER 27 2014...

CLIMATE NORMAL PERIOD 1981 TO 2010
CLIMATE RECORD PERIOD 1895 TO 2014


WEATHER ITEM   OBSERVED TIME   NORMAL DEPARTURE LAST
                VALUE   (LST)  VALUE  FROM      YEAR
                                      NORMAL
......................................................
TEMPERATURE (F)
 YESTERDAY
  MAXIMUM         40    318 PM  43     -3       47
  MINIMUM         13    154 AM  19     -6        3
  AVERAGE         27            31     -4       25

PRECIPITATION (IN)
  YESTERDAY        0.00          0.03  -0.03     0.00
  MONTH TO DATE    0.06          0.99  -0.93     0.50
  SINCE SEP 1      2.88          5.36  -2.48     4.92
  SINCE JAN 1     20.52         24.27  -3.75    24.35

DEGREE DAYS
 HEATING
  YESTERDAY       38            34      4       40
  MONTH TO DATE  930           753    177      803
  SINCE SEP 1   1481          1359    122     1370
  SINCE JUL 1   1500          1373    127     1377

 COOLING
  YESTERDAY        0             0      0        0
  MONTH TO DATE    0             0      0        0
  SINCE SEP 1     57            88    -31      147
  SINCE JAN 1    692           845   -153      907
......................................................


WIND (MPH)
  HIGHEST WIND SPEED    23   HIGHEST WIND DIRECTION     S (180)
  HIGHEST GUST SPEED    28   HIGHEST GUST DIRECTION     S (180)
  AVERAGE WIND SPEED     9.2


SKY COVER
  AVERAGE SKY COVER 0.4


WEATHER CONDITIONS
 THE FOLLOWING WEATHER WAS RECORDED YESTERDAY.
  NO SIGNIFICANT WEATHER WAS OBSERVED.


RELATIVE HUMIDITY (PERCENT)
 HIGHEST    92           200 AM
 LOWEST     44           300 PM
 AVERAGE    68

..........................................................


THE ORD NE CLIMATE NORMALS FOR TODAY
                         NORMAL
 MAXIMUM TEMPERATURE (F)   42
 MINIMUM TEMPERATURE (F)   18


SUNRISE AND SUNSET
NOVEMBER 28 2014......SUNRISE   740 AM CST   SUNSET   507 PM CST
NOVEMBER 29 2014......SUNRISE   741 AM CST   SUNSET   507 PM CST


-  INDICATES NEGATIVE NUMBERS.
R  INDICATES RECORD WAS SET OR TIED.
MM INDICATES DATA IS MISSING.
T  INDICATES TRACE AMOUNT.




$$
