000
CDUS43 KOAX 290624
CLIOFK


CLIMATE REPORT
NATIONAL WEATHER SERVICE OMAHA NEBRASKA
124 AM CDT SAT JUL 29 2017


...................................

...THE NORFOLK, NEBRASKA CLIMATE SUMMARY FOR JULY 28 2017...

CLIMATE NORMAL PERIOD 1981 TO 2010
CLIMATE RECORD PERIOD 1888 TO 2017


WEATHER ITEM   OBSERVED TIME   RECORD YEAR NORMAL DEPARTURE LAST
                VALUE   (LST)  VALUE       VALUE  FROM      YEAR
                                                  NORMAL
..................................................................
TEMPERATURE (F)
 YESTERDAY
  MAXIMUM         82    324 PM 105    1935  86     -4       82
  MINIMUM         65   1159 PM  44    2013  64      1       61
  AVERAGE         74                        75     -1       72

PRECIPITATION (IN)
  YESTERDAY        T             2.00 1921   0.10  -0.10      T
  MONTH TO DATE    2.10                      3.01  -0.91     2.75
  SINCE JUN 1      4.57                      7.27  -2.70     5.96
  SINCE JAN 1     16.18                     16.97  -0.79    22.41

SNOWFALL (IN)
  YESTERDAY        0.0                       0.0    0.0      0.0
  MONTH TO DATE    0.0                       0.0    0.0      0.0
  SINCE JUL 1      0.0                       0.0    0.0      0.0
  SNOW DEPTH       0

DEGREE DAYS
 HEATING
  YESTERDAY        0                         0      0        0
  MONTH TO DATE    0                         0      0        7
  SINCE JUN 1     12                        30    -18       10
  SINCE JUL 1      0                         0      0        7

 COOLING
  YESTERDAY        9                        10     -1        7
  MONTH TO DATE  354                       278     76      274
  SINCE JUN 1    591                       464    127      550
  SINCE JAN 1    619                       525     94      588
..................................................................


WIND (MPH)
  HIGHEST WIND SPEED    13   HIGHEST WIND DIRECTION     E (100)
  HIGHEST GUST SPEED    16   HIGHEST GUST DIRECTION    SE (130)
  AVERAGE WIND SPEED     3.7


SKY COVER
  POSSIBLE SUNSHINE  MM
  AVERAGE SKY COVER 0.2


WEATHER CONDITIONS
 THE FOLLOWING WEATHER WAS RECORDED YESTERDAY.
  LIGHT RAIN


RELATIVE HUMIDITY (PERCENT)
 HIGHEST    87           100 AM
 LOWEST     51           300 PM
 AVERAGE    69

..........................................................


THE NORFOLK, NEBRASKA CLIMATE NORMALS FOR TODAY
                         NORMAL    RECORD    YEAR
 MAXIMUM TEMPERATURE (F)   86       109      1947
 MINIMUM TEMPERATURE (F)   64        48      1971


SUNRISE AND SUNSET
JULY 29 2017..........SUNRISE   621 AM CDT   SUNSET   851 PM CDT
JULY 30 2017..........SUNRISE   622 AM CDT   SUNSET   850 PM CDT


-  INDICATES NEGATIVE NUMBERS.
R  INDICATES RECORD WAS SET OR TIED.
MM INDICATES DATA IS MISSING.
T  INDICATES TRACE AMOUNT.




$$
