000
CDUS43 KOAX 010657
CLIOFK


CLIMATE REPORT
NATIONAL WEATHER SERVICE OMAHA NEBRASKA
155 AM CDT SAT AUG 1 2015


...................................

...THE NORFOLK, NEBRASKA CLIMATE SUMMARY FOR JULY 31 2015...

CLIMATE NORMAL PERIOD 1981 TO 2010
CLIMATE RECORD PERIOD 1888 TO 2015


WEATHER ITEM   OBSERVED TIME   RECORD YEAR NORMAL DEPARTURE LAST
                VALUE   (LST)  VALUE       VALUE  FROM      YEAR
                                                  NORMAL
..................................................................
TEMPERATURE (F)
 YESTERDAY
  MAXIMUM         92    134 PM 105    1955  86      6       85
  MINIMUM         62   1159 PM  48    2009  64     -2       56
                                      1904
                                      1893
  AVERAGE         77                        75      2       71

PRECIPITATION (IN)
  YESTERDAY        0.00          2.85 1961   0.10  -0.10     0.00
  MONTH TO DATE    5.14                      3.32   1.82     1.13
  SINCE JUN 1      9.74                      7.58   2.16    12.52
  SINCE JAN 1     16.70                     17.28  -0.58    18.01

SNOWFALL (IN)
  YESTERDAY        0.0                       0.0    0.0      0.0
  MONTH TO DATE    0.0                       0.0    0.0      0.0
  SINCE JUL 1      0.0                       0.0    0.0      0.0
  SNOW DEPTH       0

DEGREE DAYS
 HEATING
  YESTERDAY        0                         0      0        0
  MONTH TO DATE    4                         0      4       12
  SINCE JUN 1      7                        34    -27       37
  SINCE JUL 1      4                         4      0       12

 COOLING
  YESTERDAY       12                        10      2        6
  MONTH TO DATE  304                       314    -10      196
  SINCE JUN 1    490                       500    -10      390
  SINCE JAN 1    523                       561    -38      487
..................................................................


WIND (MPH)
  HIGHEST WIND SPEED    22   HIGHEST WIND DIRECTION    SW (210)
  HIGHEST GUST SPEED    26   HIGHEST GUST DIRECTION    SW (210)
  AVERAGE WIND SPEED     5.3


SKY COVER
  POSSIBLE SUNSHINE  MM
  AVERAGE SKY COVER 0.0


WEATHER CONDITIONS
 THE FOLLOWING WEATHER WAS RECORDED YESTERDAY.
  THUNDERSTORM


RELATIVE HUMIDITY (PERCENT)
 HIGHEST    93          1100 PM
 LOWEST     44           100 PM
 AVERAGE    69

..........................................................


THE NORFOLK, NEBRASKA CLIMATE NORMALS FOR TODAY
                         NORMAL    RECORD    YEAR
 MAXIMUM TEMPERATURE (F)   86       104      1918
 MINIMUM TEMPERATURE (F)   64        47      1925


SUNRISE AND SUNSET
AUGUST  1 2015........SUNRISE   623 AM CDT   SUNSET   848 PM CDT
AUGUST  2 2015........SUNRISE   624 AM CDT   SUNSET   847 PM CDT


-  INDICATES NEGATIVE NUMBERS.
R  INDICATES RECORD WAS SET OR TIED.
MM INDICATES DATA IS MISSING.
T  INDICATES TRACE AMOUNT.




$$
