000
CDUS43 KOAX 240633
CLIOFK


CLIMATE REPORT
NATIONAL WEATHER SERVICE OMAHA NEBRASKA
132 AM CDT THU APR 24 2014


...................................

...THE NORFOLK, NEBRASKA CLIMATE SUMMARY FOR APRIL 23 2014...

CLIMATE NORMAL PERIOD 1981 TO 2010
CLIMATE RECORD PERIOD 1888 TO 2014


WEATHER ITEM   OBSERVED TIME   RECORD YEAR NORMAL DEPARTURE LAST
                VALUE   (LST)  VALUE       VALUE  FROM      YEAR
                                                  NORMAL
..................................................................
TEMPERATURE (F)
 YESTERDAY
  MAXIMUM         73    424 PM  91    2009  65      8       34
  MINIMUM         51    624 AM  23    1910  40     11       24
  AVERAGE         62                        53      9       29

PRECIPITATION (IN)
  YESTERDAY        0.32          1.94 1913   0.10   0.22     0.00
  MONTH TO DATE    1.87                      1.95  -0.08     3.70
  SINCE MAR 1      2.24                      3.72  -1.48     4.98
  SINCE JAN 1      2.80                      5.07  -2.27     5.88

SNOWFALL (IN)
  YESTERDAY        0.0                       0.1   -0.1      0.0
  MONTH TO DATE    4.5                       2.3    2.2      6.6
  SINCE JUL 1     19.9                      30.2  -10.3     27.3
  SNOW DEPTH       0

DEGREE DAYS
 HEATING
  YESTERDAY        3                        13    -10       36
  MONTH TO DATE  368                       391    -23      571
  SINCE MAR 1   1312                      1247     65     1563
  SINCE JUL 1   6662                      6340    322     6484

 COOLING
  YESTERDAY        0                         1     -1        0
  MONTH TO DATE    1                         5     -4        0
  SINCE MAR 1      1                         5     -4        0
  SINCE JAN 1      1                         5     -4        0
..................................................................


WIND (MPH)
  HIGHEST WIND SPEED    38   HIGHEST WIND DIRECTION    SE (150)
  HIGHEST GUST SPEED    51   HIGHEST GUST DIRECTION    SE (140)
  AVERAGE WIND SPEED    20.8


SKY COVER
  POSSIBLE SUNSHINE  MM
  AVERAGE SKY COVER 0.3


WEATHER CONDITIONS
 THE FOLLOWING WEATHER WAS RECORDED YESTERDAY.
  THUNDERSTORM
  RAIN
  LIGHT RAIN
  FOG


RELATIVE HUMIDITY (PERCENT)
 HIGHEST    80          1000 PM
 LOWEST     38           400 PM
 AVERAGE    59

..........................................................


THE NORFOLK, NEBRASKA CLIMATE NORMALS FOR TODAY
                         NORMAL    RECORD    YEAR
 MAXIMUM TEMPERATURE (F)   65        90      2012
 MINIMUM TEMPERATURE (F)   41        20      1956


SUNRISE AND SUNSET
APRIL 24 2014.........SUNRISE   636 AM CDT   SUNSET   821 PM CDT
APRIL 25 2014.........SUNRISE   634 AM CDT   SUNSET   822 PM CDT


-  INDICATES NEGATIVE NUMBERS.
R  INDICATES RECORD WAS SET OR TIED.
MM INDICATES DATA IS MISSING.
T  INDICATES TRACE AMOUNT.




$$
