171
CDUS43 KOAX 231138
CLIOFK


CLIMATE REPORT
NATIONAL WEATHER SERVICE OMAHA NEBRASKA
637 AM CDT SAT JUL 23 2016


...................................

...THE NORFOLK, NEBRASKA CLIMATE SUMMARY FOR JULY 22 2016...

CLIMATE NORMAL PERIOD 1981 TO 2010
CLIMATE RECORD PERIOD 1888 TO 2016


WEATHER ITEM   OBSERVED TIME   RECORD YEAR NORMAL DEPARTURE LAST
                VALUE   (LST)  VALUE       VALUE  FROM      YEAR
                                                  NORMAL
..................................................................
TEMPERATURE (F)
 YESTERDAY
  MAXIMUM         92    522 PM 107    1901  87      5       79
  MINIMUM         74    536 AM  46    1942  64     10       64
  AVERAGE         83                        75      8       72

PRECIPITATION (IN)
  YESTERDAY        0.00          1.15 1910   0.11  -0.11     0.00
  MONTH TO DATE    2.68                      2.40   0.28     5.08
  SINCE JUN 1      5.89                      6.66  -0.77     9.68
  SINCE JAN 1     22.34                     16.36   5.98    16.64

SNOWFALL (IN)
  YESTERDAY        0.0                       0.0    0.0      0.0
  MONTH TO DATE    0.0                       0.0    0.0      0.0
  SINCE JUL 1      0.0                       0.0    0.0      0.0
  SNOW DEPTH       0

DEGREE DAYS
 HEATING
  YESTERDAY        0                         0      0        0
  MONTH TO DATE    7                         0      7        4
  SINCE JUN 1     10                        30    -20        7
  SINCE JUL 1      7                         0      7        4

 COOLING
  YESTERDAY       18                        10      8        7
  MONTH TO DATE  213                       218     -5      199
  SINCE JUN 1    489                       404     85      385
  SINCE JAN 1    527                       465     62      418
..................................................................


WIND (MPH)
  HIGHEST WIND SPEED    13   HIGHEST WIND DIRECTION    SE (130)
  HIGHEST GUST SPEED    17   HIGHEST GUST DIRECTION    SE (120)
  AVERAGE WIND SPEED     5.7


SKY COVER
  POSSIBLE SUNSHINE  MM
  AVERAGE SKY COVER 0.1


WEATHER CONDITIONS
 THE FOLLOWING WEATHER WAS RECORDED YESTERDAY.
  FOG
  FOG W/VISIBILITY <= 1/4 MILE


RELATIVE HUMIDITY (PERCENT)
 HIGHEST   100          1200 AM
 LOWEST     56          1100 AM
 AVERAGE    78

..........................................................


THE NORFOLK, NEBRASKA CLIMATE NORMALS FOR TODAY
                         NORMAL    RECORD    YEAR
 MAXIMUM TEMPERATURE (F)   87       104      2012
                                             1936
                                             1901
 MINIMUM TEMPERATURE (F)   64        48      1909
                                             1906
                                             1904


SUNRISE AND SUNSET
JULY 23 2016..........SUNRISE   615 AM CDT   SUNSET   857 PM CDT
JULY 24 2016..........SUNRISE   616 AM CDT   SUNSET   856 PM CDT


-  INDICATES NEGATIVE NUMBERS.
R  INDICATES RECORD WAS SET OR TIED.
MM INDICATES DATA IS MISSING.
T  INDICATES TRACE AMOUNT.




$$
