000
CDUS43 KOAX 270634
CLIOFK


CLIMATE REPORT
NATIONAL WEATHER SERVICE OMAHA NEBRASKA
1230 AM CST SAT DEC 27 2014


...................................

...THE NORFOLK, NEBRASKA CLIMATE SUMMARY FOR DECEMBER 26 2014...

CLIMATE NORMAL PERIOD 1981 TO 2010
CLIMATE RECORD PERIOD 1888 TO 2014


WEATHER ITEM   OBSERVED TIME   RECORD YEAR NORMAL DEPARTURE LAST
                VALUE   (LST)  VALUE       VALUE  FROM      YEAR
                                                  NORMAL
..................................................................
TEMPERATURE (F)
 YESTERDAY
  MAXIMUM         33   1233 AM  64    1928  32      1       51
  MINIMUM         23   1159 PM -17    1902  13     10       20
  AVERAGE         28                        23      5       36

PRECIPITATION (IN)
  YESTERDAY        0.13          0.55 1941   0.02   0.11     0.00
  MONTH TO DATE    1.12                      0.65   0.47     0.13
  SINCE DEC 1      1.12                      0.65   0.47     0.13
  SINCE JAN 1     29.63                     27.31   2.32    24.92

SNOWFALL (IN)
  YESTERDAY        1.9                       0.1    1.8      0.0
  MONTH TO DATE    4.4                       5.1   -0.7      2.1
  SINCE JUL 1      8.1                      10.0   -1.9      3.0
  SNOW DEPTH       0

DEGREE DAYS
 HEATING
  YESTERDAY       37                        42     -5       29
  MONTH TO DATE  852                      1048   -196     1173
  SINCE DEC 1    852                      1048   -196     1173
  SINCE JUL 1   2345                      2493   -148     2559

 COOLING
  YESTERDAY        0                         0      0        0
  MONTH TO DATE    0                         0      0        0
  SINCE DEC 1      0                         0      0        0
  SINCE JAN 1    812                       915   -103     1005
..................................................................


WIND (MPH)
  HIGHEST WIND SPEED    24   HIGHEST WIND DIRECTION     N (360)
  HIGHEST GUST SPEED    32   HIGHEST GUST DIRECTION     N (350)
  AVERAGE WIND SPEED    16.5


SKY COVER
  POSSIBLE SUNSHINE  MM
  AVERAGE SKY COVER 1.0


WEATHER CONDITIONS
 THE FOLLOWING WEATHER WAS RECORDED YESTERDAY.
  LT FREEZING RAIN
  LIGHT SNOW
  FOG


RELATIVE HUMIDITY (PERCENT)
 HIGHEST   100           100 AM
 LOWEST     81          1000 PM
 AVERAGE    91

..........................................................


THE NORFOLK, NEBRASKA CLIMATE NORMALS FOR TODAY
                         NORMAL    RECORD    YEAR
 MAXIMUM TEMPERATURE (F)   32        62      2013
 MINIMUM TEMPERATURE (F)   13       -14      1894


SUNRISE AND SUNSET
DECEMBER 27 2014......SUNRISE   757 AM CST   SUNSET   505 PM CST
DECEMBER 28 2014......SUNRISE   757 AM CST   SUNSET   506 PM CST


-  INDICATES NEGATIVE NUMBERS.
R  INDICATES RECORD WAS SET OR TIED.
MM INDICATES DATA IS MISSING.
T  INDICATES TRACE AMOUNT.




$$
