000
CDUS43 KOAX 300703
CLIOFK


CLIMATE REPORT
NATIONAL WEATHER SERVICE OMAHA NEBRASKA
203 AM CDT SAT AUG 30 2014


...................................

...THE NORFOLK, NEBRASKA CLIMATE SUMMARY FOR AUGUST 29 2014...

CLIMATE NORMAL PERIOD 1981 TO 2010
CLIMATE RECORD PERIOD 1888 TO 2014


WEATHER ITEM   OBSERVED TIME   RECORD YEAR NORMAL DEPARTURE LAST
                VALUE   (LST)  VALUE       VALUE  FROM      YEAR
                                                  NORMAL
..................................................................
TEMPERATURE (F)
 YESTERDAY
  MAXIMUM         76    552 PM 102    2012  82     -6       94
  MINIMUM         64   1141 PM  40    1909  59      5       64
                                      1893
  AVERAGE         70                        70      0       79

PRECIPITATION (IN)
  YESTERDAY        T             1.70 1993   0.09  -0.09     0.00
  MONTH TO DATE    5.87                      3.06   2.81     3.58
  SINCE JUN 1     18.39                     10.64   7.75     6.99
  SINCE JAN 1     23.88                     20.34   3.54    18.41

SNOWFALL (IN)
  YESTERDAY        0.0                       0.0    0.0      0.0
  MONTH TO DATE    0.0                       0.0    0.0      0.0
  SINCE JUL 1      0.0                       0.0    0.0      0.0
  SNOW DEPTH       0

DEGREE DAYS
 HEATING
  YESTERDAY        0                         1     -1        0
  MONTH TO DATE    0                         6     -6        3
  SINCE JUN 1     37                        40     -3       58
  SINCE JUL 1     12                        10      2       16

 COOLING
  YESTERDAY        5                         6     -1       14
  MONTH TO DATE  227                       244    -17      258
  SINCE JUN 1    617                       744   -127      732
  SINCE JAN 1    714                       805    -91      796
..................................................................


WIND (MPH)
  HIGHEST WIND SPEED    13   HIGHEST WIND DIRECTION    NW (300)
  HIGHEST GUST SPEED    16   HIGHEST GUST DIRECTION     W (280)
  AVERAGE WIND SPEED     5.8


SKY COVER
  POSSIBLE SUNSHINE  MM
  AVERAGE SKY COVER 0.5


WEATHER CONDITIONS
 THE FOLLOWING WEATHER WAS RECORDED YESTERDAY.
  THUNDERSTORM
  FOG


RELATIVE HUMIDITY (PERCENT)
 HIGHEST    97           400 AM
 LOWEST     74           400 PM
 AVERAGE    86

..........................................................


THE NORFOLK, NEBRASKA CLIMATE NORMALS FOR TODAY
                         NORMAL    RECORD    YEAR
 MAXIMUM TEMPERATURE (F)   82       102      2012
 MINIMUM TEMPERATURE (F)   58        37      1915


SUNRISE AND SUNSET
AUGUST 30 2014........SUNRISE   653 AM CDT   SUNSET   807 PM CDT
AUGUST 31 2014........SUNRISE   654 AM CDT   SUNSET   805 PM CDT


-  INDICATES NEGATIVE NUMBERS.
R  INDICATES RECORD WAS SET OR TIED.
MM INDICATES DATA IS MISSING.
T  INDICATES TRACE AMOUNT.




$$
