000
CDUS43 KOAX 302159
CLIOFK


CLIMATE REPORT
NATIONAL WEATHER SERVICE OMAHA NEBRASKA
457 PM CDT THU MAR 30 2017


...................................

...THE NORFOLK, NEBRASKA CLIMATE SUMMARY FOR MARCH 30 2017...
VALID TODAY AS OF 0400 PM LOCAL TIME.

CLIMATE NORMAL PERIOD 1981 TO 2010
CLIMATE RECORD PERIOD 1888 TO 2017


WEATHER ITEM   OBSERVED TIME   RECORD YEAR NORMAL DEPARTURE LAST
                VALUE   (LST)  VALUE       VALUE  FROM      YEAR
                                                  NORMAL
..................................................................
TEMPERATURE (F)
 TODAY
  MAXIMUM         43    259 PM  87    1968  55    -12       60
  MINIMUM         37    602 AM  10    1944  31      6       44
  AVERAGE         40                        43     -3       52

PRECIPITATION (IN)
  TODAY            0.01          1.05 1949   0.08  -0.07     0.02
  MONTH TO DATE    1.21                      1.69  -0.48     2.36
  SINCE MAR 1      1.21                      1.69  -0.48     2.36
  SINCE JAN 1      3.45                      3.04   0.41     4.51

SNOWFALL (IN)
  TODAY            0.0                       0.1   -0.1      0.0
  MONTH TO DATE    2.1                       4.9   -2.8     12.0
  SINCE JUL 1     30.2                      27.7    2.5     53.0
  SNOW DEPTH       0

DEGREE DAYS
 HEATING
  TODAY           25                        22      3       13
  MONTH TO DATE  749                       834    -85      641
  SINCE MAR 1    749                       834    -85      641
  SINCE JUL 1   5204                      5927   -723     4942

 COOLING
  TODAY            0                         0      0        0
  MONTH TO DATE    0                         0      0        0
  SINCE MAR 1      0                         0      0        0
  SINCE JAN 1      0                         0      0        0
..................................................................


WIND (MPH)
  HIGHEST WIND SPEED    21   HIGHEST WIND DIRECTION     N (020)
  HIGHEST GUST SPEED    25   HIGHEST GUST DIRECTION     N (020)
  AVERAGE WIND SPEED    14.0


SKY COVER
  POSSIBLE SUNSHINE  MM
  AVERAGE SKY COVER 0.9


WEATHER CONDITIONS
 THE FOLLOWING WEATHER WAS RECORDED TODAY.
  LIGHT RAIN
  FOG


RELATIVE HUMIDITY (PERCENT)
 HIGHEST    92           100 AM
 LOWEST     76           200 PM
 AVERAGE    84

..........................................................


THE NORFOLK, NEBRASKA CLIMATE NORMALS FOR TOMORROW
                         NORMAL    RECORD    YEAR
 MAXIMUM TEMPERATURE (F)   56        90      1943
 MINIMUM TEMPERATURE (F)   31        -3      1924


SUNRISE AND SUNSET
MARCH 30 2017.........SUNRISE   715 AM CDT   SUNSET   753 PM CDT
MARCH 31 2017.........SUNRISE   714 AM CDT   SUNSET   755 PM CDT


-  INDICATES NEGATIVE NUMBERS.
R  INDICATES RECORD WAS SET OR TIED.
MM INDICATES DATA IS MISSING.
T  INDICATES TRACE AMOUNT.




$$
