000
CDUS43 KOAX 190713
CLIOFK


CLIMATE REPORT
NATIONAL WEATHER SERVICE OMAHA NEBRASKA
112 AM CST THU JAN 19 2017


...................................

...THE NORFOLK, NEBRASKA CLIMATE SUMMARY FOR JANUARY 18 2017...

CLIMATE NORMAL PERIOD 1981 TO 2010
CLIMATE RECORD PERIOD 1888 TO 2017


WEATHER ITEM   OBSERVED TIME   RECORD YEAR NORMAL DEPARTURE LAST
                VALUE   (LST)  VALUE       VALUE  FROM      YEAR
                                                  NORMAL
..................................................................
TEMPERATURE (F)
 YESTERDAY
  MAXIMUM         49    345 PM  61    1951  33     16       17
  MINIMUM         27    758 AM -21    1940  12     15       -7
  AVERAGE         38                        22     16        5

PRECIPITATION (IN)
  YESTERDAY        0.00          0.39 1975   0.02  -0.02      T
  MONTH TO DATE    0.66                      0.33   0.33     0.27
  SINCE DEC 1      1.50                      1.08   0.42     2.54
  SINCE JAN 1      0.66                      0.33   0.33     0.27

SNOWFALL (IN)
  YESTERDAY        0.0                       0.2   -0.2       T
  MONTH TO DATE    2.4                       3.5   -1.1      2.4
  SINCE JUL 1      8.5                      14.4   -5.9     22.4
  SNOW DEPTH       0

DEGREE DAYS
 HEATING
  YESTERDAY       27                        43    -16       60
  MONTH TO DATE  835                       774     61      809
  SINCE DEC 1   2120                      2035     85     1871
  SINCE JUL 1   3165                      3480   -315     2892

 COOLING
  YESTERDAY        0                         0      0        0
  MONTH TO DATE    0                         0      0        0
  SINCE DEC 1      0                         0      0        0
  SINCE JAN 1      0                         0      0        0
..................................................................


WIND (MPH)
  HIGHEST WIND SPEED    17   HIGHEST WIND DIRECTION     S (190)
  HIGHEST GUST SPEED    23   HIGHEST GUST DIRECTION    SW (240)
  AVERAGE WIND SPEED     9.6


SKY COVER
  POSSIBLE SUNSHINE  MM
  AVERAGE SKY COVER 0.0


WEATHER CONDITIONS
 THE FOLLOWING WEATHER WAS RECORDED YESTERDAY.
  NO SIGNIFICANT WEATHER WAS OBSERVED.


RELATIVE HUMIDITY (PERCENT)
 HIGHEST    92          1200 AM
 LOWEST     71           200 PM
 AVERAGE    82

..........................................................


THE NORFOLK, NEBRASKA CLIMATE NORMALS FOR TODAY
                         NORMAL    RECORD    YEAR
 MAXIMUM TEMPERATURE (F)   33        66      2014
                                             1921
 MINIMUM TEMPERATURE (F)   12       -27      1943


SUNRISE AND SUNSET
JANUARY 19 2017.......SUNRISE   753 AM CST   SUNSET   529 PM CST
JANUARY 20 2017.......SUNRISE   752 AM CST   SUNSET   530 PM CST


-  INDICATES NEGATIVE NUMBERS.
R  INDICATES RECORD WAS SET OR TIED.
MM INDICATES DATA IS MISSING.
T  INDICATES TRACE AMOUNT.




$$
