000
CDUS43 KOAX 190627
CLIOFK


CLIMATE REPORT
NATIONAL WEATHER SERVICE OMAHA NEBRASKA
125 AM CDT SAT APR 19 2014


...................................

...THE NORFOLK, NEBRASKA CLIMATE SUMMARY FOR APRIL 18 2014...

CLIMATE NORMAL PERIOD 1981 TO 2010
CLIMATE RECORD PERIOD 1888 TO 2014


WEATHER ITEM   OBSERVED TIME   RECORD YEAR NORMAL DEPARTURE LAST
                VALUE   (LST)  VALUE       VALUE  FROM      YEAR
                                                  NORMAL
..................................................................
TEMPERATURE (F)
 YESTERDAY
  MAXIMUM         70    404 PM  93    1994  63      7       32
  MINIMUM         32   1219 AM  19    1953  38     -6       28
  AVERAGE         51                        51      0       30

PRECIPITATION (IN)
  YESTERDAY        0.00          1.05 1925   0.09  -0.09     0.17
  MONTH TO DATE    1.46                      1.47  -0.01     3.15
  SINCE MAR 1      1.83                      3.24  -1.41     4.43
  SINCE JAN 1      2.39                      4.59  -2.20     5.33

SNOWFALL (IN)
  YESTERDAY        0.0                       0.1   -0.1      1.8
  MONTH TO DATE    4.5                       1.9    2.6      4.6
  SINCE JUL 1     19.9                      29.8   -9.9     25.3
  SNOW DEPTH       0

DEGREE DAYS
 HEATING
  YESTERDAY       14                        15     -1       35
  MONTH TO DATE  347                       323     24      425
  SINCE MAR 1   1291                      1179    112     1417
  SINCE JUL 1   6641                      6272    369     6338

 COOLING
  YESTERDAY        0                         0      0        0
  MONTH TO DATE    0                         0      0        0
  SINCE MAR 1      0                         0      0        0
  SINCE JAN 1      0                         0      0        0
..................................................................


WIND (MPH)
  HIGHEST WIND SPEED    30   HIGHEST WIND DIRECTION     S (160)
  HIGHEST GUST SPEED    40   HIGHEST GUST DIRECTION    SE (150)
  AVERAGE WIND SPEED    17.0


SKY COVER
  POSSIBLE SUNSHINE  MM
  AVERAGE SKY COVER 0.1


WEATHER CONDITIONS
 THE FOLLOWING WEATHER WAS RECORDED YESTERDAY.
  HAZE


RELATIVE HUMIDITY (PERCENT)
 HIGHEST    75           600 AM
 LOWEST     33           300 PM
 AVERAGE    54

..........................................................


THE NORFOLK, NEBRASKA CLIMATE NORMALS FOR TODAY
                         NORMAL    RECORD    YEAR
 MAXIMUM TEMPERATURE (F)   63        90      1987
 MINIMUM TEMPERATURE (F)   39        13      1907


SUNRISE AND SUNSET
APRIL 19 2014.........SUNRISE   643 AM CDT   SUNSET   815 PM CDT
APRIL 20 2014.........SUNRISE   642 AM CDT   SUNSET   816 PM CDT


-  INDICATES NEGATIVE NUMBERS.
R  INDICATES RECORD WAS SET OR TIED.
MM INDICATES DATA IS MISSING.
T  INDICATES TRACE AMOUNT.




$$
