000
CDUS43 KOAX 200625
CLIOFK


CLIMATE REPORT
NATIONAL WEATHER SERVICE OMAHA NEBRASKA
123 AM CDT MON OCT 20 2014


...................................

...THE NORFOLK, NEBRASKA CLIMATE SUMMARY FOR OCTOBER 19 2014...

CLIMATE NORMAL PERIOD 1981 TO 2010
CLIMATE RECORD PERIOD 1888 TO 2014


WEATHER ITEM   OBSERVED TIME   RECORD YEAR NORMAL DEPARTURE LAST
                VALUE   (LST)  VALUE       VALUE  FROM      YEAR
                                                  NORMAL
..................................................................
TEMPERATURE (F)
 YESTERDAY
  MAXIMUM         75    401 PM  90    1921  62     13       62
  MINIMUM         43    319 AM  12    1917  38      5       34
  AVERAGE         59                        50      9       48

PRECIPITATION (IN)
  YESTERDAY        0.00          1.03 1919   0.07  -0.07     0.00
  MONTH TO DATE    0.39                      1.43  -1.04     4.32
  SINCE SEP 1      2.39                      4.12  -1.73     5.17
  SINCE JAN 1     27.61                     24.65   2.96    23.58

SNOWFALL (IN)
  YESTERDAY        0.0                       0.0    0.0      0.0
  MONTH TO DATE    0.0                       0.2   -0.2      0.0
  SINCE JUL 1      0.0                       0.2   -0.2      0.0
  SNOW DEPTH       0

DEGREE DAYS
 HEATING
  YESTERDAY        6                        15     -9       17
  MONTH TO DATE  226                       228     -2      206
  SINCE SEP 1    343                       354    -11      235
  SINCE JUL 1    355                       370    -15      251

 COOLING
  YESTERDAY        0                         0      0        0
  MONTH TO DATE    3                         8     -5        9
  SINCE SEP 1     84                        98    -14      181
  SINCE JAN 1    811                       914   -103     1005
..................................................................


WIND (MPH)
  HIGHEST WIND SPEED    21   HIGHEST WIND DIRECTION    SW (230)
  HIGHEST GUST SPEED    25   HIGHEST GUST DIRECTION    SW (220)
  AVERAGE WIND SPEED    10.2


SKY COVER
  POSSIBLE SUNSHINE  MM
  AVERAGE SKY COVER 0.0


WEATHER CONDITIONS
 THE FOLLOWING WEATHER WAS RECORDED YESTERDAY.
  NO SIGNIFICANT WEATHER WAS OBSERVED.


RELATIVE HUMIDITY (PERCENT)
 HIGHEST    83           600 AM
 LOWEST     35           400 PM
 AVERAGE    59

..........................................................


THE NORFOLK, NEBRASKA CLIMATE NORMALS FOR TODAY
                         NORMAL    RECORD    YEAR
 MAXIMUM TEMPERATURE (F)   62        90      1947
 MINIMUM TEMPERATURE (F)   37        15      1989


SUNRISE AND SUNSET
OCTOBER 20 2014.......SUNRISE   748 AM CDT   SUNSET   640 PM CDT
OCTOBER 21 2014.......SUNRISE   749 AM CDT   SUNSET   639 PM CDT


-  INDICATES NEGATIVE NUMBERS.
R  INDICATES RECORD WAS SET OR TIED.
MM INDICATES DATA IS MISSING.
T  INDICATES TRACE AMOUNT.




$$
