000
CDUS43 KOAX 270628
CLIOFK


CLIMATE REPORT
NATIONAL WEATHER SERVICE OMAHA NEBRASKA
1228 AM CST MON FEB 27 2017


...................................

...THE NORFOLK, NEBRASKA CLIMATE SUMMARY FOR FEBRUARY 26 2017...

CLIMATE NORMAL PERIOD 1981 TO 2010
CLIMATE RECORD PERIOD 1888 TO 2017


WEATHER ITEM   OBSERVED TIME   RECORD YEAR NORMAL DEPARTURE LAST
                VALUE   (LST)  VALUE       VALUE  FROM      YEAR
                                                  NORMAL
..................................................................
TEMPERATURE (F)
 YESTERDAY
  MAXIMUM         37    501 PM  72    1896  41     -4       54
  MINIMUM         16    218 AM -22    1934  20     -4       22
  AVERAGE         27                        30     -3       38

PRECIPITATION (IN)
  YESTERDAY        0.00          0.70 1899   0.04  -0.04     0.00
  MONTH TO DATE    0.99                      0.70   0.29     1.58
  SINCE DEC 1      3.08                      2.04   1.04     4.42
  SINCE JAN 1      2.24                      1.29   0.95     2.15

SNOWFALL (IN)
  YESTERDAY        0.0                       0.2   -0.2      0.0
  MONTH TO DATE   11.0                       5.2    5.8     16.5
  SINCE JUL 1     28.1                      22.5    5.6     41.0
  SNOW DEPTH       3

DEGREE DAYS
 HEATING
  YESTERDAY       38                        35      3       27
  MONTH TO DATE  794                      1001   -207      872
  SINCE DEC 1   3347                      3578   -231     3215
  SINCE JUL 1   4392                      5023   -631     4236

 COOLING
  YESTERDAY        0                         0      0        0
  MONTH TO DATE    0                         0      0        0
  SINCE DEC 1      0                         0      0        0
  SINCE JAN 1      0                         0      0        0
..................................................................


WIND (MPH)
  HIGHEST WIND SPEED    15   HIGHEST WIND DIRECTION     W (250)
  HIGHEST GUST SPEED    18   HIGHEST GUST DIRECTION     W (250)
  AVERAGE WIND SPEED     8.4


SKY COVER
  POSSIBLE SUNSHINE  MM
  AVERAGE SKY COVER 0.0


WEATHER CONDITIONS
 THE FOLLOWING WEATHER WAS RECORDED YESTERDAY.
  NO SIGNIFICANT WEATHER WAS OBSERVED.


RELATIVE HUMIDITY (PERCENT)
 HIGHEST    77           100 AM
 LOWEST     54           500 PM
 AVERAGE    66

..........................................................


THE NORFOLK, NEBRASKA CLIMATE NORMALS FOR TODAY
                         NORMAL    RECORD    YEAR
 MAXIMUM TEMPERATURE (F)   41        75      2016
 MINIMUM TEMPERATURE (F)   20       -18      1899


SUNRISE AND SUNSET
FEBRUARY 27 2017......SUNRISE   707 AM CST   SUNSET   618 PM CST
FEBRUARY 28 2017......SUNRISE   706 AM CST   SUNSET   619 PM CST


-  INDICATES NEGATIVE NUMBERS.
R  INDICATES RECORD WAS SET OR TIED.
MM INDICATES DATA IS MISSING.
T  INDICATES TRACE AMOUNT.




$$
