000
CDUS43 KOAX 240645
CLIOFK


CLIMATE REPORT
NATIONAL WEATHER SERVICE OMAHA NEBRASKA
144 AM CDT SUN MAY 24 2015


...................................

...THE NORFOLK, NEBRASKA CLIMATE SUMMARY FOR MAY 23 2015...

CLIMATE NORMAL PERIOD 1981 TO 2010
CLIMATE RECORD PERIOD 1888 TO 2015


WEATHER ITEM   OBSERVED TIME   RECORD YEAR NORMAL DEPARTURE LAST
                VALUE   (LST)  VALUE       VALUE  FROM      YEAR
                                                  NORMAL
..................................................................
TEMPERATURE (F)
 YESTERDAY
  MAXIMUM         62    433 PM  95    1950  74    -12       82
  MINIMUM         53    535 AM  35    1913  51      2       49
                                      1893
  AVERAGE         58                        63     -5       66

PRECIPITATION (IN)
  YESTERDAY        0.03          1.36 1997   0.14  -0.11     0.00
  MONTH TO DATE    2.77                      2.83  -0.06     0.43
  SINCE MAR 1      5.53                      7.25  -1.72     4.11
  SINCE JAN 1      6.41                      8.60  -2.19     4.67

SNOWFALL (IN)
  YESTERDAY        0.0                       0.0    0.0      0.0
  MONTH TO DATE    0.0                       0.3   -0.3      0.0
  SINCE JUL 1     20.7                      30.8  -10.1     19.9
  SNOW DEPTH       0

DEGREE DAYS
 HEATING
  YESTERDAY        7                         4      3        0
  MONTH TO DATE  164                       162      2      202
  SINCE MAR 1   1218                      1492   -274     1582
  SINCE JUL 1   6264                      6585   -321     6932

 COOLING
  YESTERDAY        0                         2     -2        1
  MONTH TO DATE   18                        30    -12       25
  SINCE MAR 1     23                        42    -19       27
  SINCE JAN 1     23                        42    -19       27
..................................................................


WIND (MPH)
  HIGHEST WIND SPEED    15   HIGHEST WIND DIRECTION    SE (130)
  HIGHEST GUST SPEED    18   HIGHEST GUST DIRECTION    SE (120)
  AVERAGE WIND SPEED     7.6


SKY COVER
  POSSIBLE SUNSHINE  MM
  AVERAGE SKY COVER 1.0


WEATHER CONDITIONS
 THE FOLLOWING WEATHER WAS RECORDED YESTERDAY.
  LIGHT RAIN
  FOG


RELATIVE HUMIDITY (PERCENT)
 HIGHEST    93          1200 AM
 LOWEST     80           900 AM
 AVERAGE    87

..........................................................


THE NORFOLK, NEBRASKA CLIMATE NORMALS FOR TODAY
                         NORMAL    RECORD    YEAR
 MAXIMUM TEMPERATURE (F)   75       102      1967
 MINIMUM TEMPERATURE (F)   51        29      1924


SUNRISE AND SUNSET
MAY 24 2015...........SUNRISE   602 AM CDT   SUNSET   852 PM CDT
MAY 25 2015...........SUNRISE   601 AM CDT   SUNSET   853 PM CDT


-  INDICATES NEGATIVE NUMBERS.
R  INDICATES RECORD WAS SET OR TIED.
MM INDICATES DATA IS MISSING.
T  INDICATES TRACE AMOUNT.




$$
