000
CDUS42 KCAE 060717
CLIOGB


CLIMATE REPORT
NATIONAL WEATHER SERVICE COLUMBIA SC
316 AM EDT FRI MAY 6 2016


...................................

...THE ORANGEBURG AIRPORT SC CLIMATE SUMMARY FOR MAY 5 2016...

CLIMATE NORMAL PERIOD 1981 TO 2010
CLIMATE RECORD PERIOD 9999 TO 9999


WEATHER ITEM   OBSERVED TIME   NORMAL DEPARTURE LAST
                VALUE   (LST)  VALUE  FROM      YEAR
                                      NORMAL
......................................................
TEMPERATURE (F)
 YESTERDAY
  MAXIMUM         70        MM  81    -11       82
  MINIMUM         52        MM  56     -4       52
  AVERAGE         61            68     -7       67

PRECIPITATION (IN)
  YESTERDAY        T             0.08  -0.08     0.00
  MONTH TO DATE    0.30          0.39  -0.09     0.00
  SINCE MAR 1      3.91          7.22  -3.31     6.09
  SINCE JAN 1     11.08         14.79  -3.71    12.94

DEGREE DAYS
 HEATING
  YESTERDAY        4             1      3        0
  MONTH TO DATE    4             5     -1        7
  SINCE MAR 1    224           390   -166      252
  SINCE JUL 1   1625          2322   -697     2326

 COOLING
  YESTERDAY        0             4     -4        2
  MONTH TO DATE   38            20     18        6
  SINCE MAR 1    199           102     97      128
  SINCE JAN 1    205           105    100      128
......................................................


WIND (MPH)
  HIGHEST WIND SPEED    18   HIGHEST WIND DIRECTION     W (290)
  HIGHEST GUST SPEED    22   HIGHEST GUST DIRECTION    NW (300)
  AVERAGE WIND SPEED    10.7


SKY COVER
  AVERAGE SKY COVER 0.2


WEATHER CONDITIONS
 THE FOLLOWING WEATHER WAS RECORDED YESTERDAY.
  NO SIGNIFICANT WEATHER WAS OBSERVED.


RELATIVE HUMIDITY (PERCENT)
 HIGHEST    80          1200 AM
 LOWEST     33           100 PM

..........................................................


THE ORANGEBURG AIRPORT SC CLIMATE NORMALS FOR TODAY
                         NORMAL    RECORD    YEAR
 MAXIMUM TEMPERATURE (F)   82        MM        MM
 MINIMUM TEMPERATURE (F)   56        MM        MM


SUNRISE AND SUNSET
MAY  6 2016...........SUNRISE   630 AM EDT   SUNSET   810 PM EDT
MAY  7 2016...........SUNRISE   629 AM EDT   SUNSET   811 PM EDT


-  INDICATES NEGATIVE NUMBERS.
R  INDICATES RECORD WAS SET OR TIED.
MM INDICATES DATA IS MISSING.
T  INDICATES TRACE AMOUNT.




$$
