000
CDUS42 KCAE 250646
CLIOGB


CLIMATE REPORT
NATIONAL WEATHER SERVICE COLUMBIA SC
145 AM EST SAT FEB 25 2017


...................................

...THE ORANGEBURG AIRPORT SC CLIMATE SUMMARY FOR FEBRUARY 24 2017...

CLIMATE NORMAL PERIOD 1981 TO 2010
CLIMATE RECORD PERIOD 9999 TO 9999


WEATHER ITEM   OBSERVED TIME   NORMAL DEPARTURE LAST
                VALUE   (LST)  VALUE  FROM      YEAR
                                      NORMAL
......................................................
TEMPERATURE (F)
 YESTERDAY
  MAXIMUM         80    343 PM  63     17       80
  MINIMUM         61   1159 PM  40     21       51
  AVERAGE         71            51     20       66

PRECIPITATION (IN)
  YESTERDAY        0.00          0.15  -0.15     0.80
  MONTH TO DATE    1.41          2.98  -1.57     5.08
  SINCE DEC 1     11.05         10.28   0.77    11.96
  SINCE JAN 1      6.65          6.96  -0.31     7.17

DEGREE DAYS
 HEATING
  YESTERDAY        0            14    -14        0
  MONTH TO DATE  199           383   -184      352
  SINCE DEC 1    981          1511   -530     1107
  SINCE JUL 1   1286          1880   -594     1328

 COOLING
  YESTERDAY        6             0      6        1
  MONTH TO DATE   11             0     11        6
  SINCE DEC 1     22             5     17       75
  SINCE JAN 1     18             1     17        6
......................................................


WIND (MPH)
  HIGHEST WIND SPEED    12   HIGHEST WIND DIRECTION     S (170)
  HIGHEST GUST SPEED    14   HIGHEST GUST DIRECTION     S (160)
  AVERAGE WIND SPEED     3.5


SKY COVER
  AVERAGE SKY COVER 0.1


WEATHER CONDITIONS
 THE FOLLOWING WEATHER WAS RECORDED YESTERDAY.
  FOG


RELATIVE HUMIDITY (PERCENT)
 HIGHEST   100           100 AM
 LOWEST     42           400 PM

..........................................................


THE ORANGEBURG AIRPORT SC CLIMATE NORMALS FOR TODAY
                         NORMAL    RECORD    YEAR
 MAXIMUM TEMPERATURE (F)   63        MM        MM
 MINIMUM TEMPERATURE (F)   40        MM        MM


SUNRISE AND SUNSET
FEBRUARY 25 2017......SUNRISE   656 AM EST   SUNSET   617 PM EST
FEBRUARY 26 2017......SUNRISE   655 AM EST   SUNSET   618 PM EST


-  INDICATES NEGATIVE NUMBERS.
R  INDICATES RECORD WAS SET OR TIED.
MM INDICATES DATA IS MISSING.
T  INDICATES TRACE AMOUNT.




$$
