000
CDUS42 KCAE 210533
CLIOGB


CLIMATE REPORT
NATIONAL WEATHER SERVICE COLUMBIA SC
133 AM EDT SAT OCT 21 2017


...................................

...THE ORANGEBURG AIRPORT SC CLIMATE SUMMARY FOR OCTOBER 20 2017...

CLIMATE NORMAL PERIOD 1981 TO 2010
CLIMATE RECORD PERIOD 9999 TO 9999


WEATHER ITEM   OBSERVED TIME   NORMAL DEPARTURE LAST
                VALUE   (LST)  VALUE  FROM      YEAR
                                      NORMAL
......................................................
TEMPERATURE (F)
 YESTERDAY
  MAXIMUM         82    338 PM  75      7       85
  MINIMUM         48    704 AM  52     -4       61
  AVERAGE         65            64      1       73

PRECIPITATION (IN)
  YESTERDAY        0.00          0.11  -0.11     0.00
  MONTH TO DATE    0.83          2.55  -1.72     6.94
  SINCE SEP 1      4.96          6.34  -1.38    16.52
  SINCE JAN 1     33.15         39.65  -6.50    41.04

DEGREE DAYS
 HEATING
  YESTERDAY        0             3     -3        0
  MONTH TO DATE   15            35    -20        7
  SINCE SEP 1     15            39    -24        7
  SINCE JUL 1     15            39    -24        7

 COOLING
  YESTERDAY        0             2     -2        8
  MONTH TO DATE  159            75     84       91
  SINCE SEP 1    494           376    118      471
  SINCE JAN 1   2381          2069    312     2515
......................................................


WIND (MPH)
  HIGHEST WIND SPEED     9   HIGHEST WIND DIRECTION    NE (30)
  HIGHEST GUST SPEED    12   HIGHEST GUST DIRECTION    NE (40)
  AVERAGE WIND SPEED     1.3


SKY COVER
  AVERAGE SKY COVER 0.0


WEATHER CONDITIONS
 THE FOLLOWING WEATHER WAS RECORDED YESTERDAY.
  FOG


RELATIVE HUMIDITY (PERCENT)
 HIGHEST   100           100 AM
 LOWEST     23           400 PM

..........................................................


THE ORANGEBURG AIRPORT SC CLIMATE NORMALS FOR TODAY
                         NORMAL    RECORD    YEAR
 MAXIMUM TEMPERATURE (F)   75        MM        MM
 MINIMUM TEMPERATURE (F)   52        MM        MM


SUNRISE AND SUNSET
OCTOBER 21 2017.......SUNRISE   733 AM EDT   SUNSET   642 PM EDT
OCTOBER 22 2017.......SUNRISE   734 AM EDT   SUNSET   641 PM EDT


-  INDICATES NEGATIVE NUMBERS.
R  INDICATES RECORD WAS SET OR TIED.
MM INDICATES DATA IS MISSING.
T  INDICATES TRACE AMOUNT.




$$
