000
CDUS42 KCAE 280653
CLIOGB


CLIMATE REPORT
NATIONAL WEATHER SERVICE COLUMBIA SC
211 AM EDT THU MAY 28 2015


...................................

...THE ORANGEBURG AIRPORT SC CLIMATE SUMMARY FOR MAY 27 2015...

CLIMATE NORMAL PERIOD 1981 TO 2010
CLIMATE RECORD PERIOD 9999 TO 9999


WEATHER ITEM   OBSERVED TIME   NORMAL DEPARTURE LAST
                VALUE   (LST)  VALUE  FROM      YEAR
                                      NORMAL
......................................................
TEMPERATURE (F)
 YESTERDAY
  MAXIMUM         84    334 PM  86     -2       89
  MINIMUM         68   1159 PM  63      5       67
  AVERAGE         76            74      2       78

PRECIPITATION (IN)
  YESTERDAY        T             0.14  -0.14     0.00
  MONTH TO DATE    2.32          2.59  -0.27     3.48
  SINCE MAR 1      8.41          9.42  -1.01    10.08
  SINCE JAN 1     15.26         16.99  -1.73    16.00

DEGREE DAYS
 HEATING
  YESTERDAY        0             0      0        0
  MONTH TO DATE    7            10     -3        6
  SINCE MAR 1    252           395   -143      470
  SINCE JUL 1   2326          2327     -1     2334

 COOLING
  YESTERDAY       11            10      1       13
  MONTH TO DATE  209           178     31      216
  SINCE MAR 1    331           260     71      299
  SINCE JAN 1    331           263     68      305
......................................................


WIND (MPH)
  HIGHEST WIND SPEED    13   HIGHEST WIND DIRECTION     S (170)
  HIGHEST GUST SPEED    16   HIGHEST GUST DIRECTION    SW (210)
  AVERAGE WIND SPEED     3.8


SKY COVER
  AVERAGE SKY COVER 0.4


WEATHER CONDITIONS
 THE FOLLOWING WEATHER WAS RECORDED YESTERDAY.
  THUNDERSTORM
  LIGHT RAIN


RELATIVE HUMIDITY (PERCENT)
 HIGHEST    93           300 AM
 LOWEST     58           100 PM

..........................................................


THE ORANGEBURG AIRPORT SC CLIMATE NORMALS FOR TODAY
                         NORMAL    RECORD    YEAR
 MAXIMUM TEMPERATURE (F)   86        MM        MM
 MINIMUM TEMPERATURE (F)   64        MM        MM


SUNRISE AND SUNSET
MAY 28 2015...........SUNRISE   616 AM EDT   SUNSET   826 PM EDT
MAY 29 2015...........SUNRISE   616 AM EDT   SUNSET   826 PM EDT


-  INDICATES NEGATIVE NUMBERS.
R  INDICATES RECORD WAS SET OR TIED.
MM INDICATES DATA IS MISSING.
T  INDICATES TRACE AMOUNT.




$$
