000
CDUS42 KCAE 310632
CLIOGB


CLIMATE REPORT
NATIONAL WEATHER SERVICE COLUMBIA SC
231 AM EDT TUE MAY 31 2016


...................................

...THE ORANGEBURG AIRPORT SC CLIMATE SUMMARY FOR MAY 30 2016...

CLIMATE NORMAL PERIOD 1981 TO 2010
CLIMATE RECORD PERIOD 9999 TO 9999


WEATHER ITEM   OBSERVED TIME   NORMAL DEPARTURE LAST
                VALUE   (LST)  VALUE  FROM      YEAR
                                      NORMAL
......................................................
TEMPERATURE (F)
 YESTERDAY
  MAXIMUM         77    613 PM  86     -9       89
  MINIMUM         68    732 AM  64      4       65
  AVERAGE         73            75     -2       77

PRECIPITATION (IN)
  YESTERDAY        0.27          0.16   0.11      T
  MONTH TO DATE    3.78          3.05   0.73     2.32
  SINCE MAR 1      7.39          9.88  -2.49     8.41
  SINCE JAN 1     14.56         17.45  -2.89    15.26

DEGREE DAYS
 HEATING
  YESTERDAY        0             0      0        0
  MONTH TO DATE    8            10     -2        7
  SINCE MAR 1    228           395   -167      252
  SINCE JUL 1   1629          2327   -698     2326

 COOLING
  YESTERDAY        8            10     -2       12
  MONTH TO DATE  214           208      6      241
  SINCE MAR 1    375           290     85      363
  SINCE JAN 1    381           293     88      363
......................................................


WIND (MPH)
  HIGHEST WIND SPEED    13   HIGHEST WIND DIRECTION    NW (320)
  HIGHEST GUST SPEED    18   HIGHEST GUST DIRECTION    NW (330)
  AVERAGE WIND SPEED     4.9


SKY COVER
  AVERAGE SKY COVER 0.9


WEATHER CONDITIONS
 THE FOLLOWING WEATHER WAS RECORDED YESTERDAY.
  RAIN
  LIGHT RAIN
  FOG


RELATIVE HUMIDITY (PERCENT)
 HIGHEST    93           300 AM
 LOWEST     82           100 PM

..........................................................


THE ORANGEBURG AIRPORT SC CLIMATE NORMALS FOR TODAY
                         NORMAL    RECORD    YEAR
 MAXIMUM TEMPERATURE (F)   86        MM        MM
 MINIMUM TEMPERATURE (F)   64        MM        MM


SUNRISE AND SUNSET
MAY 31 2016...........SUNRISE   615 AM EDT   SUNSET   828 PM EDT
JUNE  1 2016..........SUNRISE   614 AM EDT   SUNSET   829 PM EDT


-  INDICATES NEGATIVE NUMBERS.
R  INDICATES RECORD WAS SET OR TIED.
MM INDICATES DATA IS MISSING.
T  INDICATES TRACE AMOUNT.




$$
