000
CDUS42 KCAE 180537
CLIOGB


CLIMATE REPORT
NATIONAL WEATHER SERVICE COLUMBIA SC
1237 AM EST WED JAN 18 2017


...................................

...THE ORANGEBURG AIRPORT SC CLIMATE SUMMARY FOR JANUARY 17 2017...

CLIMATE NORMAL PERIOD 1981 TO 2010
CLIMATE RECORD PERIOD 9999 TO 9999


WEATHER ITEM   OBSERVED TIME   NORMAL DEPARTURE LAST
                VALUE   (LST)  VALUE  FROM      YEAR
                                      NORMAL
......................................................
TEMPERATURE (F)
 YESTERDAY
  MAXIMUM         75    403 PM  56     19       50
  MINIMUM         56    759 AM  35     21       35
  AVERAGE         66            46     20       43

PRECIPITATION (IN)
  YESTERDAY        0.00          0.12  -0.12     0.03
  MONTH TO DATE    2.38          2.03   0.35     1.04
  SINCE DEC 1      6.78          5.35   1.43     5.83
  SINCE JAN 1      2.38          2.03   0.35     1.04

DEGREE DAYS
 HEATING
  YESTERDAY        0            19    -19       22
  MONTH TO DATE  207           335   -128      312
  SINCE DEC 1    654           870   -216      463
  SINCE JUL 1    959          1239   -280      684

 COOLING
  YESTERDAY        1             0      1        0
  MONTH TO DATE    3             0      3        0
  SINCE DEC 1      7             4      3       69
  SINCE JAN 1      3             0      3        0
......................................................


WIND (MPH)
  HIGHEST WIND SPEED    15   HIGHEST WIND DIRECTION    SW (230)
  HIGHEST GUST SPEED    19   HIGHEST GUST DIRECTION    SW (220)
  AVERAGE WIND SPEED     5.2


SKY COVER
  AVERAGE SKY COVER 0.6


WEATHER CONDITIONS
 THE FOLLOWING WEATHER WAS RECORDED YESTERDAY.
  FOG
  FOG W/VISIBILITY <= 1/4 MILE


RELATIVE HUMIDITY (PERCENT)
 HIGHEST   100          1200 AM
 LOWEST     50           400 PM

..........................................................


THE ORANGEBURG AIRPORT SC CLIMATE NORMALS FOR TODAY
                         NORMAL    RECORD    YEAR
 MAXIMUM TEMPERATURE (F)   56        MM        MM
 MINIMUM TEMPERATURE (F)   35        MM        MM


SUNRISE AND SUNSET
JANUARY 18 2017.......SUNRISE   727 AM EST   SUNSET   542 PM EST
JANUARY 19 2017.......SUNRISE   726 AM EST   SUNSET   543 PM EST


-  INDICATES NEGATIVE NUMBERS.
R  INDICATES RECORD WAS SET OR TIED.
MM INDICATES DATA IS MISSING.
T  INDICATES TRACE AMOUNT.




$$
