000
CDUS42 KCAE 260632
CLIOGB


CLIMATE REPORT
NATIONAL WEATHER SERVICE COLUMBIA SC
131 AM EST FRI DEC 26 2014


...................................

...THE ORANGEBURG AIRPORT SC CLIMATE SUMMARY FOR DECEMBER 25 2014...

CLIMATE NORMAL PERIOD 1981 TO 2010
CLIMATE RECORD PERIOD 9999 TO 9999


WEATHER ITEM   OBSERVED TIME   NORMAL DEPARTURE LAST
                VALUE   (LST)  VALUE  FROM      YEAR
                                      NORMAL
......................................................
TEMPERATURE (F)
 YESTERDAY
  MAXIMUM         62   1205 AM  57      5       47
  MINIMUM         40   1159 PM  35      5       29
  AVERAGE         51            46      5       38

PRECIPITATION (IN)
  YESTERDAY        T             0.10  -0.10     0.00
  MONTH TO DATE    3.27          2.78   0.49     2.71
  SINCE DEC 1      3.27          2.78   0.49     2.71
  SINCE JAN 1     47.08         46.19   0.89    53.87

DEGREE DAYS
 HEATING
  YESTERDAY       14            19     -5       27
  MONTH TO DATE  347           420    -73      293
  SINCE DEC 1    347           420    -73      293
  SINCE JUL 1    819           789     30      689

 COOLING
  YESTERDAY        0             0      0        0
  MONTH TO DATE    0             0      0       17
  SINCE DEC 1      0             0      0       17
  SINCE JAN 1   2250          2102    148     2059
......................................................


WIND (MPH)
  HIGHEST WIND SPEED    20   HIGHEST WIND DIRECTION     W (270)
  HIGHEST GUST SPEED    27   HIGHEST GUST DIRECTION     W (270)
  AVERAGE WIND SPEED     8.0


SKY COVER
  AVERAGE SKY COVER 0.1


WEATHER CONDITIONS
 THE FOLLOWING WEATHER WAS RECORDED YESTERDAY.
  LIGHT RAIN
  FOG


RELATIVE HUMIDITY (PERCENT)
 HIGHEST    89           900 PM
 LOWEST     40           400 PM

..........................................................


THE ORANGEBURG AIRPORT SC CLIMATE NORMALS FOR TODAY
                         NORMAL    RECORD    YEAR
 MAXIMUM TEMPERATURE (F)   56        MM        MM
 MINIMUM TEMPERATURE (F)   35        MM        MM


SUNRISE AND SUNSET
DECEMBER 26 2014......SUNRISE   726 AM EST   SUNSET   522 PM EST
DECEMBER 27 2014......SUNRISE   726 AM EST   SUNSET   523 PM EST


-  INDICATES NEGATIVE NUMBERS.
R  INDICATES RECORD WAS SET OR TIED.
MM INDICATES DATA IS MISSING.
T  INDICATES TRACE AMOUNT.




$$
