000
CDUS42 KCAE 240604
CLIOGB


CLIMATE REPORT
NATIONAL WEATHER SERVICE COLUMBIA SC
204 AM EDT FRI MAR 24 2017


...................................

...THE ORANGEBURG AIRPORT SC CLIMATE SUMMARY FOR MARCH 23 2017...

CLIMATE NORMAL PERIOD 1981 TO 2010
CLIMATE RECORD PERIOD 9999 TO 9999


WEATHER ITEM   OBSERVED TIME   NORMAL DEPARTURE LAST
                VALUE   (LST)  VALUE  FROM      YEAR
                                      NORMAL
......................................................
TEMPERATURE (F)
 YESTERDAY
  MAXIMUM         63    516 PM  71     -8       76
  MINIMUM         45    714 AM  46     -1       42
  AVERAGE         54            58     -4       59

PRECIPITATION (IN)
  YESTERDAY        0.00          0.12  -0.12     0.00
  MONTH TO DATE    1.21          2.96  -1.75     1.20
  SINCE MAR 1      1.21          2.96  -1.75     1.20
  SINCE JAN 1      7.86         10.53  -2.67     8.37

DEGREE DAYS
 HEATING
  YESTERDAY       11             7      4        6
  MONTH TO DATE  267           226     41      130
  SINCE MAR 1    267           226     41      130
  SINCE JUL 1   1576          2158   -582     1531

 COOLING
  YESTERDAY        0             1     -1        0
  MONTH TO DATE   13            15     -2       52
  SINCE MAR 1     13            15     -2       52
  SINCE JAN 1     39            18     21       58
......................................................


WIND (MPH)
  HIGHEST WIND SPEED    16   HIGHEST WIND DIRECTION    NE (40)
  HIGHEST GUST SPEED    22   HIGHEST GUST DIRECTION    NE (40)
  AVERAGE WIND SPEED     8.0


SKY COVER
  AVERAGE SKY COVER 0.1


WEATHER CONDITIONS
 THE FOLLOWING WEATHER WAS RECORDED YESTERDAY.
  NO SIGNIFICANT WEATHER WAS OBSERVED.


RELATIVE HUMIDITY (PERCENT)
 HIGHEST    71           200 AM
 LOWEST     23           400 PM

..........................................................


THE ORANGEBURG AIRPORT SC CLIMATE NORMALS FOR TODAY
                         NORMAL    RECORD    YEAR
 MAXIMUM TEMPERATURE (F)   71        MM        MM
 MINIMUM TEMPERATURE (F)   46        MM        MM


SUNRISE AND SUNSET
MARCH 24 2017.........SUNRISE   721 AM EDT   SUNSET   738 PM EDT
MARCH 25 2017.........SUNRISE   720 AM EDT   SUNSET   739 PM EDT


-  INDICATES NEGATIVE NUMBERS.
R  INDICATES RECORD WAS SET OR TIED.
MM INDICATES DATA IS MISSING.
T  INDICATES TRACE AMOUNT.




$$
