085
CDUS42 KCAE 060634
CLIOGB


CLIMATE REPORT
NATIONAL WEATHER SERVICE COLUMBIA SC
134 AM EST SAT FEB 6 2016


...................................

...THE ORANGEBURG AIRPORT SC CLIMATE SUMMARY FOR FEBRUARY 5 2016...

CLIMATE NORMAL PERIOD 1981 TO 2010
CLIMATE RECORD PERIOD 9999 TO 9999


WEATHER ITEM   OBSERVED TIME   NORMAL DEPARTURE LAST
                VALUE   (LST)  VALUE  FROM      YEAR
                                      NORMAL
......................................................
TEMPERATURE (F)
 YESTERDAY
  MAXIMUM         53    434 PM  59     -6       61
  MINIMUM         34   1159 PM  37     -3       35
  AVERAGE         44            48     -4       48

PRECIPITATION (IN)
  YESTERDAY        0.00          0.10  -0.10     0.12
  MONTH TO DATE    3.46          0.49   2.97     0.40
  SINCE DEC 1     10.34          7.79   2.55     6.65
  SINCE JAN 1      5.55          4.47   1.08     3.22

DEGREE DAYS
 HEATING
  YESTERDAY       21            17      4       17
  MONTH TO DATE   32            88    -56       95
  SINCE DEC 1    787          1216   -429     1107
  SINCE JUL 1   1008          1585   -577     1579

 COOLING
  YESTERDAY        0             0      0        0
  MONTH TO DATE    5             0      5        0
  SINCE DEC 1     74             5     69        0
  SINCE JAN 1      5             1      4        0
......................................................


WIND (MPH)
  HIGHEST WIND SPEED    20   HIGHEST WIND DIRECTION     N (360)
  HIGHEST GUST SPEED    27   HIGHEST GUST DIRECTION     N (350)
  AVERAGE WIND SPEED     8.1


SKY COVER
  AVERAGE SKY COVER 0.2


WEATHER CONDITIONS
 THE FOLLOWING WEATHER WAS RECORDED YESTERDAY.
  NO SIGNIFICANT WEATHER WAS OBSERVED.


RELATIVE HUMIDITY (PERCENT)
 HIGHEST    75          1000 PM
 LOWEST     22           300 PM

..........................................................


THE ORANGEBURG AIRPORT SC CLIMATE NORMALS FOR TODAY
                         NORMAL    RECORD    YEAR
 MAXIMUM TEMPERATURE (F)   59        MM        MM
 MINIMUM TEMPERATURE (F)   37        MM        MM


SUNRISE AND SUNSET
FEBRUARY  6 2016......SUNRISE   716 AM EST   SUNSET   559 PM EST
FEBRUARY  7 2016......SUNRISE   715 AM EST   SUNSET   600 PM EST


-  INDICATES NEGATIVE NUMBERS.
R  INDICATES RECORD WAS SET OR TIED.
MM INDICATES DATA IS MISSING.
T  INDICATES TRACE AMOUNT.




$$
