000
CDHW42 PHFO 260226
CLIOGG


CLIMATE REPORT
NATIONAL WEATHER SERVICE HONOLULU HI
426 PM HST TUE NOV 25 2014


...................................

...THE KAHULUI HI CLIMATE SUMMARY FOR NOVEMBER 25 2014...
VALID TODAY AS OF 0400 PM LOCAL TIME.

CLIMATE NORMAL PERIOD 1981 TO 2010
CLIMATE RECORD PERIOD 1946 TO 2014


WEATHER ITEM   OBSERVED TIME   RECORD YEAR NORMAL DEPARTURE LAST
                VALUE   (LST)  VALUE       VALUE  FROM      YEAR
                                                  NORMAL
..................................................................
TEMPERATURE (F)
 TODAY
  MAXIMUM         82    116 PM  90    1956  83     -1       82
  MINIMUM         68    656 AM  60    2013  67      1       60
                                      1972
                                      1951
  AVERAGE         75                        75      0       71

PRECIPITATION (IN)
  TODAY            T             0.48 1997   0.09  -0.09      T
  MONTH TO DATE    0.84                      1.72  -0.88     4.64
  SINCE SEP 1      2.44                      3.30  -0.86     4.93
  SINCE JAN 1     18.09                     14.00   4.09    13.59

SNOWFALL (IN)
  TODAY            0.0
  MONTH TO DATE    0.0
  SINCE SEP 1      0.0
  SINCE JUL 1      0.0
  SNOW DEPTH       0

DEGREE DAYS
 HEATING
  TODAY            0                         0      0        0
  MONTH TO DATE    0                         0      0        0
  SINCE SEP 1      0                         0      0        0
  SINCE JUL 1      0                         0      0        0

 COOLING
  TODAY           10                        10      0        6
  MONTH TO DATE  307                       281     26      272
  SINCE SEP 1   1255                      1115    140     1138
  SINCE JAN 1   4143                      3657    486     3925
..................................................................


WIND (MPH)
  HIGHEST WIND SPEED    16   HIGHEST WIND DIRECTION    NE (40)
  HIGHEST GUST SPEED    22   HIGHEST GUST DIRECTION    NE (40)
  AVERAGE WIND SPEED     9.2


SKY COVER
  POSSIBLE SUNSHINE  MM
  AVERAGE SKY COVER 0.8


WEATHER CONDITIONS
 THE FOLLOWING WEATHER WAS RECORDED TODAY.
  LIGHT RAIN
  FOG


RELATIVE HUMIDITY (PERCENT)
 HIGHEST    87           600 AM
 LOWEST     49           100 PM
 AVERAGE    68

..........................................................


THE KAHULUI HI CLIMATE NORMALS FOR TOMORROW
                         NORMAL    RECORD    YEAR
 MAXIMUM TEMPERATURE (F)   83        90      1968
 MINIMUM TEMPERATURE (F)   67        57      1985


SUNRISE AND SUNSET
NOVEMBER 25 2014......SUNRISE   642 AM HST   SUNSET   543 PM HST
NOVEMBER 26 2014......SUNRISE   643 AM HST   SUNSET   543 PM HST


-  INDICATES NEGATIVE NUMBERS.
R  INDICATES RECORD WAS SET OR TIED.
MM INDICATES DATA IS MISSING.
T  INDICATES TRACE AMOUNT.




$$
