648
CDHW42 PHFO 221736
CLIOGG


CLIMATE REPORT
NATIONAL WEATHER SERVICE HONOLULU HI
735 AM HST FRI MAY 22 2015


...................................

...THE KAHULUI HI CLIMATE SUMMARY FOR MAY 20 2015...

CLIMATE NORMAL PERIOD 1981 TO 2010
CLIMATE RECORD PERIOD 1946 TO 2015


WEATHER ITEM   OBSERVED TIME   RECORD YEAR NORMAL DEPARTURE LAST
                VALUE   (LST)  VALUE       VALUE  FROM      YEAR
                                                  NORMAL
..................................................................
TEMPERATURE (F)
 YESTERDAY
  MAXIMUM         85    234 PM  90    1953  85      0       88
  MINIMUM         66   1155 PM  58    1985  67     -1       65
                                      1952
  AVERAGE         76                        76      0       77

PRECIPITATION (IN)
  YESTERDAY        0.00          0.60 1963   0.02  -0.02     0.00
  MONTH TO DATE    0.47                      0.59  -0.12     1.00
  SINCE MAR 1     12.89                      4.59   8.30     7.28
  SINCE JAN 1     17.20                      9.35   7.85    13.93

SNOWFALL (IN)
  YESTERDAY        0.0
  MONTH TO DATE    0.0
  SINCE MAR 1      0.0
  SINCE JUL 1      0.0
  SNOW DEPTH       0

DEGREE DAYS
 HEATING
  YESTERDAY        0                         0      0        0
  MONTH TO DATE    0                         0      0        0
  SINCE MAR 1      0                         0      0        0
  SINCE JUL 1      0                         0      0        0

 COOLING
  YESTERDAY       11                        11      0       12
  MONTH TO DATE  231                       207     24      235
  SINCE MAR 1    808                       724     84      834
  SINCE JAN 1   1212                      1133     79     1345
..................................................................


WIND (MPH)
  HIGHEST WIND SPEED    26   HIGHEST WIND DIRECTION    NE (50)
  HIGHEST GUST SPEED    31   HIGHEST GUST DIRECTION    NE (50)
  AVERAGE WIND SPEED    12.2


SKY COVER
  POSSIBLE SUNSHINE  MM
  AVERAGE SKY COVER 0.5


WEATHER CONDITIONS
 THE FOLLOWING WEATHER WAS RECORDED YESTERDAY.
  FOG
  HAZE


RELATIVE HUMIDITY (PERCENT)
 HIGHEST    97           400 AM
 LOWEST     58           100 PM
 AVERAGE    78

..........................................................


THE KAHULUI HI CLIMATE NORMALS FOR TODAY
                         NORMAL    RECORD    YEAR
 MAXIMUM TEMPERATURE (F)   85        93      1953
 MINIMUM TEMPERATURE (F)   68        57      1952


SUNRISE AND SUNSET
MAY 21 2015...........SUNRISE   546 AM HST   SUNSET   659 PM HST
MAY 22 2015...........SUNRISE   546 AM HST   SUNSET   659 PM HST


-  INDICATES NEGATIVE NUMBERS.
R  INDICATES RECORD WAS SET OR TIED.
MM INDICATES DATA IS MISSING.
T  INDICATES TRACE AMOUNT.




$$
