000
CDHW42 PHFO 071245
CLIOGG


CLIMATE REPORT
NATIONAL WEATHER SERVICE HONOLULU HI
245 AM HST WED DEC 7 2016


...................................

...THE KAHULUI HI CLIMATE SUMMARY FOR DECEMBER 6 2016...

CLIMATE NORMAL PERIOD 1981 TO 2010
CLIMATE RECORD PERIOD 1946 TO 2016


WEATHER ITEM   OBSERVED TIME   RECORD YEAR NORMAL DEPARTURE LAST
                VALUE   (LST)  VALUE       VALUE  FROM      YEAR
                                                  NORMAL
..................................................................
TEMPERATURE (F)
 YESTERDAY
  MAXIMUM         83   1236 PM  90    1995  82      1       85
                                      1956
  MINIMUM         71   1140 PM  55    2010  66      5       62
  AVERAGE         77                        74      3       74

PRECIPITATION (IN)
  YESTERDAY        T             4.45 1988   0.10  -0.10     0.00
  MONTH TO DATE    0.37                      0.61  -0.24     0.01
  SINCE DEC 1      0.37                      0.61  -0.24     0.01
  SINCE JAN 1     12.63                     15.09  -2.46    26.71

SNOWFALL (IN)
  YESTERDAY        0.0
  MONTH TO DATE    0.0
  SINCE DEC 1      0.0
  SINCE JUL 1      0.0
  SNOW DEPTH       0

DEGREE DAYS
 HEATING
  YESTERDAY        0                         0      0        0
  MONTH TO DATE    0                         0      0        0
  SINCE DEC 1      0                         0      0        0
  SINCE JUL 1      0                         0      0        0

 COOLING
  YESTERDAY       12                         9      3        9
  MONTH TO DATE   63                        56      7       61
  SINCE DEC 1     63                        56      7       61
  SINCE JAN 1   4271                      3763    508     4062
..................................................................


WIND (MPH)
  HIGHEST WIND SPEED    16   HIGHEST WIND DIRECTION    NE (40)
  HIGHEST GUST SPEED    19   HIGHEST GUST DIRECTION    NE (40)
  AVERAGE WIND SPEED     8.4


SKY COVER
  POSSIBLE SUNSHINE  MM
  AVERAGE SKY COVER 0.5


WEATHER CONDITIONS
 THE FOLLOWING WEATHER WAS RECORDED YESTERDAY.
  NO SIGNIFICANT WEATHER WAS OBSERVED.


RELATIVE HUMIDITY (PERCENT)
 HIGHEST    90           300 AM
 LOWEST     65           100 PM
 AVERAGE    78

..........................................................


THE KAHULUI HI CLIMATE NORMALS FOR TODAY
                         NORMAL    RECORD    YEAR
 MAXIMUM TEMPERATURE (F)   82        89      1953
 MINIMUM TEMPERATURE (F)   66        55      2010
                                             1986


SUNRISE AND SUNSET
DECEMBER  7 2016......SUNRISE   650 AM HST   SUNSET   545 PM HST
DECEMBER  8 2016......SUNRISE   651 AM HST   SUNSET   545 PM HST


-  INDICATES NEGATIVE NUMBERS.
R  INDICATES RECORD WAS SET OR TIED.
MM INDICATES DATA IS MISSING.
T  INDICATES TRACE AMOUNT.




$$
