000
CDHW42 PHFO 291245
CLIOGG


CLIMATE REPORT
NATIONAL WEATHER SERVICE HONOLULU HI
245 AM HST SAT AUG 29 2015


...................................

...THE KAHULUI HI CLIMATE SUMMARY FOR AUGUST 28 2015...

CLIMATE NORMAL PERIOD 1981 TO 2010
CLIMATE RECORD PERIOD 1946 TO 2015


WEATHER ITEM   OBSERVED TIME   RECORD YEAR NORMAL DEPARTURE LAST
                VALUE   (LST)  VALUE       VALUE  FROM      YEAR
                                                  NORMAL
..................................................................
TEMPERATURE (F)
 YESTERDAY
  MAXIMUM         92R   130 PM  92    2006  88      4       88
                                      2001
  MINIMUM         72    632 AM  63    1952  71      1       71
  AVERAGE         82                        80      2       80

PRECIPITATION (IN)
  YESTERDAY        0.00          0.07 1979   0.01  -0.01     0.00
  MONTH TO DATE    2.12                      0.46   1.66     0.46
  SINCE JUN 1      3.08                      1.16   1.92     1.68
  SINCE JAN 1     22.04                     10.66  11.38    15.64

SNOWFALL (IN)
  YESTERDAY        0.0
  MONTH TO DATE    0.0
  SINCE JUN 1      0.0
  SINCE JUL 1      0.0
  SNOW DEPTH       0

DEGREE DAYS
 HEATING
  YESTERDAY        0                         0      0        0
  MONTH TO DATE    0                         0      0        0
  SINCE JUN 1      0                         0      0        0
  SINCE JUL 1      0                         0      0        0

 COOLING
  YESTERDAY       17                        15      2       15
  MONTH TO DATE  507                       420     87      454
  SINCE JUN 1   1451                      1247    204     1352
  SINCE JAN 1   2778                      2506    272     2848
..................................................................


WIND (MPH)
  HIGHEST WIND SPEED    25   HIGHEST WIND DIRECTION    NE (30)
  HIGHEST GUST SPEED    29   HIGHEST GUST DIRECTION    NE (40)
  AVERAGE WIND SPEED    10.5


SKY COVER
  POSSIBLE SUNSHINE  MM
  AVERAGE SKY COVER 0.3


WEATHER CONDITIONS
 THE FOLLOWING WEATHER WAS RECORDED YESTERDAY.
  NO SIGNIFICANT WEATHER WAS OBSERVED.


RELATIVE HUMIDITY (PERCENT)
 HIGHEST    87           200 AM
 LOWEST     56           100 PM
 AVERAGE    72

..........................................................


THE KAHULUI HI CLIMATE NORMALS FOR TODAY
                         NORMAL    RECORD    YEAR
 MAXIMUM TEMPERATURE (F)   88        92      1984
                                             1970
                                             1953
 MINIMUM TEMPERATURE (F)   71        62      1952


SUNRISE AND SUNSET
AUGUST 29 2015........SUNRISE   609 AM HST   SUNSET   644 PM HST
AUGUST 30 2015........SUNRISE   609 AM HST   SUNSET   643 PM HST


-  INDICATES NEGATIVE NUMBERS.
R  INDICATES RECORD WAS SET OR TIED.
MM INDICATES DATA IS MISSING.
T  INDICATES TRACE AMOUNT.




$$
