000
CDHW42 PHFO 211245
CLIOGG


CLIMATE REPORT
NATIONAL WEATHER SERVICE HONOLULU HI
245 AM HST TUE FEB 21 2017


...................................

...THE KAHULUI HI CLIMATE SUMMARY FOR FEBRUARY 20 2017...

CLIMATE NORMAL PERIOD 1981 TO 2010
CLIMATE RECORD PERIOD 1946 TO 2017


WEATHER ITEM   OBSERVED TIME   RECORD YEAR NORMAL DEPARTURE LAST
                VALUE   (LST)  VALUE       VALUE  FROM      YEAR
                                                  NORMAL
..................................................................
TEMPERATURE (F)
 YESTERDAY
  MAXIMUM         80    249 PM  86    2014  81     -1       83
                                      1977
  MINIMUM         70   1159 PM  54    1972  63      7       59
  AVERAGE         75                        72      3       71

PRECIPITATION (IN)
  YESTERDAY        T             0.57 1991   0.06  -0.06     0.00
  MONTH TO DATE    1.83                      1.36   0.47     0.93
  SINCE DEC 1      8.97                      7.58   1.39     2.21
  SINCE JAN 1      2.38                      4.23  -1.85     1.48

SNOWFALL (IN)
  YESTERDAY        0.0
  MONTH TO DATE    0.0
  SINCE DEC 1      0.0
  SINCE JUL 1      0.0
  SNOW DEPTH       0

DEGREE DAYS
 HEATING
  YESTERDAY        0                         0      0        0
  MONTH TO DATE    0                         0      0        0
  SINCE DEC 1      0                         0      0        0
  SINCE JUL 1      0                         0      0        0

 COOLING
  YESTERDAY       10                         7      3        6
  MONTH TO DATE  181                       140     41      160
  SINCE DEC 1    703                       616     87      708
  SINCE JAN 1    408                       357     51      393
..................................................................


WIND (MPH)
  HIGHEST WIND SPEED    28   HIGHEST WIND DIRECTION    NE (40)
  HIGHEST GUST SPEED    35   HIGHEST GUST DIRECTION    NE (50)
  AVERAGE WIND SPEED    17.9


SKY COVER
  POSSIBLE SUNSHINE  MM
  AVERAGE SKY COVER 0.7


WEATHER CONDITIONS
 THE FOLLOWING WEATHER WAS RECORDED YESTERDAY.
  LIGHT RAIN


RELATIVE HUMIDITY (PERCENT)
 HIGHEST    68           400 AM
 LOWEST     48          1200 PM
 AVERAGE    58

..........................................................


THE KAHULUI HI CLIMATE NORMALS FOR TODAY
                         NORMAL    RECORD    YEAR
 MAXIMUM TEMPERATURE (F)   81        86      1974
                                             1954
 MINIMUM TEMPERATURE (F)   63        53      2009


SUNRISE AND SUNSET
FEBRUARY 21 2017......SUNRISE   652 AM HST   SUNSET   627 PM HST
FEBRUARY 22 2017......SUNRISE   651 AM HST   SUNSET   628 PM HST


-  INDICATES NEGATIVE NUMBERS.
R  INDICATES RECORD WAS SET OR TIED.
MM INDICATES DATA IS MISSING.
T  INDICATES TRACE AMOUNT.




$$
