000
CDHW42 PHFO 280255
CLIOGG


CLIMATE REPORT
NATIONAL WEATHER SERVICE HONOLULU HI
445 PM HST FRI FEB 27 2015


...................................

...THE KAHULUI HI CLIMATE SUMMARY FOR FEBRUARY 27 2015...
VALID TODAY AS OF 0400 PM LOCAL TIME.

CLIMATE NORMAL PERIOD 1981 TO 2010
CLIMATE RECORD PERIOD 1946 TO 2015


WEATHER ITEM   OBSERVED TIME   RECORD YEAR NORMAL DEPARTURE LAST
                VALUE   (LST)  VALUE       VALUE  FROM      YEAR
                                                  NORMAL
..................................................................
TEMPERATURE (F)
 TODAY
  MAXIMUM         84    340 PM  89    1951  81      3       82
  MINIMUM         65    559 AM  54    2008  63      2       63
                                      1953
  AVERAGE         75                        72      3       73

PRECIPITATION (IN)
  TODAY            0.00          2.51 2004   0.07  -0.07     0.00
  MONTH TO DATE    1.37                      1.82  -0.45     2.58
  SINCE DEC 1      6.73                      8.04  -1.31     8.67
  SINCE JAN 1      2.49                      4.69  -2.20     6.63

SNOWFALL (IN)
  TODAY            0.0
  MONTH TO DATE    0.0
  SINCE DEC 1      0.0
  SINCE JUL 1      0.0
  SNOW DEPTH       0

DEGREE DAYS
 HEATING
  TODAY            0                         0      0        0
  MONTH TO DATE    0                         0      0        0
  SINCE DEC 1      0                         0      0        0
  SINCE JUL 1      0                         0      0        0

 COOLING
  TODAY           10                         7      3        8
  MONTH TO DATE  214                       189     25      269
  SINCE DEC 1    655                       665    -10      812
  SINCE JAN 1    395                       406    -11      504
..................................................................


WIND (MPH)
  HIGHEST WIND SPEED    16   HIGHEST WIND DIRECTION     N (350)
  HIGHEST GUST SPEED    21   HIGHEST GUST DIRECTION     N (350)
  AVERAGE WIND SPEED     5.8


SKY COVER
  POSSIBLE SUNSHINE  MM
  AVERAGE SKY COVER 0.3


WEATHER CONDITIONS
 THE FOLLOWING WEATHER WAS RECORDED TODAY.
  NO SIGNIFICANT WEATHER WAS OBSERVED.


RELATIVE HUMIDITY (PERCENT)
 HIGHEST    87           100 AM
 LOWEST     55          1100 AM
 AVERAGE    71

..........................................................


THE KAHULUI HI CLIMATE NORMALS FOR TOMORROW
                         NORMAL    RECORD    YEAR
 MAXIMUM TEMPERATURE (F)   81        89      1951
 MINIMUM TEMPERATURE (F)   63        53      2002


SUNRISE AND SUNSET
FEBRUARY 27 2015......SUNRISE   648 AM HST   SUNSET   630 PM HST
FEBRUARY 28 2015......SUNRISE   647 AM HST   SUNSET   630 PM HST


-  INDICATES NEGATIVE NUMBERS.
R  INDICATES RECORD WAS SET OR TIED.
MM INDICATES DATA IS MISSING.
T  INDICATES TRACE AMOUNT.




$$
