000
CDHW42 PHFO 230228
CLIOGG


CLIMATE REPORT
NATIONAL WEATHER SERVICE HONOLULU HI
427 PM HST WED OCT 22 2014


...................................

...THE KAHULUI HI CLIMATE SUMMARY FOR OCTOBER 22 2014...
VALID TODAY AS OF 0400 PM LOCAL TIME.

CLIMATE NORMAL PERIOD 1981 TO 2010
CLIMATE RECORD PERIOD 1946 TO 2014


WEATHER ITEM   OBSERVED TIME   RECORD YEAR NORMAL DEPARTURE LAST
                VALUE   (LST)  VALUE       VALUE  FROM      YEAR
                                                  NORMAL
..................................................................
TEMPERATURE (F)
 TODAY
  MAXIMUM         88   1031 AM  95    1953  87      1       86
  MINIMUM         72    648 AM  62    1998  69      3       64
  AVERAGE         80                        78      2       75

PRECIPITATION (IN)
  TODAY            0.27R         0.25 1958   0.05   0.22      T
  MONTH TO DATE    0.74                      0.76  -0.02     0.03
  SINCE SEP 1      1.45                      1.14   0.31     0.28
  SINCE JAN 1     17.10                     11.84   5.26     8.94

SNOWFALL (IN)
  TODAY            0.0
  MONTH TO DATE    0.0
  SINCE SEP 1      0.0
  SINCE JUL 1      0.0
  SNOW DEPTH       0

DEGREE DAYS
 HEATING
  TODAY            0                         0      0        0
  MONTH TO DATE    0                         0      0        0
  SINCE SEP 1      0                         0      0        0
  SINCE JUL 1      0                         0      0        0

 COOLING
  TODAY           15                        13      2       10
  MONTH TO DATE  341                       295     46      284
  SINCE SEP 1    818                       721     97      745
  SINCE JAN 1   3706                      3263    443     3532
..................................................................


WIND (MPH)
  HIGHEST WIND SPEED    16   HIGHEST WIND DIRECTION    NE (50)
  HIGHEST GUST SPEED    21   HIGHEST GUST DIRECTION    NE (50)
  AVERAGE WIND SPEED     4.1


SKY COVER
  POSSIBLE SUNSHINE  MM
  AVERAGE SKY COVER 0.5


WEATHER CONDITIONS
 THE FOLLOWING WEATHER WAS RECORDED TODAY.
  RAIN
  LIGHT RAIN
  FOG


RELATIVE HUMIDITY (PERCENT)
 HIGHEST    91           200 PM
 LOWEST     61          1000 AM
 AVERAGE    76

..........................................................


THE KAHULUI HI CLIMATE NORMALS FOR TOMORROW
                         NORMAL    RECORD    YEAR
 MAXIMUM TEMPERATURE (F)   86        93      1984
 MINIMUM TEMPERATURE (F)   69        61      1975


SUNRISE AND SUNSET
OCTOBER 22 2014.......SUNRISE   624 AM HST   SUNSET   556 PM HST
OCTOBER 23 2014.......SUNRISE   624 AM HST   SUNSET   555 PM HST


-  INDICATES NEGATIVE NUMBERS.
R  INDICATES RECORD WAS SET OR TIED.
MM INDICATES DATA IS MISSING.
T  INDICATES TRACE AMOUNT.




$$
