000
CDUS43 KEAX 230042
CLIOJC


CLIMATE REPORT
NATIONAL WEATHER SERVICE KANSAS CITY/PLEASANT HILL MO
742 PM CDT FRI MAY 22 2015


...................................

...THE JOHNSON COUNTY EXECUTIVE KS CLIMATE SUMMARY FOR MAY 22 2015...
VALID TODAY AS OF 0700 PM LOCAL TIME.

CLIMATE NORMAL PERIOD 1981 TO 2010
CLIMATE RECORD PERIOD 9999 TO 9999


WEATHER ITEM   OBSERVED TIME   NORMAL DEPARTURE LAST
                VALUE   (LST)  VALUE  FROM      YEAR
                                      NORMAL
......................................................
TEMPERATURE (F)
 TODAY
  MAXIMUM         63    442 PM  76    -13       80
  MINIMUM         45    500 AM  57    -12       61
  AVERAGE         54            67    -13       71

PRECIPITATION (IN)
  TODAY            T             0.18  -0.18      T
  MONTH TO DATE    7.26          3.93   3.33     0.39
  SINCE MAR 1     11.29         10.55   0.74     6.11
  SINCE JAN 1     12.88         13.24  -0.36     6.60

DEGREE DAYS
 HEATING
  TODAY           11             2      9        0
  MONTH TO DATE   74            81     -7      113
  SINCE MAR 1    831          1019   -188     1211
  SINCE JUL 1   4866          4912    -46     5692

 COOLING
  TODAY            0             4     -4        6
  MONTH TO DATE   48            44      4       79
  SINCE MAR 1     57            62     -5       84
  SINCE JAN 1     57            62     -5       84
......................................................


WIND (MPH)
  HIGHEST WIND SPEED    13   HIGHEST WIND DIRECTION     S (160)
  HIGHEST GUST SPEED    17   HIGHEST GUST DIRECTION    SE (140)
  AVERAGE WIND SPEED     4.3


SKY COVER
  AVERAGE SKY COVER 0.3


WEATHER CONDITIONS
 THE FOLLOWING WEATHER WAS RECORDED TODAY.
  LIGHT RAIN


RELATIVE HUMIDITY (PERCENT)
 HIGHEST    93           300 AM
 LOWEST     56           200 PM
 AVERAGE    75

..........................................................


THE JOHNSON COUNTY EXECUTIVE KS CLIMATE NORMALS FOR TOMORROW
                         NORMAL
 MAXIMUM TEMPERATURE (F)   77
 MINIMUM TEMPERATURE (F)   57


SUNRISE AND SUNSET
MAY 22 2015...........SUNRISE   601 AM CDT   SUNSET   830 PM CDT
MAY 23 2015...........SUNRISE   600 AM CDT   SUNSET   831 PM CDT


-  INDICATES NEGATIVE NUMBERS.
R  INDICATES RECORD WAS SET OR TIED.
MM INDICATES DATA IS MISSING.
T  INDICATES TRACE AMOUNT.




$$
