000
CDUS43 KEAX 290632
CLIOJC


CLIMATE REPORT
NATIONAL WEATHER SERVICE KANSAS CITY/PLEASANT HILL MO
132 AM CDT WED MAR 29 2017


...................................

...THE JOHNSON COUNTY EXECUTIVE KS CLIMATE SUMMARY FOR MARCH 28 2017...

CLIMATE NORMAL PERIOD 1981 TO 2010
CLIMATE RECORD PERIOD 9999 TO 9999


WEATHER ITEM   OBSERVED TIME   NORMAL DEPARTURE LAST
                VALUE   (LST)  VALUE  FROM      YEAR
                                      NORMAL
......................................................
TEMPERATURE (F)
 YESTERDAY
  MAXIMUM         53    340 PM  60     -7       63
  MINIMUM         47    820 AM  39      8       29
  AVERAGE         50            49      1       46

PRECIPITATION (IN)
  YESTERDAY        0.00          0.08  -0.08     0.00
  MONTH TO DATE    0.89          2.38  -1.49     2.09
  SINCE MAR 1      0.89          2.38  -1.49     2.09
  SINCE JAN 1      1.81          5.07  -3.26     3.34

DEGREE DAYS
 HEATING
  YESTERDAY       15            16     -1       19
  MONTH TO DATE  473           579   -106      408
  SINCE MAR 1    473           579   -106      408
  SINCE JUL 1   3613          4472   -859     3753

 COOLING
  YESTERDAY        0             0      0        0
  MONTH TO DATE    9             0      9        0
  SINCE MAR 1      9             0      9        0
  SINCE JAN 1      9             0      9        0
......................................................


WIND (MPH)
  HIGHEST WIND SPEED    22   HIGHEST WIND DIRECTION     E (70)
  HIGHEST GUST SPEED    31   HIGHEST GUST DIRECTION     E (70)
  AVERAGE WIND SPEED     9.2


SKY COVER
  AVERAGE SKY COVER 1.0


WEATHER CONDITIONS
 THE FOLLOWING WEATHER WAS RECORDED YESTERDAY.
  FOG


RELATIVE HUMIDITY (PERCENT)
 HIGHEST   100           200 AM
 LOWEST     86          1200 AM
 AVERAGE    93

..........................................................


THE JOHNSON COUNTY EXECUTIVE KS CLIMATE NORMALS FOR TODAY
                         NORMAL
 MAXIMUM TEMPERATURE (F)   60
 MINIMUM TEMPERATURE (F)   39


SUNRISE AND SUNSET
MARCH 29 2017.........SUNRISE   708 AM CDT   SUNSET   740 PM CDT
MARCH 30 2017.........SUNRISE   706 AM CDT   SUNSET   741 PM CDT


-  INDICATES NEGATIVE NUMBERS.
R  INDICATES RECORD WAS SET OR TIED.
MM INDICATES DATA IS MISSING.
T  INDICATES TRACE AMOUNT.




$$
