133
CDUS43 KEAX 270633
CLIOJC


CLIMATE REPORT
NATIONAL WEATHER SERVICE KANSAS CITY/PLEASANT HILL MO
133 AM CDT FRI MAY 27 2016


...................................

...THE JOHNSON COUNTY EXECUTIVE KS CLIMATE SUMMARY FOR MAY 26 2016...

CLIMATE NORMAL PERIOD 1981 TO 2010
CLIMATE RECORD PERIOD 9999 TO 9999


WEATHER ITEM   OBSERVED TIME   NORMAL DEPARTURE LAST
                VALUE   (LST)  VALUE  FROM      YEAR
                                      NORMAL
......................................................
TEMPERATURE (F)
 YESTERDAY
  MAXIMUM         82    106 PM  78      4       78
  MINIMUM         60    531 AM  58      2       60
  AVERAGE         71            68      3       69

PRECIPITATION (IN)
  YESTERDAY        1.90          0.16   1.74     0.24
  MONTH TO DATE    6.96          4.57   2.39     9.74
  SINCE MAR 1     13.55         11.19   2.36    13.77
  SINCE JAN 1     14.80         13.88   0.92    15.36

DEGREE DAYS
 HEATING
  YESTERDAY        0             1     -1        0
  MONTH TO DATE  131            88     43       78
  SINCE MAR 1    794          1026   -232      835
  SINCE JUL 1   4139          4919   -780     4870

 COOLING
  YESTERDAY        6             4      2        4
  MONTH TO DATE   28            60    -32       58
  SINCE MAR 1     34            78    -44       67
  SINCE JAN 1     34            78    -44       67
......................................................


WIND (MPH)
  HIGHEST WIND SPEED    31   HIGHEST WIND DIRECTION     N (360)
  HIGHEST GUST SPEED    43   HIGHEST GUST DIRECTION     N (350)
  AVERAGE WIND SPEED    11.4


SKY COVER
  AVERAGE SKY COVER 0.8


WEATHER CONDITIONS
 THE FOLLOWING WEATHER WAS RECORDED YESTERDAY.
  THUNDERSTORM
  HEAVY RAIN
  RAIN
  LIGHT RAIN
  FOG


RELATIVE HUMIDITY (PERCENT)
 HIGHEST    93           600 AM
 LOWEST     69           100 PM
 AVERAGE    81

..........................................................


THE JOHNSON COUNTY EXECUTIVE KS CLIMATE NORMALS FOR TODAY
                         NORMAL
 MAXIMUM TEMPERATURE (F)   78
 MINIMUM TEMPERATURE (F)   59


SUNRISE AND SUNSET
MAY 27 2016...........SUNRISE   558 AM CDT   SUNSET   835 PM CDT
MAY 28 2016...........SUNRISE   557 AM CDT   SUNSET   836 PM CDT


-  INDICATES NEGATIVE NUMBERS.
R  INDICATES RECORD WAS SET OR TIED.
MM INDICATES DATA IS MISSING.
T  INDICATES TRACE AMOUNT.




$$
