000
CDUS43 KEAX 180643
CLIOJC


CLIMATE REPORT
NATIONAL WEATHER SERVICE KANSAS CITY/PLEASANT HILL MO
142 AM CDT FRI APR 18 2014


...................................

...THE JOHNSON COUNTY EXECUTIVE KS CLIMATE SUMMARY FOR APRIL 17 2014...

CLIMATE NORMAL PERIOD 1981 TO 2010
CLIMATE RECORD PERIOD 9999 TO 9999


WEATHER ITEM   OBSERVED TIME   NORMAL DEPARTURE LAST
                VALUE   (LST)  VALUE  FROM      YEAR
                                      NORMAL
......................................................
TEMPERATURE (F)
 YESTERDAY
  MAXIMUM         48    536 PM  66    -18       52
  MINIMUM         37    724 AM  46     -9       45
  AVERAGE         43            56    -13       49

PRECIPITATION (IN)
  YESTERDAY        T             0.14  -0.14     0.54
  MONTH TO DATE    1.76          1.91  -0.15     2.27
  SINCE MAR 1      2.55          4.54  -1.99     3.56
  SINCE JAN 1      3.04          7.23  -4.19     7.47

DEGREE DAYS
 HEATING
  YESTERDAY       22            10     12       16
  MONTH TO DATE  254           211     43      267
  SINCE MAR 1   1010           835    175     1092
  SINCE JUL 1   5491          4728    763     4745

 COOLING
  YESTERDAY        0             1     -1        0
  MONTH TO DATE    3             9     -6        0
  SINCE MAR 1      3            10     -7        0
  SINCE JAN 1      3            10     -7        1
......................................................


WIND (MPH)
  HIGHEST WIND SPEED    16   HIGHEST WIND DIRECTION     N (350)
  HIGHEST GUST SPEED    22   HIGHEST GUST DIRECTION     N (350)
  AVERAGE WIND SPEED     5.6


SKY COVER
  AVERAGE SKY COVER 0.4


WEATHER CONDITIONS
 THE FOLLOWING WEATHER WAS RECORDED YESTERDAY.
  LIGHT RAIN
  HAZE


RELATIVE HUMIDITY (PERCENT)
 HIGHEST    85          1100 PM
 LOWEST     58           100 PM
 AVERAGE    72

..........................................................


THE JOHNSON COUNTY EXECUTIVE KS CLIMATE NORMALS FOR TODAY
                         NORMAL
 MAXIMUM TEMPERATURE (F)   66
 MINIMUM TEMPERATURE (F)   46


SUNRISE AND SUNSET
APRIL 18 2014.........SUNRISE   638 AM CDT   SUNSET   759 PM CDT
APRIL 19 2014.........SUNRISE   637 AM CDT   SUNSET   800 PM CDT


-  INDICATES NEGATIVE NUMBERS.
R  INDICATES RECORD WAS SET OR TIED.
MM INDICATES DATA IS MISSING.
T  INDICATES TRACE AMOUNT.




$$
