000
CDUS46 KSGX 261418
CLIOKB


CLIMATE REPORT
NATIONAL WEATHER SERVICE SAN DIEGO, CA
718 AM PDT SUN MAR 26 2017


...................................

...THE OCEANSIDE AIRPORT CA CLIMATE SUMMARY FOR MARCH 25 2017...

CLIMATE NORMAL PERIOD 1981 TO 2010
CLIMATE RECORD PERIOD 1999 TO 2017


WEATHER ITEM   OBSERVED TIME   RECORD YEAR NORMAL DEPARTURE LAST
                VALUE   (LST)  VALUE       VALUE  FROM      YEAR
                                                  NORMAL
..................................................................
TEMPERATURE (F)
 YESTERDAY
  MAXIMUM         68    148 PM  76    2015  66      2       72
  MINIMUM         47    609 AM  38    2016  47      0       38
                                      2009
  AVERAGE         58                        56      2       55

PRECIPITATION (IN)
  YESTERDAY        T   R         T    2006   0.04  -0.04     0.00
  MONTH TO DATE    0.06                      1.98  -1.92     1.19
  SINCE OCT 1     13.63                     11.58   2.05     6.10
  SINCE JAN 1      8.48                      7.70   0.78     3.93

DEGREE DAYS
 HEATING
  YESTERDAY        7                         9     -2       10
  MONTH TO DATE  171                       240    -69      170
  SINCE MAR 1    171                       240    -69      170
  SINCE JUL 1   1186                      1648   -462     1338

 COOLING
  YESTERDAY        0                         0      0        0
  MONTH TO DATE    0                         0      0        0
  SINCE MAR 1      0                         0      0        0
  SINCE JAN 1      0                         0      0        6
..................................................................


WIND (MPH)
  RESULTANT WIND SPEED   3   RESULTANT WIND DIRECTION   W (250)
  HIGHEST WIND SPEED    15   HIGHEST WIND DIRECTION    SW (230)
  HIGHEST GUST SPEED    19   HIGHEST GUST DIRECTION     W (250)
  AVERAGE WIND SPEED     4.7


SKY COVER
  POSSIBLE SUNSHINE  MM
  AVERAGE SKY COVER 0.5


WEATHER CONDITIONS
 THE FOLLOWING WEATHER WAS RECORDED YESTERDAY.
  LIGHT RAIN


RELATIVE HUMIDITY (PERCENT)
 HIGHEST   100           600 AM
 LOWEST     63          1100 AM
 AVERAGE    82

..........................................................


THE OCEANSIDE AIRPORT CA CLIMATE NORMALS FOR TODAY
                         NORMAL    RECORD    YEAR
 MAXIMUM TEMPERATURE (F)   66        85      2015
 MINIMUM TEMPERATURE (F)   47        41      2002


SUNRISE AND SUNSET
MARCH 26 2017.........SUNRISE   645 AM PDT   SUNSET   706 PM PDT
MARCH 27 2017.........SUNRISE   643 AM PDT   SUNSET   706 PM PDT


-  INDICATES NEGATIVE NUMBERS.
R  INDICATES RECORD WAS SET OR TIED.
MM INDICATES DATA IS MISSING.
T  INDICATES TRACE AMOUNT.




$$
