000
CDUS46 KSGX 241132
CLIOKB


CLIMATE REPORT
NATIONAL WEATHER SERVICE SAN DIEGO, CA
431 AM PDT SAT JUN 24 2017


...................................

...THE OCEANSIDE AIRPORT CA CLIMATE SUMMARY FOR JUNE 23 2017...

CLIMATE NORMAL PERIOD 1981 TO 2010
CLIMATE RECORD PERIOD 1999 TO 2017


WEATHER ITEM   OBSERVED TIME   RECORD YEAR NORMAL DEPARTURE LAST
                VALUE   (LST)  VALUE       VALUE  FROM      YEAR
                                                  NORMAL
..................................................................
TEMPERATURE (F)
 YESTERDAY
  MAXIMUM         73    918 AM  83    2001  74     -1       76
  MINIMUM         64    533 AM  49    2004  59      5       62
  AVERAGE         69                        66      3       69

PRECIPITATION (IN)
  YESTERDAY        0.00          0.08 2003   0.00   0.00     0.00
  MONTH TO DATE    0.05                      0.08  -0.03     0.00
  SINCE OCT 1     14.97                     13.12   1.85     7.12
  SINCE JAN 1      9.82                      9.24   0.58     4.95

DEGREE DAYS
 HEATING
  YESTERDAY        0                         0      0        0
  MONTH TO DATE   14                        27    -13        2
  SINCE JUN 1     14                        27    -13        2
  SINCE JUL 1   1426                      2028   -602     1602

 COOLING
  YESTERDAY        4                         2      2        4
  MONTH TO DATE   30                        23      7       51
  SINCE JUN 1     30                        23      7       51
  SINCE JAN 1     47                        33     14       71
..................................................................


WIND (MPH)
  RESULTANT WIND SPEED   3   RESULTANT WIND DIRECTION   W (260)
  HIGHEST WIND SPEED    13   HIGHEST WIND DIRECTION    SW (240)
  HIGHEST GUST SPEED    24   HIGHEST GUST DIRECTION     W (270)
  AVERAGE WIND SPEED     4.8


SKY COVER
  POSSIBLE SUNSHINE  MM
  AVERAGE SKY COVER 1.0


WEATHER CONDITIONS
 THE FOLLOWING WEATHER WAS RECORDED YESTERDAY.
  NO SIGNIFICANT WEATHER WAS OBSERVED.


RELATIVE HUMIDITY (PERCENT)
 HIGHEST    93           500 AM
 LOWEST     73          1000 AM
 AVERAGE    83

..........................................................


THE OCEANSIDE AIRPORT CA CLIMATE NORMALS FOR TODAY
                         NORMAL    RECORD    YEAR
 MAXIMUM TEMPERATURE (F)   74        77      2015
 MINIMUM TEMPERATURE (F)   59        53      2003


SUNRISE AND SUNSET
JUNE 24 2017..........SUNRISE   542 AM PDT   SUNSET   802 PM PDT
JUNE 25 2017..........SUNRISE   542 AM PDT   SUNSET   802 PM PDT


-  INDICATES NEGATIVE NUMBERS.
R  INDICATES RECORD WAS SET OR TIED.
MM INDICATES DATA IS MISSING.
T  INDICATES TRACE AMOUNT.




$$
