000
CDUS46 KSGX 011433
CLIOKB


CLIMATE REPORT
NATIONAL WEATHER SERVICE SAN DIEGO, CA
732 AM PDT MON SEP 1 2014


...................................

...THE OCEANSIDE AIRPORT CA CLIMATE SUMMARY FOR AUGUST 31 2014...

CLIMATE NORMAL PERIOD 1981 TO 2010
CLIMATE RECORD PERIOD 1999 TO 2014


WEATHER ITEM   OBSERVED TIME   RECORD YEAR NORMAL DEPARTURE LAST
                VALUE   (LST)  VALUE       VALUE  FROM      YEAR
                                                  NORMAL
..................................................................
TEMPERATURE (F)
 YESTERDAY
  MAXIMUM         81    111 PM  86    2013  77      4       86
                                      2007
  MINIMUM         64   1217 AM  51    2010  61      3       73
  AVERAGE         73                        69      4       80

PRECIPITATION (IN)
  YESTERDAY        0.00          0.00 2006   0.01  -0.01     0.00
  MONTH TO DATE    0.14                      0.15  -0.01      T
  SINCE JUL 1      0.14                      0.27  -0.13     0.01
  SINCE JAN 1      2.74                      9.54  -6.80     2.33

SNOWFALL (IN)
  YESTERDAY        0.0
  MONTH TO DATE    0.0
  SINCE JAN 1      0.0
  SINCE JUL 1      0.0
  SNOW DEPTH       0

DEGREE DAYS
 HEATING
  YESTERDAY        0                         0      0        0
  MONTH TO DATE    0                         0      0        0
  SINCE JUN 1      4                        32    -28        3
  SINCE JUL 1      0                         5     -5        0

 COOLING
  YESTERDAY        8                         4      4       15
  MONTH TO DATE  225                       138     87      144
  SINCE JUN 1    415                       290    125      372
  SINCE JAN 1    507                       300    207      401
..................................................................


WIND (MPH)
  RESULTANT WIND SPEED   3   RESULTANT WIND DIRECTION  SW (220)
  HIGHEST WIND SPEED    12   HIGHEST WIND DIRECTION    SW (230)
  HIGHEST GUST SPEED    15   HIGHEST GUST DIRECTION     W (250)
  AVERAGE WIND SPEED     4.8


SKY COVER
  POSSIBLE SUNSHINE  MM
  AVERAGE SKY COVER 0.5


WEATHER CONDITIONS
 THE FOLLOWING WEATHER WAS RECORDED YESTERDAY.
  FOG
  HAZE


RELATIVE HUMIDITY (PERCENT)
 HIGHEST    93           100 AM
 LOWEST     62          1000 AM
 AVERAGE    78

..........................................................


THE OCEANSIDE AIRPORT CA CLIMATE NORMALS FOR TODAY
                         NORMAL    RECORD    YEAR
 MAXIMUM TEMPERATURE (F)   77        88      2002
 MINIMUM TEMPERATURE (F)   61        54      2010
                                             2000


SUNRISE AND SUNSET
SEPTEMBER  1 2014.....SUNRISE   624 AM PDT   SUNSET   714 PM PDT
SEPTEMBER  2 2014.....SUNRISE   624 AM PDT   SUNSET   713 PM PDT


-  INDICATES NEGATIVE NUMBERS.
R  INDICATES RECORD WAS SET OR TIED.
MM INDICATES DATA IS MISSING.
T  INDICATES TRACE AMOUNT.




$$
