000
CDUS46 KSGX 260026
CLIOKB


CLIMATE REPORT
NATIONAL WEATHER SERVICE SAN DIEGO, CA
526 PM PDT MON JUL 25 2016


...................................

...THE OCEANSIDE AIRPORT CA CLIMATE SUMMARY FOR JULY 25 2016...
VALID TODAY AS OF 0500 PM LOCAL TIME.

CLIMATE NORMAL PERIOD 1981 TO 2010
CLIMATE RECORD PERIOD 1999 TO 2016


WEATHER ITEM   OBSERVED TIME   RECORD YEAR NORMAL DEPARTURE LAST
                VALUE   (LST)  VALUE       VALUE  FROM      YEAR
                                                  NORMAL
..................................................................
TEMPERATURE (F)
 TODAY
  MAXIMUM         81R  1115 AM  81    2015  76      5       81
                                      2014
  MINIMUM         66    358 AM  60    2012  62      4       68
  AVERAGE         74                        69      5       75

PRECIPITATION (IN)
  TODAY            0.00          0.00 2006   0.01  -0.01     0.00
  MONTH TO DATE    0.00                      0.11  -0.11     0.77
  SINCE OCT 1      7.12                     13.26  -6.14     8.17
  SINCE JAN 1      4.95                      9.38  -4.43     3.77

DEGREE DAYS
 HEATING
  TODAY            0                         0      0        0
  MONTH TO DATE    0                         0      0        0
  SINCE JUN 1      2                        27    -25        4
  SINCE JUL 1      0                         0      0        0

 COOLING
  TODAY            9                         4      5       10
  MONTH TO DATE  139                        89     50      173
  SINCE JUN 1    219                       127     92      272
  SINCE JAN 1    239                       137    102      311
..................................................................


WIND (MPH)
  RESULTANT WIND SPEED   4   RESULTANT WIND DIRECTION   W (250)
  HIGHEST WIND SPEED    15   HIGHEST WIND DIRECTION     W (250)
  HIGHEST GUST SPEED    23   HIGHEST GUST DIRECTION     S (170)
  AVERAGE WIND SPEED     4.5


SKY COVER
  POSSIBLE SUNSHINE  MM
  AVERAGE SKY COVER 0.2


WEATHER CONDITIONS
 THE FOLLOWING WEATHER WAS RECORDED TODAY.
  FOG
  HAZE


RELATIVE HUMIDITY (PERCENT)
 HIGHEST    87           100 AM
 LOWEST     67          1000 AM
 AVERAGE    77

..........................................................


THE OCEANSIDE AIRPORT CA CLIMATE NORMALS FOR TOMORROW
                         NORMAL    RECORD    YEAR
 MAXIMUM TEMPERATURE (F)   76        83      2006
 MINIMUM TEMPERATURE (F)   62        61      2012
                                             2007


SUNRISE AND SUNSET
JULY 25 2016..........SUNRISE   558 AM PDT   SUNSET   753 PM PDT
JULY 26 2016..........SUNRISE   559 AM PDT   SUNSET   753 PM PDT


-  INDICATES NEGATIVE NUMBERS.
R  INDICATES RECORD WAS SET OR TIED.
MM INDICATES DATA IS MISSING.
T  INDICATES TRACE AMOUNT.




$$
