196
CDUS46 KSGX 300016
CLIOKB


CLIMATE REPORT
NATIONAL WEATHER SERVICE SAN DIEGO, CA
516 PM PDT SAT APR 29 2017


...................................

...THE OCEANSIDE AIRPORT CA CLIMATE SUMMARY FOR APRIL 29 2017...
VALID TODAY AS OF 0500 PM LOCAL TIME.

CLIMATE NORMAL PERIOD 1981 TO 2010
CLIMATE RECORD PERIOD 1999 TO 2017


WEATHER ITEM   OBSERVED TIME   RECORD YEAR NORMAL DEPARTURE LAST
                VALUE   (LST)  VALUE       VALUE  FROM      YEAR
                                                  NORMAL
..................................................................
TEMPERATURE (F)
 TODAY
  MAXIMUM         86   1035 AM  95    2014  69     17       68
  MINIMUM         49    252 AM  42    2002  51     -2       49
  AVERAGE         68                        60      8       59

PRECIPITATION (IN)
  TODAY            0.00          0.01 2005   0.01  -0.01     0.00
  MONTH TO DATE    0.02                      0.95  -0.93     0.46
  SINCE OCT 1     13.65                     12.76   0.89     6.58
  SINCE JAN 1      8.50                      8.88  -0.38     4.41

DEGREE DAYS
 HEATING
  TODAY            0                         5     -5        6
  MONTH TO DATE  106                       191    -85      137
  SINCE MAR 1    319                       481   -162      358
  SINCE JUL 1   1334                      1889   -555     1526

 COOLING
  TODAY            3                         0      3        0
  MONTH TO DATE    6                         0      6        4
  SINCE MAR 1      6                         1      5        4
  SINCE JAN 1      6                         1      5       10
..................................................................


WIND (MPH)
  RESULTANT WIND SPEED   4   RESULTANT WIND DIRECTION  NW (330)
  HIGHEST WIND SPEED    21   HIGHEST WIND DIRECTION     W (290)
  HIGHEST GUST SPEED    29   HIGHEST GUST DIRECTION    NE (30)
  AVERAGE WIND SPEED    10.6


SKY COVER
  POSSIBLE SUNSHINE  MM
  AVERAGE SKY COVER 0.0


WEATHER CONDITIONS
 THE FOLLOWING WEATHER WAS RECORDED TODAY.
  NO SIGNIFICANT WEATHER WAS OBSERVED.


RELATIVE HUMIDITY (PERCENT)
 HIGHEST    89          1200 AM
 LOWEST     10          1000 AM
 AVERAGE    50

..........................................................


THE OCEANSIDE AIRPORT CA CLIMATE NORMALS FOR TOMORROW
                         NORMAL    RECORD    YEAR
 MAXIMUM TEMPERATURE (F)   69        96      2014
 MINIMUM TEMPERATURE (F)   51        43      2010


SUNRISE AND SUNSET
APRIL 29 2017.........SUNRISE   603 AM PDT   SUNSET   731 PM PDT
APRIL 30 2017.........SUNRISE   602 AM PDT   SUNSET   731 PM PDT


-  INDICATES NEGATIVE NUMBERS.
R  INDICATES RECORD WAS SET OR TIED.
MM INDICATES DATA IS MISSING.
T  INDICATES TRACE AMOUNT.




$$
