000
CDUS46 KSGX 010017
CLIOKB


CLIMATE REPORT
NATIONAL WEATHER SERVICE SAN DIEGO, CA
517 PM PDT THU JUL 31 2014


...................................

...THE OCEANSIDE AIRPORT CA CLIMATE SUMMARY FOR JULY 31 2014...
VALID TODAY AS OF 0500 PM LOCAL TIME.

CLIMATE NORMAL PERIOD 1981 TO 2010
CLIMATE RECORD PERIOD 1999 TO 2014


WEATHER ITEM   OBSERVED TIME   RECORD YEAR NORMAL DEPARTURE LAST
                VALUE   (LST)  VALUE       VALUE  FROM      YEAR
                                                  NORMAL
..................................................................
TEMPERATURE (F)
 TODAY
  MAXIMUM         81    123 PM  85    2000  77      4       73
  MINIMUM         64    450 AM  56    2013  62      2       56
  AVERAGE         73                        69      4       65

PRECIPITATION (IN)
  TODAY            0.00          0.04 2011   0.00   0.00     0.00
  MONTH TO DATE    T                         0.12  -0.12     0.01
  SINCE JUL 1      T                         0.12  -0.12     0.01
  SINCE JAN 1      2.60                      9.39  -6.79     2.33

SNOWFALL (IN)
  TODAY            0.0
  MONTH TO DATE    0.0
  SINCE JAN 1      0.0
  SINCE JUL 1      0.0
  SNOW DEPTH       0

DEGREE DAYS
 HEATING
  TODAY            0                         0      0        0
  MONTH TO DATE    0                         0      0        0
  SINCE JUN 1      4                        30    -26        3
  SINCE JUL 1      0                         3     -3        0

 COOLING
  TODAY            8                         4      4        0
  MONTH TO DATE  153                       114     39      168
  SINCE JUN 1    190                       152     38      228
  SINCE JAN 1    282                       162    120      257
..................................................................


WIND (MPH)
  RESULTANT WIND SPEED   3   RESULTANT WIND DIRECTION   W (250)
  HIGHEST WIND SPEED    14   HIGHEST WIND DIRECTION    SW (240)
  HIGHEST GUST SPEED    18   HIGHEST GUST DIRECTION    SW (240)
  AVERAGE WIND SPEED     4.5


SKY COVER
  POSSIBLE SUNSHINE  MM
  AVERAGE SKY COVER 0.3


WEATHER CONDITIONS
 THE FOLLOWING WEATHER WAS RECORDED TODAY.
  FOG
  HAZE


RELATIVE HUMIDITY (PERCENT)
 HIGHEST    93           500 AM
 LOWEST     58          1200 PM
 AVERAGE    76

..........................................................


THE OCEANSIDE AIRPORT CA CLIMATE NORMALS FOR TOMORROW
                         NORMAL    RECORD    YEAR
 MAXIMUM TEMPERATURE (F)   77        85      2000
 MINIMUM TEMPERATURE (F)   62        57      2010


SUNRISE AND SUNSET
JULY 31 2014..........SUNRISE   602 AM PDT   SUNSET   749 PM PDT
AUGUST  1 2014........SUNRISE   602 AM PDT   SUNSET   749 PM PDT


-  INDICATES NEGATIVE NUMBERS.
R  INDICATES RECORD WAS SET OR TIED.
MM INDICATES DATA IS MISSING.
T  INDICATES TRACE AMOUNT.




$$
