000
CDUS46 KSGX 211141
CLIOKB


CLIMATE REPORT
NATIONAL WEATHER SERVICE SAN DIEGO, CA
430 AM PDT SAT OCT 21 2017


...................................

...THE OCEANSIDE AIRPORT CA CLIMATE SUMMARY FOR OCTOBER 20 2017...

CLIMATE NORMAL PERIOD 1981 TO 2010
CLIMATE RECORD PERIOD 1999 TO 2017


WEATHER ITEM   OBSERVED TIME   RECORD YEAR NORMAL DEPARTURE LAST
                VALUE   (LST)  VALUE       VALUE  FROM      YEAR
                                                  NORMAL
..................................................................
TEMPERATURE (F)
 YESTERDAY
  MAXIMUM         72    145 PM  91    2016  73     -1       91
  MINIMUM         60    318 AM  41    2013  51      9       52
  AVERAGE         66                        62      4       72

PRECIPITATION (IN)
  YESTERDAY        T             1.62 2004   0.02  -0.02     0.00
  MONTH TO DATE    T                         0.36  -0.36     0.04
  SINCE OCT 1      T                         0.36  -0.36     0.04
  SINCE JAN 1      9.84                     10.14  -0.30     5.23

DEGREE DAYS
 HEATING
  YESTERDAY        0                         3     -3        0
  MONTH TO DATE   10                        40    -30       19
  SINCE SEP 1     20                        50    -30       31
  SINCE JUL 1     20                        55    -35       31

 COOLING
  YESTERDAY        1                         0      1        7
  MONTH TO DATE   35                        18     17       26
  SINCE SEP 1    183                       112     71      160
  SINCE JAN 1    702                       412    290      617
..................................................................


WIND (MPH)
  RESULTANT WIND SPEED   5   RESULTANT WIND DIRECTION   W (260)
  HIGHEST WIND SPEED    17   HIGHEST WIND DIRECTION     W (250)
  HIGHEST GUST SPEED    27   HIGHEST GUST DIRECTION    SW (220)
  AVERAGE WIND SPEED     7.4


SKY COVER
  POSSIBLE SUNSHINE  MM
  AVERAGE SKY COVER 0.7


WEATHER CONDITIONS
 THE FOLLOWING WEATHER WAS RECORDED YESTERDAY.
  LIGHT RAIN


RELATIVE HUMIDITY (PERCENT)
 HIGHEST    97           300 AM
 LOWEST     66          1000 AM
 AVERAGE    82

..........................................................


THE OCEANSIDE AIRPORT CA CLIMATE NORMALS FOR TODAY
                         NORMAL    RECORD    YEAR
 MAXIMUM TEMPERATURE (F)   73        90      1999
 MINIMUM TEMPERATURE (F)   51        44      2006


SUNRISE AND SUNSET
OCTOBER 21 2017.......SUNRISE   659 AM PDT   SUNSET   609 PM PDT
OCTOBER 22 2017.......SUNRISE   700 AM PDT   SUNSET   608 PM PDT


-  INDICATES NEGATIVE NUMBERS.
R  INDICATES RECORD WAS SET OR TIED.
MM INDICATES DATA IS MISSING.
T  INDICATES TRACE AMOUNT.




$$
