338
CDUS44 KOUN 280630
CLIOKC

CLIMATE REPORT
NATIONAL WEATHER SERVICE NORMAN OK
129 AM CDT THU JUL 28 2016


...................................

...THE OKLAHOMA CITY CLIMATE SUMMARY FOR JULY 27 2016...

CLIMATE NORMAL PERIOD 1981 TO 2010
CLIMATE RECORD PERIOD 1890 TO 2016


WEATHER ITEM   OBSERVED TIME   RECORD YEAR NORMAL DEPARTURE LAST
                VALUE   (LST)  VALUE       VALUE  FROM      YEAR
                                                  NORMAL
..................................................................
TEMPERATURE (F)
 YESTERDAY
  MAXIMUM         93    455 PM 107    2011  95     -2       95
  MINIMUM         72    542 PM  59    2004  73     -1       71
                                      1994
  AVERAGE         83                        84     -1       83

PRECIPITATION (IN)
  YESTERDAY        0.29          5.60 1981   0.09   0.20     0.00
  MONTH TO DATE    3.18                      2.57   0.61     7.22
  SINCE JAN 1     18.89                     21.25  -2.36    41.65

DEGREE DAYS
 COOLING
  YESTERDAY       18                        19     -1       18
  MONTH TO DATE  507                       486     21      445
  SINCE JAN 1   1129                      1126      3     1049
..................................................................


WIND (MPH)
  HIGHEST WIND SPEED    40   HIGHEST WIND DIRECTION    NW (310)
  HIGHEST GUST SPEED    51   HIGHEST GUST DIRECTION    NW (310)
  AVERAGE WIND SPEED     2.9


SKY COVER
  AVERAGE SKY COVER 0.6


WEATHER CONDITIONS
 THE FOLLOWING WEATHER WAS RECORDED YESTERDAY.
  THUNDERSTORM
  HEAVY RAIN
  LIGHT RAIN
  FOG


RELATIVE HUMIDITY (PERCENT)
 HIGHEST   100           900 PM
 LOWEST     49           300 PM
 AVERAGE    75

..........................................................


THE OKLAHOMA CITY CLIMATE NORMALS FOR TODAY
                         NORMAL    RECORD    YEAR
 MAXIMUM TEMPERATURE (F)   95       108      1986
 MINIMUM TEMPERATURE (F)   73        58      1994


SUNRISE AND SUNSET
JULY 28 2016..........SUNRISE   636 AM CDT   SUNSET   837 PM CDT
JULY 29 2016..........SUNRISE   637 AM CDT   SUNSET   836 PM CDT


-  INDICATES NEGATIVE NUMBERS.
R  INDICATES RECORD WAS SET OR TIED.
MM INDICATES DATA IS MISSING.
T  INDICATES TRACE AMOUNT.




$$
