000
CDUS44 KOUN 282209
CLIOKC

CLIMATE REPORT
NATIONAL WEATHER SERVICE NORMAN OK
508 PM CDT TUE JUL 28 2015


...................................

...THE OKLAHOMA CITY CLIMATE SUMMARY FOR JULY 28 2015...
VALID TODAY AS OF 0500 PM LOCAL TIME.

CLIMATE NORMAL PERIOD 1981 TO 2010
CLIMATE RECORD PERIOD 1890 TO 2015


WEATHER ITEM   OBSERVED TIME   RECORD YEAR NORMAL DEPARTURE LAST
                VALUE   (LST)  VALUE       VALUE  FROM      YEAR
                                                  NORMAL
..................................................................
TEMPERATURE (F)
 TODAY
  MAXIMUM         95    309 PM 108    1986  95      0       87
  MINIMUM         74    605 AM  58    1994  73      1       72
  AVERAGE         85                        84      1       80

PRECIPITATION (IN)
  TODAY            0.00          1.80 1963   0.09  -0.09     0.00
  MONTH TO DATE    7.22                      2.66   4.56     2.44
  SINCE JAN 1     41.65                     21.34  20.31    18.17

DEGREE DAYS
 COOLING
  TODAY           20                        19      1       15
  MONTH TO DATE  465                       505    -40      418
  SINCE JAN 1   1069                      1145    -76     1108
..................................................................


WIND (MPH)
  HIGHEST WIND SPEED    21   HIGHEST WIND DIRECTION     S (200)
  HIGHEST GUST SPEED    27   HIGHEST GUST DIRECTION    SE (150)
  AVERAGE WIND SPEED    12.9


SKY COVER
  AVERAGE SKY COVER 0.0


WEATHER CONDITIONS
 THE FOLLOWING WEATHER WAS RECORDED TODAY.
  NO SIGNIFICANT WEATHER WAS OBSERVED.


RELATIVE HUMIDITY (PERCENT)
 HIGHEST    87           600 AM
 LOWEST     46           300 PM
 AVERAGE    67

..........................................................


THE OKLAHOMA CITY CLIMATE NORMALS FOR TOMORROW
                         NORMAL    RECORD    YEAR
 MAXIMUM TEMPERATURE (F)   95       109      1986
 MINIMUM TEMPERATURE (F)   73        58      2005


SUNRISE AND SUNSET
JULY 28 2015..........SUNRISE   636 AM CDT   SUNSET   838 PM CDT
JULY 29 2015..........SUNRISE   637 AM CDT   SUNSET   837 PM CDT


-  INDICATES NEGATIVE NUMBERS.
R  INDICATES RECORD WAS SET OR TIED.
MM INDICATES DATA IS MISSING.
T  INDICATES TRACE AMOUNT.




$$
