000
CDUS44 KOUN 270647
CLIOKC

CLIMATE REPORT
NATIONAL WEATHER SERVICE NORMAN OK
1244 AM CST THU NOV 27 2014

...................................

...THE OKLAHOMA CITY CLIMATE SUMMARY FOR NOVEMBER 26 2014...

CLIMATE NORMAL PERIOD 1981 TO 2010
CLIMATE RECORD PERIOD 1890 TO 2014


WEATHER ITEM   OBSERVED TIME   RECORD YEAR NORMAL DEPARTURE LAST
                VALUE   (LST)  VALUE       VALUE  FROM      YEAR
                                                  NORMAL
..................................................................
TEMPERATURE (F)
 YESTERDAY
  MAXIMUM         57    304 PM  81    1910  57      0       48
  MINIMUM         34   1159 PM  13    1993  36     -2       29
                                      1975
                                      1895
  AVERAGE         46                        46      0       39

PRECIPITATION (IN)
  YESTERDAY        0.00          1.80 1982   0.05  -0.05     0.00
  MONTH TO DATE    2.38                      1.75   0.63     0.96
  SINCE JAN 1     27.68                     34.41  -6.73    51.52

SNOWFALL (IN)
  YESTERDAY        0.0           0.7  1975   0.0    0.0      0.0
  MONTH TO DATE    2.5                       0.3    2.2      0.6
  SINCE JUL 1      2.5                       0.3    2.2      0.6
  SNOW DEPTH       0

DEGREE DAYS
 HEATING
  YESTERDAY       19                        19      0       26
  MONTH TO DATE  489                       354    135      407
  SINCE JUL 1    575                       518     57      571

 COOLING
  YESTERDAY        0                         0      0        0
  MONTH TO DATE    0                         7     -7        3
  SINCE JAN 1   2126                      2099     27     2072
..................................................................


WIND (MPH)
  HIGHEST WIND SPEED    25   HIGHEST WIND DIRECTION     N (340)
  HIGHEST GUST SPEED    32   HIGHEST GUST DIRECTION     N (340)
  AVERAGE WIND SPEED    14.3


SKY COVER
  AVERAGE SKY COVER 0.6


WEATHER CONDITIONS
 THE FOLLOWING WEATHER WAS RECORDED YESTERDAY.
  NO SIGNIFICANT WEATHER WAS OBSERVED.


RELATIVE HUMIDITY (PERCENT)
 HIGHEST    70           300 AM
 LOWEST     26           400 PM
 AVERAGE    48

..........................................................


THE OKLAHOMA CITY CLIMATE NORMALS FOR TODAY
                         NORMAL    RECORD    YEAR
 MAXIMUM TEMPERATURE (F)   56        82      1905
 MINIMUM TEMPERATURE (F)   35        16      1976


SUNRISE AND SUNSET
NOVEMBER 27 2014......SUNRISE   717 AM CST   SUNSET   519 PM CST
NOVEMBER 28 2014......SUNRISE   718 AM CST   SUNSET   518 PM CST


-  INDICATES NEGATIVE NUMBERS.
R  INDICATES RECORD WAS SET OR TIED.
MM INDICATES DATA IS MISSING.
T  INDICATES TRACE AMOUNT.




$$
