000
CDUS44 KOUN 222318
CLIOKC

CLIMATE REPORT
NATIONAL WEATHER SERVICE NORMAN OK
518 PM CST MON DEC 22 2014


...................................

...THE OKLAHOMA CITY CLIMATE SUMMARY FOR DECEMBER 22 2014...
VALID TODAY AS OF 0500 PM LOCAL TIME.

CLIMATE NORMAL PERIOD 1981 TO 2010
CLIMATE RECORD PERIOD 1890 TO 2014


WEATHER ITEM   OBSERVED TIME   RECORD YEAR NORMAL DEPARTURE LAST
                VALUE   (LST)  VALUE       VALUE  FROM      YEAR
                                                  NORMAL
..................................................................
TEMPERATURE (F)
 TODAY
  MAXIMUM         58    304 PM  75    1896  49      9       30
  MINIMUM         48    835 AM  -4    1989  29     19       19
  AVERAGE         53                        39     14       25

PRECIPITATION (IN)
  TODAY            0.00          2.01 1932   0.06  -0.06     0.00
  MONTH TO DATE    0.54                      1.40  -0.86     1.26
  SINCE JAN 1     28.22                     36.04  -7.82    52.78

SNOWFALL (IN)
  TODAY            0.0           3.9  1913   0.1   -0.1      0.0
  MONTH TO DATE    0.0                       1.4   -1.4      3.5
  SINCE JUL 1      2.5                       1.8    0.7      4.1
  SNOW DEPTH       0

DEGREE DAYS
 HEATING
  TODAY           12                        26    -14       40
  MONTH TO DATE  418                       523   -105      605
  SINCE JUL 1   1045                      1122    -77     1265
..................................................................


WIND (MPH)
  HIGHEST WIND SPEED    22   HIGHEST WIND DIRECTION    NW (310)
  HIGHEST GUST SPEED    28   HIGHEST GUST DIRECTION    NW (320)
  AVERAGE WIND SPEED    11.2


SKY COVER
  AVERAGE SKY COVER 0.9


WEATHER CONDITIONS
 THE FOLLOWING WEATHER WAS RECORDED TODAY.
  FOG


RELATIVE HUMIDITY (PERCENT)
 HIGHEST    93           700 AM
 LOWEST     47           300 PM
 AVERAGE    70

..........................................................


THE OKLAHOMA CITY CLIMATE NORMALS FOR TOMORROW
                         NORMAL    RECORD    YEAR
 MAXIMUM TEMPERATURE (F)   49        72      1982
 MINIMUM TEMPERATURE (F)   29        -8      1989


SUNRISE AND SUNSET
DECEMBER 22 2014......SUNRISE   736 AM CST   SUNSET   522 PM CST
DECEMBER 23 2014......SUNRISE   736 AM CST   SUNSET   523 PM CST


-  INDICATES NEGATIVE NUMBERS.
R  INDICATES RECORD WAS SET OR TIED.
MM INDICATES DATA IS MISSING.
T  INDICATES TRACE AMOUNT.

$$
