000
CDUS44 KOUN 210637
CLIOKC

CLIMATE REPORT
NATIONAL WEATHER SERVICE NORMAN OK
1237 AM CST TUE NOV 21 2017


...................................

...THE OKLAHOMA CITY CLIMATE SUMMARY FOR NOVEMBER 20 2017...

CLIMATE NORMAL PERIOD 1981 TO 2010
CLIMATE RECORD PERIOD 1890 TO 2017


WEATHER ITEM   OBSERVED TIME   RECORD YEAR NORMAL DEPARTURE LAST
                VALUE   (LST)  VALUE       VALUE  FROM      YEAR
                                                  NORMAL
..................................................................
TEMPERATURE (F)
 YESTERDAY
  MAXIMUM         64    327 PM  82    2007  59      5       64
  MINIMUM         32    716 AM  19    1937  38     -6       29
  AVERAGE         48                        49     -1       47

PRECIPITATION (IN)
  YESTERDAY        0.00          2.17 1994   0.05  -0.05     0.00
  MONTH TO DATE    0.07                      1.42  -1.35     0.48
  SINCE SEP 1      9.83                      9.19   0.64     5.55
  SINCE JAN 1     33.04                     34.08  -1.04    25.46

SNOWFALL (IN)
  YESTERDAY        0.0

DEGREE DAYS
 HEATING
  YESTERDAY       17                        16      1       18
  MONTH TO DATE  242                       247     -5      136
  SINCE SEP 1    423                       411     12      182
  SINCE JUL 1    423                       411     12      182

 COOLING
  YESTERDAY        0                         0      0        0
  MONTH TO DATE    5                         7     -2       23
  SINCE SEP 1    345                       362    -17      488
  SINCE JAN 1   1916                      2099   -183     2214
..................................................................


WIND (MPH)
  HIGHEST WIND SPEED    35   HIGHEST WIND DIRECTION     S (200)
  HIGHEST GUST SPEED    41   HIGHEST GUST DIRECTION     S (200)
  AVERAGE WIND SPEED    15.6


SKY COVER
  AVERAGE SKY COVER 0.3


WEATHER CONDITIONS
 THE FOLLOWING WEATHER WAS RECORDED YESTERDAY.
  NO SIGNIFICANT WEATHER WAS OBSERVED.


RELATIVE HUMIDITY (PERCENT)
 HIGHEST    75           600 AM
 LOWEST     22           300 PM
 AVERAGE    49

..........................................................


THE OKLAHOMA CITY CLIMATE NORMALS FOR TODAY
                         NORMAL    RECORD    YEAR
 MAXIMUM TEMPERATURE (F)   59        80      1927
 MINIMUM TEMPERATURE (F)   38        14      1898


SUNRISE AND SUNSET
NOVEMBER 21 2017......SUNRISE   712 AM CST   SUNSET   521 PM CST
NOVEMBER 22 2017......SUNRISE   713 AM CST   SUNSET   520 PM CST


-  INDICATES NEGATIVE NUMBERS.
R  INDICATES RECORD WAS SET OR TIED.
MM INDICATES DATA IS MISSING.
T  INDICATES TRACE AMOUNT.

$$
