000
CDUS44 KOUN 272327
CLIOKC

CLIMATE REPORT
NATIONAL WEATHER SERVICE NORMAN OK
524 PM CST TUE JAN 27 2015


...................................

...THE OKLAHOMA CITY CLIMATE SUMMARY FOR JANUARY 27 2015...
VALID TODAY AS OF 0500 PM LOCAL TIME.

CLIMATE NORMAL PERIOD 1981 TO 2010
CLIMATE RECORD PERIOD 1890 TO 2015


WEATHER ITEM   OBSERVED TIME   RECORD YEAR NORMAL DEPARTURE LAST
                VALUE   (LST)  VALUE       VALUE  FROM      YEAR
                                                  NORMAL
..................................................................
TEMPERATURE (F)
 TODAY
  MAXIMUM         78R   419 PM  72    1914  51     27       40
  MINIMUM         39    625 AM   3    1963  29     10       19
                                      1902
                                      1897
  AVERAGE         59                        40     19       30

PRECIPITATION (IN)
  TODAY            0.00          0.78 2001   0.05  -0.05     0.00
  MONTH TO DATE    1.22                      1.18   0.04     0.06
  SINCE JAN 1      1.22                      1.18   0.04     0.06

SNOWFALL (IN)
  TODAY            0.0           2.7  2000   0.1   -0.1      0.0
  MONTH TO DATE    T                         2.4   -2.4      0.2
  SINCE JUL 1      6.0                       4.9    1.1      4.3
  SNOW DEPTH       0

DEGREE DAYS
 HEATING
  TODAY            6                        25    -19       35
  MONTH TO DATE  694                       697     -3      701
  SINCE JUL 1   1998                      2052    -54     2229
..................................................................


WIND (MPH)
  HIGHEST WIND SPEED    14   HIGHEST WIND DIRECTION     S (200)
  HIGHEST GUST SPEED    17   HIGHEST GUST DIRECTION    SW (210)
  AVERAGE WIND SPEED     6.2


SKY COVER
  AVERAGE SKY COVER 0.1


WEATHER CONDITIONS
 THE FOLLOWING WEATHER WAS RECORDED TODAY.
  NO SIGNIFICANT WEATHER WAS OBSERVED.


RELATIVE HUMIDITY (PERCENT)
 HIGHEST    67           600 AM
 LOWEST     19           300 PM
 AVERAGE    43

..........................................................


THE OKLAHOMA CITY CLIMATE NORMALS FOR TOMORROW
                         NORMAL    RECORD    YEAR
 MAXIMUM TEMPERATURE (F)   51        78      1893
 MINIMUM TEMPERATURE (F)   29         5      1948


SUNRISE AND SUNSET
JANUARY 27 2015.......SUNRISE   734 AM CST   SUNSET   553 PM CST
JANUARY 28 2015.......SUNRISE   733 AM CST   SUNSET   554 PM CST


-  INDICATES NEGATIVE NUMBERS.
R  INDICATES RECORD WAS SET OR TIED.
MM INDICATES DATA IS MISSING.
T  INDICATES TRACE AMOUNT.




$$
