000
CDUS44 KOUN 241210 CCA
CLIOKC

CLIMATE REPORT
NATIONAL WEATHER SERVICE NORMAN OK
705 AM CDT THU APR 24 2014


...................................

...THE OKLAHOMA CITY CLIMATE SUMMARY FOR APRIL 23 2014...

CLIMATE NORMAL PERIOD 1981 TO 2010
CLIMATE RECORD PERIOD 1890 TO 2014


WEATHER ITEM   OBSERVED TIME   RECORD YEAR NORMAL DEPARTURE LAST
                VALUE   (LST)  VALUE       VALUE  FROM      YEAR
                                                  NORMAL
..................................................................
TEMPERATURE (F)
 YESTERDAY
  MAXIMUM         87    253 PM  91    2006  74     13       65
  MINIMUM         49    352 AM  33    1909  52     -3       35
  AVERAGE         68                        63      5       50

PRECIPITATION (IN)
  YESTERDAY        0.12          0.96 1945   0.12   0.00      T
  MONTH TO DATE    0.85                      2.17  -1.32     6.61
  SINCE JAN 1      2.54                      8.20  -5.66    11.56

SNOWFALL (IN)
  YESTERDAY        0.0           0.0         0.0    0.0      0.0
  MONTH TO DATE    T                         0.0    0.0       T
  SINCE JUL 1     10.2                       7.6    2.6      7.7
  SNOW DEPTH       0

DEGREE DAYS
 HEATING
  YESTERDAY        0                         4     -4       15
  MONTH TO DATE  136                       150    -14      258
  SINCE JUL 1   3738                      3309    429     3303

 COOLING
  YESTERDAY        3                         2      1        0
  MONTH TO DATE   35                        34      1       10
  SINCE JAN 1     46                        47     -1       14
..................................................................


WIND (MPH)
  HIGHEST WIND SPEED    29   HIGHEST WIND DIRECTION    SE (140)
  HIGHEST GUST SPEED    36   HIGHEST GUST DIRECTION    SE (150)
  AVERAGE WIND SPEED    16.4


SKY COVER
  AVERAGE SKY COVER 0.6


WEATHER CONDITIONS
 THE FOLLOWING WEATHER WAS RECORDED YESTERDAY.
  THUNDERSTORM
  LIGHT RAIN
  FOG


RELATIVE HUMIDITY (PERCENT)
 HIGHEST    80           400 AM
 LOWEST     30           300 PM
 AVERAGE    55

..........................................................


THE OKLAHOMA CITY CLIMATE NORMALS FOR TODAY
                         NORMAL    RECORD    YEAR
 MAXIMUM TEMPERATURE (F)   75        89      1901
 MINIMUM TEMPERATURE (F)   53        31      2013


SUNRISE AND SUNSET
APRIL 24 2014.........SUNRISE   647 AM CDT   SUNSET   811 PM CDT
APRIL 25 2014.........SUNRISE   646 AM CDT   SUNSET   812 PM CDT


-  INDICATES NEGATIVE NUMBERS.
R  INDICATES RECORD WAS SET OR TIED.
MM INDICATES DATA IS MISSING.
T  INDICATES TRACE AMOUNT.




$$
