000
CDUS44 KOUN 300645
CLIOKC

CLIMATE REPORT
NATIONAL WEATHER SERVICE NORMAN OK
145 AM CDT SAT MAY 30 2015

...................................

...THE OKLAHOMA CITY CLIMATE SUMMARY FOR MAY 29 2015...

CLIMATE NORMAL PERIOD 1981 TO 2010
CLIMATE RECORD PERIOD 1890 TO 2015


WEATHER ITEM   OBSERVED TIME   RECORD YEAR NORMAL DEPARTURE LAST
                VALUE   (LST)  VALUE       VALUE  FROM      YEAR
                                                  NORMAL
..................................................................
TEMPERATURE (F)
 YESTERDAY
  MAXIMUM         79    545 PM  94    2006  83     -4       88
                                      1985
                                      1926
  MINIMUM         64    601 AM  39    1947  63      1       64
  AVERAGE         72                        73     -1       76

PRECIPITATION (IN)
  YESTERDAY        0.01          5.63 1970   0.16  -0.15     0.00
  MONTH TO DATE   19.48                      4.31  15.17     4.44
  SINCE JAN 1     28.66                     13.41  15.25     7.13

DEGREE DAYS
 COOLING
  YESTERDAY        7                         9     -2       11
  MONTH TO DATE  113                       165    -52      202
  SINCE JAN 1    175                       231    -56      268
..................................................................


WIND (MPH)
  HIGHEST WIND SPEED    16   HIGHEST WIND DIRECTION     S (160)
  HIGHEST GUST SPEED    22   HIGHEST GUST DIRECTION     S (170)
  AVERAGE WIND SPEED     4.8


SKY COVER
  AVERAGE SKY COVER 0.8


WEATHER CONDITIONS
 THE FOLLOWING WEATHER WAS RECORDED YESTERDAY.
  LIGHT RAIN
  HAZE


RELATIVE HUMIDITY (PERCENT)
 HIGHEST    93           300 AM
 LOWEST     54           300 PM
 AVERAGE    74

..........................................................


THE OKLAHOMA CITY CLIMATE NORMALS FOR TODAY
                         NORMAL    RECORD    YEAR
 MAXIMUM TEMPERATURE (F)   84       104      1985
 MINIMUM TEMPERATURE (F)   64        45      1947


SUNRISE AND SUNSET
MAY 30 2015...........SUNRISE   617 AM CDT   SUNSET   839 PM CDT
MAY 31 2015...........SUNRISE   617 AM CDT   SUNSET   839 PM CDT


-  INDICATES NEGATIVE NUMBERS.
R  INDICATES RECORD WAS SET OR TIED.
MM INDICATES DATA IS MISSING.
T  INDICATES TRACE AMOUNT.




$$
