000
CDUS45 KGGW 241230
CLIOLF


CLIMATE REPORT
NATIONAL WEATHER SERVICE GLASGOW MT
630 AM MDT SUN MAY 24 2015


...................................

...THE WOLF POINT MT CLIMATE SUMMARY FOR MAY 24 2015...
VALID AS OF 0600 AM LOCAL TIME.

CLIMATE NORMAL PERIOD 1981 TO 2010
CLIMATE RECORD PERIOD 9999 TO 9999


WEATHER ITEM   OBSERVED RECORD YEAR NORMAL DEPARTURE
                VALUE   VALUE       VALUE  FROM
                                           NORMAL
........................................................
TEMPERATURE (F)
 TODAY
  MAXIMUM         47     MM      MM  71
  MINIMUM         42     MM      MM  42
  AVERAGE         45

PRECIPITATION (IN)
  TODAY            0.00  MM      MM   0.06  -0.06
  MONTH TO DATE    1.07               1.15  -0.08
  SINCE OCT 1      3.20               4.57  -1.37
  SINCE JAN 1      2.63               3.07  -0.44

SNOWFALL (IN)
  TODAY            0.0   MM      MM  MM
  MONTH TO DATE    0.0               MM
  SINCE MAR 1      0.0               MM
  SINCE JUL 1      0.0               MM

DEGREE DAYS
 HEATING
  TODAY           20

 COOLING
  TODAY            0
........................................................







THE WOLF POINT MT CLIMATE NORMALS FOR TOMORROW
                         NORMAL    RECORD    YEAR
 MAXIMUM TEMPERATURE (F)   72        MM        MM
 MINIMUM TEMPERATURE (F)   43        MM        MM


SUNRISE AND SUNSET
MAY 24 2015...........SUNRISE   513 AM MDT   SUNSET   846 PM MDT
MAY 25 2015...........SUNRISE   512 AM MDT   SUNSET   847 PM MDT


-  INDICATES NEGATIVE NUMBERS.
R  INDICATES RECORD WAS SET OR TIED.
MM INDICATES DATA IS MISSING.
T  INDICATES TRACE AMOUNT.




$$
