000
CDUS45 KGGW 111231
CLIOLF


CLIMATE REPORT
NATIONAL WEATHER SERVICE GLASGOW MT
630 AM MDT FRI JUL 11 2014


...................................

...THE WOLF POINT MT CLIMATE SUMMARY FOR JULY 11 2014...
VALID AS OF 0600 AM LOCAL TIME.

CLIMATE NORMAL PERIOD 1981 TO 2010
CLIMATE RECORD PERIOD 9999 TO 9999


WEATHER ITEM   OBSERVED RECORD YEAR NORMAL DEPARTURE
                VALUE   VALUE       VALUE  FROM
                                           NORMAL
........................................................
TEMPERATURE (F)
 TODAY
  MAXIMUM         64     MM      MM  86
  MINIMUM         60     MM      MM  54
  AVERAGE         62

PRECIPITATION (IN)
  TODAY            0.00  MM      MM   0.07  -0.07
  MONTH TO DATE    0.27               0.79  -0.52
  SINCE OCT 1      5.35               8.70  -3.35
  SINCE JAN 1      4.79               7.20  -2.41

SNOWFALL (IN)
  TODAY            0.0   MM      MM  MM
  MONTH TO DATE    0.0               MM
  SINCE JUN 1      0.0               MM
  SINCE JUL 1      0.0               MM

DEGREE DAYS
 HEATING
  TODAY            3

 COOLING
  TODAY            0
........................................................







THE WOLF POINT MT CLIMATE NORMALS FOR TOMORROW
                         NORMAL    RECORD    YEAR
 MAXIMUM TEMPERATURE (F)   86        MM        MM
 MINIMUM TEMPERATURE (F)   54        MM        MM


SUNRISE AND SUNSET
JULY 11 2014..........SUNRISE   514 AM MDT   SUNSET   901 PM MDT
JULY 12 2014..........SUNRISE   515 AM MDT   SUNSET   900 PM MDT


-  INDICATES NEGATIVE NUMBERS.
R  INDICATES RECORD WAS SET OR TIED.
MM INDICATES DATA IS MISSING.
T  INDICATES TRACE AMOUNT.




$$
