000
CDUS46 KSEW 230830
CLIOLM


CLIMATE REPORT
NATIONAL WEATHER SERVICE SEATTLE WA
130 AM PDT THU OCT 23 2014


...................................

...THE OLYMPIA WA AIRPORT CLIMATE SUMMARY FOR OCTOBER 22 2014...

CLIMATE NORMAL PERIOD 1981 TO 2010
CLIMATE RECORD PERIOD 1948 TO 2014


WEATHER ITEM   OBSERVED TIME   RECORD YEAR NORMAL DEPARTURE LAST
                VALUE   (LST)  VALUE       VALUE  FROM      YEAR
                                                  NORMAL
..................................................................
TEMPERATURE (F)
 YESTERDAY
  MAXIMUM         57    200 PM  71    1998  58     -1       60
  MINIMUM         53   1159 PM  26    1981  40     13       39
  AVERAGE         55                        49      6       50

PRECIPITATION (IN)
  YESTERDAY        1.43R         1.32 1951   0.17   1.26     0.00
  MONTH TO DATE    3.24                      2.77   0.47     1.93
  SINCE OCT 1      3.24                      2.77   0.47     1.93
  SINCE JAN 1     38.72                     32.08   6.64    34.55

DEGREE DAYS
 HEATING
  YESTERDAY       10                        16     -6       15
  MONTH TO DATE  155                       297   -142      346
  SINCE SEP 1    273                       487   -214      488
  SINCE JUL 1    326                       637   -311      565

 COOLING
  YESTERDAY        0                         0      0        0
  MONTH TO DATE    0                         0      0        0
  SINCE SEP 1      6                         7     -1       26
  SINCE JAN 1    187                       106     81      147
..................................................................


WIND (MPH)
  RESULTANT WIND SPEED  13   RESULTANT WIND DIRECTION   S (190)
  HIGHEST WIND SPEED    25   HIGHEST WIND DIRECTION     S (190)
  HIGHEST GUST SPEED    37   HIGHEST GUST DIRECTION     S (180)
  AVERAGE WIND SPEED    12.6


SKY COVER
  AVERAGE SKY COVER 1.0


WEATHER CONDITIONS
 THE FOLLOWING WEATHER WAS RECORDED YESTERDAY.
  HEAVY RAIN
  RAIN
  LIGHT RAIN
  FOG


RELATIVE HUMIDITY (PERCENT)
 HIGHEST    93           300 AM
 LOWEST     77           100 AM
 AVERAGE    85

..........................................................


THE OLYMPIA WA AIRPORT CLIMATE NORMALS FOR TODAY
                         NORMAL    RECORD    YEAR
 MAXIMUM TEMPERATURE (F)   57        77      1992
 MINIMUM TEMPERATURE (F)   40        27      1975


SUNRISE AND SUNSET
OCTOBER 23 2014.......SUNRISE   741 AM PDT   SUNSET   610 PM PDT
OCTOBER 24 2014.......SUNRISE   743 AM PDT   SUNSET   608 PM PDT


-  INDICATES NEGATIVE NUMBERS.
R  INDICATES RECORD WAS SET OR TIED.
MM INDICATES DATA IS MISSING.
T  INDICATES TRACE AMOUNT.




$$
