701
CDUS46 KSEW 260827
CLIOLM


CLIMATE REPORT
NATIONAL WEATHER SERVICE SEATTLE WA
127 AM PDT TUE JUL 26 2016


...................................

...THE OLYMPIA WA AIRPORT CLIMATE SUMMARY FOR JULY 25 2016...

CLIMATE NORMAL PERIOD 1981 TO 2010
CLIMATE RECORD PERIOD 1948 TO 2016


WEATHER ITEM   OBSERVED TIME   RECORD YEAR NORMAL DEPARTURE LAST
                VALUE   (LST)  VALUE       VALUE  FROM      YEAR
                                                  NORMAL
..................................................................
TEMPERATURE (F)
 YESTERDAY
  MAXIMUM         86        MM  93    1988  78      8       70
  MINIMUM         53        MM  39    1960  52      1       53
  AVERAGE         70                        65      5       62

PRECIPITATION (IN)
  YESTERDAY        0.00          0.31 1955   0.02  -0.02      T
  MONTH TO DATE    0.62                      0.55   0.07     0.05
  SINCE OCT 1     60.24                     47.27  12.97    39.71
  SINCE JAN 1     27.24                     26.58   0.66    20.68

DEGREE DAYS
 HEATING
  YESTERDAY        0                         2     -2        3
  MONTH TO DATE   55                        68    -13       11
  SINCE JUN 1    221                       256    -35       74
  SINCE JUL 1     55                        68    -13       11

 COOLING
  YESTERDAY        5                         2      3        0
  MONTH TO DATE   13                        34    -21       96
  SINCE JUN 1     47                        45      2      168
  SINCE JAN 1     48                        48      0      169
..................................................................


WIND (MPH)
  RESULTANT WIND SPEED   0   RESULTANT WIND DIRECTION   N (350)
  HIGHEST WIND SPEED    10   HIGHEST WIND DIRECTION    NW (310)
  HIGHEST GUST SPEED    MM   HIGHEST GUST DIRECTION    MM
  AVERAGE WIND SPEED     3.5


SKY COVER
  AVERAGE SKY COVER 0.0


WEATHER CONDITIONS
 THE FOLLOWING WEATHER WAS RECORDED YESTERDAY.
  NO SIGNIFICANT WEATHER WAS OBSERVED.


RELATIVE HUMIDITY (PERCENT)
 HIGHEST    93           400 AM
 LOWEST     37           200 PM
 AVERAGE    65

..........................................................


THE OLYMPIA WA AIRPORT CLIMATE NORMALS FOR TODAY
                         NORMAL    RECORD    YEAR
 MAXIMUM TEMPERATURE (F)   78        96      1998
 MINIMUM TEMPERATURE (F)   52        43      1966


SUNRISE AND SUNSET
JULY 26 2016..........SUNRISE   545 AM PDT   SUNSET   851 PM PDT
JULY 27 2016..........SUNRISE   546 AM PDT   SUNSET   850 PM PDT


-  INDICATES NEGATIVE NUMBERS.
R  INDICATES RECORD WAS SET OR TIED.
MM INDICATES DATA IS MISSING.
T  INDICATES TRACE AMOUNT.




$$
