000
CDUS46 KSEW 260122
CLIOLM


CLIMATE REPORT
NATIONAL WEATHER SERVICE SEATTLE WA
622 PM PDT WED MAY 25 2016


...................................

...THE OLYMPIA WA AIRPORT CLIMATE SUMMARY FOR MAY 25 2016...
VALID TODAY AS OF 0600 PM LOCAL TIME.

CLIMATE NORMAL PERIOD 1981 TO 2010
CLIMATE RECORD PERIOD 1948 TO 2016


WEATHER ITEM   OBSERVED TIME   RECORD YEAR NORMAL DEPARTURE LAST
                VALUE   (LST)  VALUE       VALUE  FROM      YEAR
                                                  NORMAL
..................................................................
TEMPERATURE (F)
 TODAY
  MAXIMUM         60    253 PM  83    1958  67     -7       61
                                      1950
  MINIMUM         42    237 AM  30    1975  45     -3       50
  AVERAGE         51                        56     -5       56

PRECIPITATION (IN)
  TODAY            0.00          0.64 2010   0.07  -0.07     0.00
  MONTH TO DATE    0.11                      1.89  -1.78     0.67
  SINCE OCT 1     58.34                     44.52  13.82    39.52
  SINCE JAN 1     25.34                     23.83   1.51    20.49

DEGREE DAYS
 HEATING
  TODAY           14                         9      5        9
  MONTH TO DATE  187                       286    -99      237
  SINCE MAR 1   1114                      1423   -309     1249
  SINCE JUL 1   4472                      5145   -673     4284

 COOLING
  TODAY            0                         0      0        0
  MONTH TO DATE    0                         0      0        0
  SINCE MAR 1      1                         0      1        0
  SINCE JAN 1      1                         0      1        0
..................................................................


WIND (MPH)
  RESULTANT WIND SPEED   4   RESULTANT WIND DIRECTION  SW (220)
  HIGHEST WIND SPEED    15   HIGHEST WIND DIRECTION    SW (230)
  HIGHEST GUST SPEED    18   HIGHEST GUST DIRECTION     W (250)
  AVERAGE WIND SPEED     5.0


SKY COVER
  AVERAGE SKY COVER 0.8


WEATHER CONDITIONS
 THE FOLLOWING WEATHER WAS RECORDED TODAY.
  NO SIGNIFICANT WEATHER WAS OBSERVED.


RELATIVE HUMIDITY (PERCENT)
 HIGHEST    93          1200 AM
 LOWEST     62           500 PM
 AVERAGE    78

..........................................................


THE OLYMPIA WA AIRPORT CLIMATE NORMALS FOR TOMORROW
                         NORMAL    RECORD    YEAR
 MAXIMUM TEMPERATURE (F)   67        89      2005
 MINIMUM TEMPERATURE (F)   45        32      1973
                                             1964


SUNRISE AND SUNSET
MAY 25 2016...........SUNRISE   525 AM PDT   SUNSET   853 PM PDT
MAY 26 2016...........SUNRISE   524 AM PDT   SUNSET   854 PM PDT


-  INDICATES NEGATIVE NUMBERS.
R  INDICATES RECORD WAS SET OR TIED.
MM INDICATES DATA IS MISSING.
T  INDICATES TRACE AMOUNT.




$$
