000
CDUS46 KSEW 110837
CLIOLM


CLIMATE REPORT
NATIONAL WEATHER SERVICE SEATTLE WA
1237 AM PST MON DEC 11 2017


...................................

...THE OLYMPIA WA AIRPORT CLIMATE SUMMARY FOR DECEMBER 10 2017...

CLIMATE NORMAL PERIOD 1981 TO 2010
CLIMATE RECORD PERIOD 1948 TO 2017


WEATHER ITEM   OBSERVED TIME   RECORD YEAR NORMAL DEPARTURE LAST
                VALUE   (LST)  VALUE       VALUE  FROM      YEAR
                                                  NORMAL
..................................................................
TEMPERATURE (F)
 YESTERDAY
  MAXIMUM         47    310 PM  64    2014  44      3       40
  MINIMUM         24   1158 PM  -1    1972  33     -9       34
  AVERAGE         36                        38     -2       37

PRECIPITATION (IN)
  YESTERDAY        0.00          2.41 1977   0.24  -0.24     0.44
  MONTH TO DATE    0.84                      2.67  -1.83     2.50
  SINCE OCT 1     19.70                     15.90   3.80    24.21
  SINCE JAN 1     55.37                     45.21  10.16    53.58

DEGREE DAYS
 HEATING
  YESTERDAY       29                        27      2       28
  MONTH TO DATE  280                       259     21      281
  SINCE DEC 1    280                       259     21      281
  SINCE JUL 1   1582                      1704   -122     1478

 COOLING
  YESTERDAY        0                         0      0        0
  MONTH TO DATE    0                         0      0        0
  SINCE DEC 1      0                         0      0        0
  SINCE JAN 1    204                       106     98      145
..................................................................


WIND (MPH)
  RESULTANT WIND SPEED   1   RESULTANT WIND DIRECTION   S (190)
  HIGHEST WIND SPEED     9   HIGHEST WIND DIRECTION    SW (220)
  HIGHEST GUST SPEED    14   HIGHEST GUST DIRECTION    SW (220)
  AVERAGE WIND SPEED     2.5


SKY COVER
  AVERAGE SKY COVER 0.0


WEATHER CONDITIONS
 THE FOLLOWING WEATHER WAS RECORDED YESTERDAY.
  FOG


RELATIVE HUMIDITY (PERCENT)
 HIGHEST   100           700 AM
 LOWEST     58           200 PM
 AVERAGE    79

..........................................................


THE OLYMPIA WA AIRPORT CLIMATE NORMALS FOR TODAY
                         NORMAL    RECORD    YEAR
 MAXIMUM TEMPERATURE (F)   44        58      2014
                                             1958
 MINIMUM TEMPERATURE (F)   32        10      2009


SUNRISE AND SUNSET
DECEMBER 11 2017......SUNRISE   747 AM PST   SUNSET   423 PM PST
DECEMBER 12 2017......SUNRISE   748 AM PST   SUNSET   423 PM PST


-  INDICATES NEGATIVE NUMBERS.
R  INDICATES RECORD WAS SET OR TIED.
MM INDICATES DATA IS MISSING.
T  INDICATES TRACE AMOUNT.




$$
