000
CDUS46 KSEW 230829
CLIOLM


CLIMATE REPORT
NATIONAL WEATHER SERVICE SEATTLE WA
128 AM PDT WED APR 23 2014


...................................

...THE OLYMPIA WA AIRPORT CLIMATE SUMMARY FOR APRIL 22 2014...

CLIMATE NORMAL PERIOD 1981 TO 2010
CLIMATE RECORD PERIOD 1948 TO 2014


WEATHER ITEM   OBSERVED TIME   RECORD YEAR NORMAL DEPARTURE LAST
                VALUE   (LST)  VALUE       VALUE  FROM      YEAR
                                                  NORMAL
..................................................................
TEMPERATURE (F)
 YESTERDAY
  MAXIMUM         53   1232 PM  82    1982  60     -7       62
  MINIMUM         40    556 AM  26    1972  38      2       31
  AVERAGE         47                        49     -2       47

PRECIPITATION (IN)
  YESTERDAY        0.29          1.36 1996   0.10   0.19     0.00
  MONTH TO DATE    2.43                      2.76  -0.33     4.32
  SINCE OCT 1     33.48                     41.85  -8.37    43.11
  SINCE JAN 1     24.64                     21.16   3.48    16.15

DEGREE DAYS
 HEATING
  YESTERDAY       18                        16      2       18
  MONTH TO DATE  338                       381    -43      389
  SINCE MAR 1    915                      1017   -102      998
  SINCE JUL 1   4698                      4739    -41     4685

 COOLING
  YESTERDAY        0                         0      0        0
  MONTH TO DATE    0                         0      0        0
  SINCE MAR 1      0                         0      0        0
  SINCE JAN 1      0                         0      0        0
..................................................................


WIND (MPH)
  RESULTANT WIND SPEED   8   RESULTANT WIND DIRECTION  SW (220)
  HIGHEST WIND SPEED    21   HIGHEST WIND DIRECTION    SW (210)
  HIGHEST GUST SPEED    28   HIGHEST GUST DIRECTION    SW (210)
  AVERAGE WIND SPEED     8.1


SKY COVER
  AVERAGE SKY COVER 0.7


WEATHER CONDITIONS
 THE FOLLOWING WEATHER WAS RECORDED YESTERDAY.
  RAIN
  LIGHT RAIN
  FOG


RELATIVE HUMIDITY (PERCENT)
 HIGHEST    96           900 PM
 LOWEST     59          1000 AM
 AVERAGE    78

..........................................................


THE OLYMPIA WA AIRPORT CLIMATE NORMALS FOR TODAY
                         NORMAL    RECORD    YEAR
 MAXIMUM TEMPERATURE (F)   60        76      2012
 MINIMUM TEMPERATURE (F)   38        26      1980


SUNRISE AND SUNSET
APRIL 23 2014.........SUNRISE   609 AM PDT   SUNSET   811 PM PDT
APRIL 24 2014.........SUNRISE   608 AM PDT   SUNSET   813 PM PDT


-  INDICATES NEGATIVE NUMBERS.
R  INDICATES RECORD WAS SET OR TIED.
MM INDICATES DATA IS MISSING.
T  INDICATES TRACE AMOUNT.




$$
