000
CDUS46 KSEW 250829
CLIOLM


CLIMATE REPORT
NATIONAL WEATHER SERVICE SEATTLE WA
128 AM PDT TUE APR 25 2017


...................................

...THE OLYMPIA WA AIRPORT CLIMATE SUMMARY FOR APRIL 24 2017...

CLIMATE NORMAL PERIOD 1981 TO 2010
CLIMATE RECORD PERIOD 1948 TO 2017


WEATHER ITEM   OBSERVED TIME   RECORD YEAR NORMAL DEPARTURE LAST
                VALUE   (LST)  VALUE       VALUE  FROM      YEAR
                                                  NORMAL
..................................................................
TEMPERATURE (F)
 YESTERDAY
  MAXIMUM         52    550 PM  77    1999  61     -9       57
                                      1977
  MINIMUM         44   1119 PM  26    1971  39      5       35
  AVERAGE         48                        50     -2       46

PRECIPITATION (IN)
  YESTERDAY        0.34          0.97 1974   0.10   0.24     0.01
  MONTH TO DATE    4.83                      2.97   1.86     1.55
  SINCE OCT 1     57.27                     42.06  15.21    58.20
  SINCE JAN 1     29.17                     21.37   7.80    25.20

DEGREE DAYS
 HEATING
  YESTERDAY       17                        15      2       19
  MONTH TO DATE  412                       412      0      261
  SINCE MAR 1   1047                      1048     -1      840
  SINCE JUL 1   4775                      4770      5     4198

 COOLING
  YESTERDAY        0                         0      0        0
  MONTH TO DATE    0                         0      0        1
  SINCE MAR 1      0                         0      0        1
  SINCE JAN 1      0                         0      0        1
..................................................................


WIND (MPH)
  RESULTANT WIND SPEED   1   RESULTANT WIND DIRECTION   S (200)
  HIGHEST WIND SPEED    10   HIGHEST WIND DIRECTION    SW (210)
  HIGHEST GUST SPEED    13   HIGHEST GUST DIRECTION     S (200)
  AVERAGE WIND SPEED     5.1


SKY COVER
  AVERAGE SKY COVER 0.8


WEATHER CONDITIONS
 THE FOLLOWING WEATHER WAS RECORDED YESTERDAY.
  LIGHT RAIN
  FOG


RELATIVE HUMIDITY (PERCENT)
 HIGHEST   100          1200 AM
 LOWEST     83           500 PM
 AVERAGE    92

..........................................................


THE OLYMPIA WA AIRPORT CLIMATE NORMALS FOR TODAY
                         NORMAL    RECORD    YEAR
 MAXIMUM TEMPERATURE (F)   61        77      1992
 MINIMUM TEMPERATURE (F)   39        27      1985


SUNRISE AND SUNSET
APRIL 25 2017.........SUNRISE   605 AM PDT   SUNSET   814 PM PDT
APRIL 26 2017.........SUNRISE   604 AM PDT   SUNSET   816 PM PDT


-  INDICATES NEGATIVE NUMBERS.
R  INDICATES RECORD WAS SET OR TIED.
MM INDICATES DATA IS MISSING.
T  INDICATES TRACE AMOUNT.




$$
