000
CDUS46 KSEW 180826
CLIOLM


CLIMATE REPORT
NATIONAL WEATHER SERVICE SEATTLE WA
126 AM PDT THU SEP 18 2014


...................................

...THE OLYMPIA WA AIRPORT CLIMATE SUMMARY FOR SEPTEMBER 17 2014...

CLIMATE NORMAL PERIOD 1981 TO 2010
CLIMATE RECORD PERIOD 1948 TO 2014


WEATHER ITEM   OBSERVED TIME   RECORD YEAR NORMAL DEPARTURE LAST
                VALUE   (LST)  VALUE       VALUE  FROM      YEAR
                                                  NORMAL
..................................................................
TEMPERATURE (F)
 YESTERDAY
  MAXIMUM         71    351 PM  86    1994  72     -1       68
  MINIMUM         49    513 AM  32    1965  46      3       53
  AVERAGE         60                        59      1       61

PRECIPITATION (IN)
  YESTERDAY        0.12          1.67 2010   0.06   0.06     0.03
  MONTH TO DATE    0.13                      0.87  -0.74     2.29
  SINCE OCT 1     41.38                     49.16  -7.78    52.51
  SINCE JAN 1     32.54                     28.47   4.07    25.55

DEGREE DAYS
 HEATING
  YESTERDAY        5                         6     -1        4
  MONTH TO DATE   63                        81    -18       17
  SINCE SEP 1     63                        81    -18       17
  SINCE JUL 1    116                       231   -115       94

 COOLING
  YESTERDAY        0                         0      0        0
  MONTH TO DATE    4                         4      0       26
  SINCE SEP 1      4                         4      0       26
  SINCE JAN 1    185                       103     82      147
..................................................................


WIND (MPH)
  RESULTANT WIND SPEED   2   RESULTANT WIND DIRECTION  NE (40)
  HIGHEST WIND SPEED    13   HIGHEST WIND DIRECTION    NE (30)
  HIGHEST GUST SPEED    15   HIGHEST GUST DIRECTION     N (20)
  AVERAGE WIND SPEED     3.8


SKY COVER
  AVERAGE SKY COVER 0.5


WEATHER CONDITIONS
 THE FOLLOWING WEATHER WAS RECORDED YESTERDAY.
  LIGHT RAIN
  FOG


RELATIVE HUMIDITY (PERCENT)
 HIGHEST   100           500 AM
 LOWEST     53           300 PM
 AVERAGE    77

..........................................................


THE OLYMPIA WA AIRPORT CLIMATE NORMALS FOR TODAY
                         NORMAL    RECORD    YEAR
 MAXIMUM TEMPERATURE (F)   71        86      1991
 MINIMUM TEMPERATURE (F)   46        31      1965


SUNRISE AND SUNSET
SEPTEMBER 18 2014.....SUNRISE   653 AM PDT   SUNSET   717 PM PDT
SEPTEMBER 19 2014.....SUNRISE   655 AM PDT   SUNSET   715 PM PDT


-  INDICATES NEGATIVE NUMBERS.
R  INDICATES RECORD WAS SET OR TIED.
MM INDICATES DATA IS MISSING.
T  INDICATES TRACE AMOUNT.




$$
