000
CDUS46 KSEW 250838
CLIOLM


CLIMATE REPORT
NATIONAL WEATHER SERVICE SEATTLE WA
1238 AM PST SUN FEB 25 2018


...................................

...THE OLYMPIA WA AIRPORT CLIMATE SUMMARY FOR FEBRUARY 24 2018...

CLIMATE NORMAL PERIOD 1981 TO 2010
CLIMATE RECORD PERIOD 1948 TO 2018


WEATHER ITEM   OBSERVED TIME   RECORD YEAR NORMAL DEPARTURE LAST
                VALUE   (LST)  VALUE       VALUE  FROM      YEAR
                                                  NORMAL
..................................................................
TEMPERATURE (F)
 YESTERDAY
  MAXIMUM         48    344 PM  65    2005  51     -3       42
  MINIMUM         33    402 AM  15    1962  33      0       29
  AVERAGE         41                        42     -1       36

PRECIPITATION (IN)
  YESTERDAY        0.14          1.98 1999   0.17  -0.03      T
  MONTH TO DATE    3.02                      4.55  -1.53     8.49
  SINCE OCT 1     38.65                     33.08   5.57    40.41
  SINCE JAN 1     12.89                     12.39   0.50    12.31

DEGREE DAYS
 HEATING
  YESTERDAY       24                        23      1       29
  MONTH TO DATE  613                       575     38      595
  SINCE DEC 1   2161                      2181    -20     2423
  SINCE JUL 1   3463                      3626   -163     3620

 COOLING
  YESTERDAY        0                         0      0        0
  MONTH TO DATE    0                         0      0        0
  SINCE DEC 1      0                         0      0        0
  SINCE JAN 1      0                         0      0        0
..................................................................


WIND (MPH)
  RESULTANT WIND SPEED   5   RESULTANT WIND DIRECTION  SW (220)
  HIGHEST WIND SPEED    17   HIGHEST WIND DIRECTION     S (190)
  HIGHEST GUST SPEED    22   HIGHEST GUST DIRECTION     W (270)
  AVERAGE WIND SPEED     8.7


SKY COVER
  AVERAGE SKY COVER 0.6


WEATHER CONDITIONS
 THE FOLLOWING WEATHER WAS RECORDED YESTERDAY.
  LIGHT RAIN
  LIGHT SNOW
  FOG


RELATIVE HUMIDITY (PERCENT)
 HIGHEST   100          1200 AM
 LOWEST     49           300 PM
 AVERAGE    75

..........................................................


THE OLYMPIA WA AIRPORT CLIMATE NORMALS FOR TODAY
                         NORMAL    RECORD    YEAR
 MAXIMUM TEMPERATURE (F)   51        63      2016
                                             1992
 MINIMUM TEMPERATURE (F)   33         5      2011


SUNRISE AND SUNSET
FEBRUARY 25 2018......SUNRISE   658 AM PST   SUNSET   551 PM PST
FEBRUARY 26 2018......SUNRISE   657 AM PST   SUNSET   553 PM PST


-  INDICATES NEGATIVE NUMBERS.
R  INDICATES RECORD WAS SET OR TIED.
MM INDICATES DATA IS MISSING.
T  INDICATES TRACE AMOUNT.




$$
