000
CDUS46 KSEW 290830
CLIOLM


CLIMATE REPORT
NATIONAL WEATHER SERVICE SEATTLE WA
1230 AM PST THU JAN 29 2015


...................................

...THE OLYMPIA WA AIRPORT CLIMATE SUMMARY FOR JANUARY 28 2015...

CLIMATE NORMAL PERIOD 1981 TO 2010
CLIMATE RECORD PERIOD 1948 TO 2015


WEATHER ITEM   OBSERVED TIME   RECORD YEAR NORMAL DEPARTURE LAST
                VALUE   (LST)  VALUE       VALUE  FROM      YEAR
                                                  NORMAL
..................................................................
TEMPERATURE (F)
 YESTERDAY
  MAXIMUM         49    426 PM  60    1976  47      2       47
  MINIMUM         34   1021 PM  -4    1972  34      0       39
  AVERAGE         42                        40      2       43

PRECIPITATION (IN)
  YESTERDAY        0.00          2.25 1999   0.23  -0.23     0.53
  MONTH TO DATE    6.68                      7.14  -0.46     4.15
  SINCE OCT 1     25.71                     27.83  -2.12    12.99
  SINCE JAN 1      6.68                      7.14  -0.46     4.15

DEGREE DAYS
 HEATING
  YESTERDAY       23                        25     -2       22
  MONTH TO DATE  611                       710    -99      694
  SINCE DEC 1   1334                      1535   -201     1586
  SINCE JUL 1   2433                      2980   -547     2982

 COOLING
  YESTERDAY        0                         0      0        0
  MONTH TO DATE    0                         0      0        0
  SINCE DEC 1      0                         0      0        0
  SINCE JAN 1      0                         0      0        0
..................................................................


WIND (MPH)
  RESULTANT WIND SPEED   1   RESULTANT WIND DIRECTION  NE (60)
  HIGHEST WIND SPEED     7   HIGHEST WIND DIRECTION    NE (30)
  HIGHEST GUST SPEED    10   HIGHEST GUST DIRECTION     N (10)
  AVERAGE WIND SPEED     1.4


SKY COVER
  AVERAGE SKY COVER 0.7


WEATHER CONDITIONS
 THE FOLLOWING WEATHER WAS RECORDED YESTERDAY.
  FOG
  FOG W/VISIBILITY <= 1/4 MILE


RELATIVE HUMIDITY (PERCENT)
 HIGHEST   100           200 AM
 LOWEST     80          1200 PM
 AVERAGE    90

..........................................................


THE OLYMPIA WA AIRPORT CLIMATE NORMALS FOR TODAY
                         NORMAL    RECORD    YEAR
 MAXIMUM TEMPERATURE (F)   47        57      1960
 MINIMUM TEMPERATURE (F)   34         0      1980
                                             1972


SUNRISE AND SUNSET
JANUARY 29 2015.......SUNRISE   740 AM PST   SUNSET   510 PM PST
JANUARY 30 2015.......SUNRISE   739 AM PST   SUNSET   511 PM PST


-  INDICATES NEGATIVE NUMBERS.
R  INDICATES RECORD WAS SET OR TIED.
MM INDICATES DATA IS MISSING.
T  INDICATES TRACE AMOUNT.




$$
