000
CDUS46 KSEW 031857 CCA
CLIOLM

CLIMATE REPORT
NATIONAL WEATHER SERVICE SEATTLE WA
1057 AM PST TUE MAR 3 2015


...................................

...THE OLYMPIA WA AIRPORT CLIMATE SUMMARY FOR MARCH 2 2015...

CLIMATE NORMAL PERIOD 1981 TO 2010
CLIMATE RECORD PERIOD 1948 TO 2015


WEATHER ITEM   OBSERVED TIME   RECORD YEAR NORMAL DEPARTURE LAST
                VALUE   (LST)  VALUE       VALUE  FROM      YEAR
                                                  NORMAL
..................................................................
TEMPERATURE (F)
 YESTERDAY
  MAXIMUM         53    351 PM  63    1990  52      1       49
                                      1981
  MINIMUM         27   1141 PM  11    1989  34     -7       40
  AVERAGE         40                        42     -2       45

PRECIPITATION (IN)
  YESTERDAY        T             1.41 1987   0.19  -0.19     0.55
  MONTH TO DATE    0.01                      0.38  -0.37     0.55
  SINCE OCT 1     31.00                     34.18  -3.18    22.43
  SINCE JAN 1     11.97                     13.49  -1.52    13.59

DEGREE DAYS
 HEATING
  YESTERDAY       25                        22      3       20
  MONTH TO DATE   49                        45      4       43
  SINCE MAR 1     49                        45      4       43
  SINCE JUL 1   3084                      3767   -683     3826

 COOLING
  YESTERDAY        0                         0      0        0
  MONTH TO DATE    0                         0      0        0
  SINCE MAR 1      0                         0      0        0
  SINCE JAN 1      0                         0      0        0
..................................................................


WIND (MPH)
  RESULTANT WIND SPEED   6   RESULTANT WIND DIRECTION  NE (40)
  HIGHEST WIND SPEED    17   HIGHEST WIND DIRECTION    NE (30)
  HIGHEST GUST SPEED    23   HIGHEST GUST DIRECTION    NE (30)
  AVERAGE WIND SPEED     6.5


SKY COVER
  AVERAGE SKY COVER 0.5


WEATHER CONDITIONS
 THE FOLLOWING WEATHER WAS RECORDED YESTERDAY.
  LIGHT RAIN


RELATIVE HUMIDITY (PERCENT)
 HIGHEST    92          1100 PM
 LOWEST     50           300 PM
 AVERAGE    71

..........................................................


THE OLYMPIA WA AIRPORT CLIMATE NORMALS FOR TODAY
                         NORMAL    RECORD    YEAR
 MAXIMUM TEMPERATURE (F)   52        66      1965
 MINIMUM TEMPERATURE (F)   34         9      1989


SUNRISE AND SUNSET
MARCH  3 2015.........SUNRISE   648 AM PST   SUNSET   600 PM PST
MARCH  4 2015.........SUNRISE   646 AM PST   SUNSET   601 PM PST


-  INDICATES NEGATIVE NUMBERS.
R  INDICATES RECORD WAS SET OR TIED.
MM INDICATES DATA IS MISSING.
T  INDICATES TRACE AMOUNT.




$$
CORRECTED PRECIPITATION
