000
CDUS46 KSEW 290128
CLIOLM


CLIMATE REPORT
NATIONAL WEATHER SERVICE SEATTLE WA
628 PM PDT SAT MAR 28 2015


...................................

...THE OLYMPIA WA AIRPORT CLIMATE SUMMARY FOR MARCH 28 2015...
VALID TODAY AS OF 0600 PM LOCAL TIME.

CLIMATE NORMAL PERIOD 1981 TO 2010
CLIMATE RECORD PERIOD 1948 TO 2015


WEATHER ITEM   OBSERVED TIME   RECORD YEAR NORMAL DEPARTURE LAST
                VALUE   (LST)  VALUE       VALUE  FROM      YEAR
                                                  NORMAL
..................................................................
TEMPERATURE (F)
 TODAY
  MAXIMUM         58        MM  76    1994  56      2       56
  MINIMUM         48        MM  23    1996  36     12       42
  AVERAGE         53                        46      7       49

PRECIPITATION (IN)
  TODAY            0.02          1.13 1963   0.16  -0.14     0.39
  MONTH TO DATE    5.64                      4.83   0.81     8.30
  SINCE OCT 1     36.63                     38.63  -2.00    30.18
  SINCE JAN 1     17.60                     17.94  -0.34    21.34

DEGREE DAYS
 HEATING
  TODAY           12                        19     -7       16
  MONTH TO DATE  485                       579    -94      519
  SINCE MAR 1    485                       579    -94      519
  SINCE JUL 1   3520                      4301   -781     4302

 COOLING
  TODAY            0                         0      0        0
  MONTH TO DATE    0                         0      0        0
  SINCE MAR 1      0                         0      0        0
  SINCE JAN 1      0                         0      0        0
..................................................................


WIND (MPH)
  RESULTANT WIND SPEED   9   RESULTANT WIND DIRECTION  SW (230)
  HIGHEST WIND SPEED    12   HIGHEST WIND DIRECTION     W (260)
  HIGHEST GUST SPEED    18   HIGHEST GUST DIRECTION    SW (220)
  AVERAGE WIND SPEED     9.5


SKY COVER
  AVERAGE SKY COVER 0.6


WEATHER CONDITIONS
 THE FOLLOWING WEATHER WAS RECORDED TODAY.
  LIGHT RAIN


RELATIVE HUMIDITY (PERCENT)
 HIGHEST    93           200 AM
 LOWEST     57           400 PM
 AVERAGE    75

..........................................................


THE OLYMPIA WA AIRPORT CLIMATE NORMALS FOR TOMORROW
                         NORMAL    RECORD    YEAR
 MAXIMUM TEMPERATURE (F)   56        79      2004
 MINIMUM TEMPERATURE (F)   36        20      1954


SUNRISE AND SUNSET
MARCH 28 2015.........SUNRISE   659 AM PDT   SUNSET   735 PM PDT
MARCH 29 2015.........SUNRISE   657 AM PDT   SUNSET   737 PM PDT


-  INDICATES NEGATIVE NUMBERS.
R  INDICATES RECORD WAS SET OR TIED.
MM INDICATES DATA IS MISSING.
T  INDICATES TRACE AMOUNT.




$$
