658
CDUS46 KSEW 110833
CLIOLM


CLIMATE REPORT
NATIONAL WEATHER SERVICE SEATTLE WA
1233 AM PST THU FEB 11 2016


...................................

...THE OLYMPIA WA AIRPORT CLIMATE SUMMARY FOR FEBRUARY 10 2016...

CLIMATE NORMAL PERIOD 1981 TO 2010
CLIMATE RECORD PERIOD 1948 TO 2016


WEATHER ITEM   OBSERVED TIME   RECORD YEAR NORMAL DEPARTURE LAST
                VALUE   (LST)  VALUE       VALUE  FROM      YEAR
                                                  NORMAL
..................................................................
TEMPERATURE (F)
 YESTERDAY
  MAXIMUM         60    301 PM  66    1963  49     11       55
  MINIMUM         36    214 AM  15    1982  33      3       41
  AVERAGE         48                        41      7       48

PRECIPITATION (IN)
  YESTERDAY        0.04          1.22 1990   0.20  -0.16     0.01
  MONTH TO DATE    1.31                      2.03  -0.72     4.60
  SINCE OCT 1     42.78                     30.56  12.22    30.31
  SINCE JAN 1      9.78                      9.87  -0.09    11.28

DEGREE DAYS
 HEATING
  YESTERDAY       17                        24     -7       17
  MONTH TO DATE  218                       241    -23      172
  SINCE DEC 1   1724                      1847   -123     1581
  SINCE JUL 1   3000                      3292   -292     2680

 COOLING
  YESTERDAY        0                         0      0        0
  MONTH TO DATE    0                         0      0        0
  SINCE DEC 1      0                         0      0        0
  SINCE JAN 1      0                         0      0        0
..................................................................


WIND (MPH)
  RESULTANT WIND SPEED   3   RESULTANT WIND DIRECTION  SW (210)
  HIGHEST WIND SPEED    15   HIGHEST WIND DIRECTION    SW (210)
  HIGHEST GUST SPEED    20   HIGHEST GUST DIRECTION    SW (220)
  AVERAGE WIND SPEED     4.2


SKY COVER
  AVERAGE SKY COVER 0.6


WEATHER CONDITIONS
 THE FOLLOWING WEATHER WAS RECORDED YESTERDAY.
  LIGHT RAIN
  FOG
  FOG W/VISIBILITY <= 1/4 MILE


RELATIVE HUMIDITY (PERCENT)
 HIGHEST   100          1200 AM
 LOWEST     60           200 PM
 AVERAGE    80

..........................................................


THE OLYMPIA WA AIRPORT CLIMATE NORMALS FOR TODAY
                         NORMAL    RECORD    YEAR
 MAXIMUM TEMPERATURE (F)   49        67      1963
 MINIMUM TEMPERATURE (F)   33        18      1948


SUNRISE AND SUNSET
FEBRUARY 11 2016......SUNRISE   723 AM PST   SUNSET   529 PM PST
FEBRUARY 12 2016......SUNRISE   721 AM PST   SUNSET   531 PM PST


-  INDICATES NEGATIVE NUMBERS.
R  INDICATES RECORD WAS SET OR TIED.
MM INDICATES DATA IS MISSING.
T  INDICATES TRACE AMOUNT.




$$
