000
CDUS43 KOAX 040659
CLIOMA


CLIMATE REPORT
NATIONAL WEATHER SERVICE OMAHA NEBRASKA
1258 AM CST WED MAR 4 2015


...................................

...THE OMAHA EPPLEY, NEBRASKA CLIMATE SUMMARY FOR MARCH 3 2015...

CLIMATE NORMAL PERIOD 1981 TO 2010
CLIMATE RECORD PERIOD 1871 TO 2015


WEATHER ITEM   OBSERVED TIME   RECORD YEAR NORMAL DEPARTURE LAST
                VALUE   (LST)  VALUE       VALUE  FROM      YEAR
                                                  NORMAL
..................................................................
TEMPERATURE (F)
 YESTERDAY
  MAXIMUM         36   1203 PM  79    1905  45     -9       18
  MINIMUM         17   1120 PM  -6    2014  23     -6       -6
  AVERAGE         27                        34     -7        6

PRECIPITATION (IN)
  YESTERDAY        T             1.24 1923   0.05  -0.05     0.00
  MONTH TO DATE    T                         0.14  -0.14     0.04
  SINCE MAR 1      T                         0.14  -0.14     0.04
  SINCE JAN 1      1.14                      1.71  -0.57     0.90

SNOWFALL (IN)
  YESTERDAY        0.0                       0.1   -0.1      0.0
  MONTH TO DATE    T                         0.5   -0.5      1.1
  SINCE JUL 1     13.6                      21.7   -8.1     16.0
  SNOW DEPTH       0

DEGREE DAYS
 HEATING
  YESTERDAY       38                        31      7       59
  MONTH TO DATE  108                        94     14      178
  SINCE MAR 1    108                        94     14      178
  SINCE JUL 1   4819                      4892    -73     5283

 COOLING
  YESTERDAY        0                         0      0        0
  MONTH TO DATE    0                         0      0        0
  SINCE MAR 1      0                         0      0        0
  SINCE JAN 1      0                         0      0        0
..................................................................


WIND (MPH)
  HIGHEST WIND SPEED    29   HIGHEST WIND DIRECTION    NW (330)
  HIGHEST GUST SPEED    34   HIGHEST GUST DIRECTION     N (340)
  AVERAGE WIND SPEED    15.8


SKY COVER
  POSSIBLE SUNSHINE  MM
  AVERAGE SKY COVER 0.8


WEATHER CONDITIONS
 THE FOLLOWING WEATHER WAS RECORDED YESTERDAY.
  LIGHT RAIN
  LT FREEZING RAIN
  FOG
  HAZE


RELATIVE HUMIDITY (PERCENT)
 HIGHEST   100           700 AM
 LOWEST     46           600 PM
 AVERAGE    73

..........................................................


THE OMAHA EPPLEY, NEBRASKA CLIMATE NORMALS FOR TODAY
                         NORMAL    RECORD    YEAR
 MAXIMUM TEMPERATURE (F)   45        80      1921
 MINIMUM TEMPERATURE (F)   24       -13      1978
                                             1960


SUNRISE AND SUNSET
MARCH  4 2015.........SUNRISE   654 AM CST   SUNSET   618 PM CST
MARCH  5 2015.........SUNRISE   652 AM CST   SUNSET   619 PM CST


-  INDICATES NEGATIVE NUMBERS.
R  INDICATES RECORD WAS SET OR TIED.
MM INDICATES DATA IS MISSING.
T  INDICATES TRACE AMOUNT.




$$
