000
CDUS43 KOAX 300627
CLIOMA


CLIMATE REPORT
NATIONAL WEATHER SERVICE OMAHA NEBRASKA
125 AM CDT SAT APR 30 2016


...................................

...THE OMAHA EPPLEY, NEBRASKA CLIMATE SUMMARY FOR APRIL 29 2016...

CLIMATE NORMAL PERIOD 1981 TO 2010
CLIMATE RECORD PERIOD 1871 TO 2016


WEATHER ITEM   OBSERVED TIME   RECORD YEAR NORMAL DEPARTURE LAST
                VALUE   (LST)  VALUE       VALUE  FROM      YEAR
                                                  NORMAL
..................................................................
TEMPERATURE (F)
 YESTERDAY
  MAXIMUM         50    621 PM  90    1987  68    -18       73
                                      1891
  MINIMUM         45    703 AM  29    1903  45      0       42
  AVERAGE         48                        57     -9       58

PRECIPITATION (IN)
  YESTERDAY        0.02          1.85 1895   0.12  -0.10     0.00
  MONTH TO DATE    4.32                      2.84   1.48     3.67
  SINCE MAR 1      5.35                      4.83   0.52     4.21
  SINCE JAN 1      7.07                      6.40   0.67     5.35

SNOWFALL (IN)
  YESTERDAY        0.0                       0.0    0.0      0.0
  MONTH TO DATE    T                         1.0   -1.0       T
  SINCE JUL 1     27.4                      26.4    1.0     13.8
  SNOW DEPTH       0

DEGREE DAYS
 HEATING
  YESTERDAY       17                         9      8        7
  MONTH TO DATE  287                       403   -116      311
  SINCE MAR 1    824                      1194   -370      963
  SINCE JUL 1   4790                      5992  -1202     5674

 COOLING
  YESTERDAY        0                         1     -1        0
  MONTH TO DATE   11                        13     -2        5
  SINCE MAR 1     13                        14     -1        5
  SINCE JAN 1     13                        14     -1        5
..................................................................


WIND (MPH)
  HIGHEST WIND SPEED    17   HIGHEST WIND DIRECTION    NE (50)
  HIGHEST GUST SPEED    24   HIGHEST GUST DIRECTION    NE (60)
  AVERAGE WIND SPEED    10.4


SKY COVER
  POSSIBLE SUNSHINE  MM
  AVERAGE SKY COVER 1.0


WEATHER CONDITIONS
 THE FOLLOWING WEATHER WAS RECORDED YESTERDAY.
  LIGHT RAIN
  FOG


RELATIVE HUMIDITY (PERCENT)
 HIGHEST    92           200 AM
 LOWEST     71          1100 AM
 AVERAGE    82

..........................................................


THE OMAHA EPPLEY, NEBRASKA CLIMATE NORMALS FOR TODAY
                         NORMAL    RECORD    YEAR
 MAXIMUM TEMPERATURE (F)   69        93      1965
 MINIMUM TEMPERATURE (F)   46        27      1907
                                             1903


SUNRISE AND SUNSET
APRIL 30 2016.........SUNRISE   622 AM CDT   SUNSET   820 PM CDT
MAY  1 2016...........SUNRISE   620 AM CDT   SUNSET   822 PM CDT


-  INDICATES NEGATIVE NUMBERS.
R  INDICATES RECORD WAS SET OR TIED.
MM INDICATES DATA IS MISSING.
T  INDICATES TRACE AMOUNT.




$$
