000
CDUS43 KOAX 250626
CLIOMA


CLIMATE REPORT
NATIONAL WEATHER SERVICE OMAHA NEBRASKA
126 AM CDT THU MAY 25 2017


...................................

...THE OMAHA EPPLEY, NEBRASKA CLIMATE SUMMARY FOR MAY 24 2017...

CLIMATE NORMAL PERIOD 1981 TO 2010
CLIMATE RECORD PERIOD 1871 TO 2017


WEATHER ITEM   OBSERVED TIME   RECORD YEAR NORMAL DEPARTURE LAST
                VALUE   (LST)  VALUE       VALUE  FROM      YEAR
                                                  NORMAL
..................................................................
TEMPERATURE (F)
 YESTERDAY
  MAXIMUM         69    552 PM  99    1939  76     -7       82
  MINIMUM         49    608 AM  36    1924  54     -5       60
  AVERAGE         59                        65     -6       71

PRECIPITATION (IN)
  YESTERDAY        0.00          2.28 2004   0.15  -0.15     0.05
  MONTH TO DATE    4.32                      3.64   0.68     3.80
  SINCE MAR 1      9.13                      8.59   0.54    10.23
  SINCE JAN 1     11.03                     10.16   0.87    11.95

SNOWFALL (IN)
  YESTERDAY        0.0                       0.0    0.0      0.0
  MONTH TO DATE    T                         0.1   -0.1      0.0
  SINCE JUL 1     11.4                      26.5  -15.1     27.4
  SNOW DEPTH       0

DEGREE DAYS
 HEATING
  YESTERDAY        6                         3      3        0
  MONTH TO DATE  124                       131     -7      121
  SINCE MAR 1   1105                      1335   -230      961
  SINCE JUL 1   4932                      6133  -1201     4927

 COOLING
  YESTERDAY        0                         3     -3        6
  MONTH TO DATE   69                        41     28       24
  SINCE MAR 1     77                        57     20       37
  SINCE JAN 1     77                        57     20       37
..................................................................


WIND (MPH)
  HIGHEST WIND SPEED    17   HIGHEST WIND DIRECTION     N (350)
  HIGHEST GUST SPEED    21   HIGHEST GUST DIRECTION    NW (330)
  AVERAGE WIND SPEED     7.9


SKY COVER
  POSSIBLE SUNSHINE  MM
  AVERAGE SKY COVER 0.5


WEATHER CONDITIONS
 THE FOLLOWING WEATHER WAS RECORDED YESTERDAY.
  HAZE


RELATIVE HUMIDITY (PERCENT)
 HIGHEST    86           600 AM
 LOWEST     37           600 PM
 AVERAGE    62

..........................................................


THE OMAHA EPPLEY, NEBRASKA CLIMATE NORMALS FOR TODAY
                         NORMAL    RECORD    YEAR
 MAXIMUM TEMPERATURE (F)   77        97      1967
 MINIMUM TEMPERATURE (F)   54        40      1925


SUNRISE AND SUNSET
MAY 25 2017...........SUNRISE   557 AM CDT   SUNSET   845 PM CDT
MAY 26 2017...........SUNRISE   556 AM CDT   SUNSET   846 PM CDT


-  INDICATES NEGATIVE NUMBERS.
R  INDICATES RECORD WAS SET OR TIED.
MM INDICATES DATA IS MISSING.
T  INDICATES TRACE AMOUNT.




$$
