264
CDAK49 PAFG 090945
CLIOME

CLIMATE REPORT
NATIONAL WEATHER SERVICE FAIRBANKS AK
1245 AM AKST FRI DEC 9 2016


...................................

...THE NOME AK CLIMATE SUMMARY FOR DECEMBER 8 2016...

CLIMATE NORMAL PERIOD 1981 TO 2010
CLIMATE RECORD PERIOD 1906 TO 2016


WEATHER ITEM   OBSERVED TIME   RECORD YEAR NORMAL DEPARTURE LAST
                VALUE   (LST)  VALUE       VALUE  FROM      YEAR
                                                  NORMAL
..................................................................
TEMPERATURE (F)
 YESTERDAY
  MAXIMUM         20    448 PM  40    1934  18      2       MM
  MINIMUM        -10    611 AM -27    1964   4    -14       MM
  AVERAGE          5                        11     -6       MM

PRECIPITATION (IN)
  YESTERDAY        0.00          0.54 1927   0.03  -0.03    MM
  MONTH TO DATE    0.01                      0.27  -0.26    MM
  SINCE DEC 1      0.01                      0.27  -0.26    MM
  SINCE JAN 1     14.97                     16.00  -1.03    MM

SNOWFALL (IN)
  YESTERDAY        0.0           3.9  2005   0.5   -0.5     MM
  MONTH TO DATE    0.4                       3.4   -3.0     MM
  SINCE DEC 1      0.4                       3.4   -3.0     MM
  SINCE JUL 1      9.0                      20.7  -11.7     MM
  SNOW DEPTH       5

DEGREE DAYS
 HEATING
  YESTERDAY       60                        54      6       MM
  MONTH TO DATE  522                       426     96       MM
  SINCE DEC 1    522                       426     96       MM
  SINCE JUL 1   4137                      4519   -382       MM

 COOLING
  YESTERDAY        0                         0      0       MM
  MONTH TO DATE    0                         0      0       MM
  SINCE DEC 1      0                         0      0       MM
  SINCE JAN 1      0                         3     -3       MM
..................................................................


WIND (MPH)
  HIGHEST GUST SPEED    21   HIGHEST GUST DIRECTION     N (10)


SKY COVER
  AVERAGE SKY COVER 0.0


WEATHER CONDITIONS
 THE FOLLOWING WEATHER WAS RECORDED YESTERDAY.
  NO SIGNIFICANT WEATHER WAS OBSERVED.


RELATIVE HUMIDITY (PERCENT)
 HIGHEST    82
 LOWEST     28
 AVERAGE    55

..........................................................


THE NOME AK CLIMATE NORMALS FOR TODAY
                         NORMAL    RECORD    YEAR
 MAXIMUM TEMPERATURE (F)   18        42      1985
 MINIMUM TEMPERATURE (F)    4       -40      1975


SUNRISE AND SUNSET
DECEMBER 09 2016......SUNRISE  1148 AM AKST  SUNSET   402 PM AKST
DECEMBER 10 2016......SUNRISE  1150 AM AKST  SUNSET   401 PM AKST

-  INDICATES NEGATIVE NUMBERS.
R  INDICATES RECORD WAS SET OR TIED.
MM INDICATES DATA IS MISSING.
T  INDICATES TRACE AMOUNT.

&&

SNOW DEPTH IS MEASURED AT 3AM AKST/4AM AKDT.

----------------------------
AVAILABLE DAYLIGHT

AMOUNT OF DAYLIGHT TODAY  (HOUR:MIN)........4:14
GAIN/LOSS SINCE YESTERDAY (HOUR:MIN:SEC)....-0:03:26

NOME TIDAL INFORMATION FOR  9 DECEMBER 2016
0001  +1.5
0557  +0.6

$$
SDB DEC 16
