000
CDAK49 PAFG 270953
CLIOME

CLIMATE REPORT
NATIONAL WEATHER SERVICE FAIRBANKS AK
153 AM AKDT MON MAR 27 2017


...................................

...THE NOME AK CLIMATE SUMMARY FOR MARCH 26 2017...

CLIMATE NORMAL PERIOD 1981 TO 2010
CLIMATE RECORD PERIOD 1906 TO 2017


WEATHER ITEM   OBSERVED TIME   RECORD YEAR NORMAL DEPARTURE LAST
                VALUE   (LST)  VALUE       VALUE  FROM      YEAR
                                                  NORMAL
..................................................................
TEMPERATURE (F)
 YESTERDAY
  MAXIMUM         13    509 PM  38    1990  20     -7       15
  MINIMUM         -8    902 AM -31    1977   3    -11        1
  AVERAGE          3                        11     -8        8

PRECIPITATION (IN)
  YESTERDAY        0.00          0.22 1975   0.02  -0.02     0.00
  MONTH TO DATE    0.01                      0.55  -0.54     0.04
  SINCE MAR 1      0.01                      0.55  -0.54     0.04
  SINCE JAN 1      1.76                      2.42  -0.66     1.07

SNOWFALL (IN)
  YESTERDAY        0.0           2.4  1975   0.2   -0.2      0.0
  MONTH TO DATE    0.9                       7.6   -6.7      0.0
  SINCE MAR 1      0.9                       7.6   -6.7      0.0
  SINCE JUL 1     53.1                      64.3  -11.2     15.5
  SNOW DEPTH      36

DEGREE DAYS
 HEATING
  YESTERDAY       62                        54      8       57
  MONTH TO DATE 1680                      1432    248     1358
  SINCE MAR 1   1680                      1432    248     1358
  SINCE JUL 1  10475                     10711   -236     4149

 COOLING
  YESTERDAY        0                         0      0        0
  MONTH TO DATE    0                         0      0        0
  SINCE MAR 1      0                         0      0        0
  SINCE JAN 1      0                         0      0        0
..................................................................


WIND (MPH)
  HIGHEST GUST SPEED     9   HIGHEST GUST DIRECTION     W (290)


SKY COVER
  AVERAGE SKY COVER 0.1


WEATHER CONDITIONS
 THE FOLLOWING WEATHER WAS RECORDED YESTERDAY.
  FOG


RELATIVE HUMIDITY (PERCENT)
 HIGHEST   100
 LOWEST     67
 AVERAGE    84

..........................................................


THE NOME AK CLIMATE NORMALS FOR TODAY
                         NORMAL    RECORD    YEAR
 MAXIMUM TEMPERATURE (F)   20        40      1926
 MINIMUM TEMPERATURE (F)    3       -33      1920


SUNRISE AND SUNSET
MARCH 27 2017.........SUNRISE   836 AM AKDT  SUNSET   941 PM AKDT
MARCH 28 2017.........SUNRISE   832 AM AKDT  SUNSET   944 PM AKDT

-  INDICATES NEGATIVE NUMBERS.
R  INDICATES RECORD WAS SET OR TIED.
MM INDICATES DATA IS MISSING.
T  INDICATES TRACE AMOUNT.

&&

SNOW DEPTH IS MEASURED AT 3AM AKST/4AM AKDT.

----------------------------
AVAILABLE DAYLIGHT

AMOUNT OF DAYLIGHT TODAY  (HOUR:MIN)........13:05
GAIN/LOSS SINCE YESTERDAY (HOUR:MIN:SEC)....+0:06:38

NOME TIDAL INFORMATION FOR 27 MARCH 2017
0450  +0.8
1103  -0.0
1748  +0.9
2320  +0.3

$$
MAR 17
