500
CDAK49 PAFG 220959
CLIOME

CLIMATE REPORT
NATIONAL WEATHER SERVICE FAIRBANKS AK
159 AM AKDT MON MAY 22 2017


...................................

...THE NOME AK CLIMATE SUMMARY FOR MAY 21 2017...

CLIMATE NORMAL PERIOD 1981 TO 2010
CLIMATE RECORD PERIOD 1906 TO 2017


WEATHER ITEM   OBSERVED TIME   RECORD YEAR NORMAL DEPARTURE LAST
                VALUE   (LST)  VALUE       VALUE  FROM      YEAR
                                                  NORMAL
..................................................................
TEMPERATURE (F)
 YESTERDAY
  MAXIMUM         48    948 PM  69    2002  46      2       46
  MINIMUM         29    517 AM  15    1926  33     -4       36
  AVERAGE         39                        39      0       41

PRECIPITATION (IN)
  YESTERDAY        0.00          0.81 2013   0.02  -0.02     0.01
  MONTH TO DATE    T                         0.58  -0.58     0.68
  SINCE MAR 1      0.16                      1.99  -1.83     1.52
  SINCE JAN 1      1.91                      3.86  -1.95     2.55

SNOWFALL (IN)
  YESTERDAY        0.0           4.2  2013   0.1   -0.1     MM
  MONTH TO DATE    T                         2.0   -2.0      0.0
  SINCE MAR 1      2.0                      18.4  -16.4      0.7
  SINCE JUL 1     54.2                      75.1  -20.9     16.2
  SNOW DEPTH       0

DEGREE DAYS
 HEATING
  YESTERDAY       26                        26      0       24
  MONTH TO DATE  555                       637    -82      476
  SINCE MAR 1   3572                      3668    -96     2998
  SINCE JUL 1  12367                     12947   -580     5789

 COOLING
  YESTERDAY        0                         0      0        0
  MONTH TO DATE    0                         0      0        0
  SINCE MAR 1      0                         0      0        0
  SINCE JAN 1      0                         0      0        0
..................................................................


WIND (MPH)
  HIGHEST GUST SPEED    16   HIGHEST GUST DIRECTION     S (160)


SKY COVER
  AVERAGE SKY COVER 0.3


WEATHER CONDITIONS
 THE FOLLOWING WEATHER WAS RECORDED YESTERDAY.
  FOG


RELATIVE HUMIDITY (PERCENT)
 HIGHEST   100
 LOWEST     49
 AVERAGE    75

..........................................................


THE NOME AK CLIMATE NORMALS FOR TODAY
                         NORMAL    RECORD    YEAR
 MAXIMUM TEMPERATURE (F)   46        72      2002
 MINIMUM TEMPERATURE (F)   33        15      1966


SUNRISE AND SUNSET
MAY 22 2017...........SUNRISE   518 AM AKDT  SUNSET  1242 AM AKDT
MAY 23 2017...........SUNRISE   515 AM AKDT  SUNSET  1245 AM AKDT

-  INDICATES NEGATIVE NUMBERS.
R  INDICATES RECORD WAS SET OR TIED.
MM INDICATES DATA IS MISSING.
T  INDICATES TRACE AMOUNT.

&&

SNOW DEPTH IS MEASURED AT 3AM AKST/4AM AKDT.

----------------------------
AVAILABLE DAYLIGHT

AMOUNT OF DAYLIGHT TODAY  (HOUR:MIN)........19:20
GAIN/LOSS SINCE YESTERDAY (HOUR:MIN:SEC)....+0:06:32

NOME TIDAL INFORMATION FOR 22 MAY 2017
0209  +0.4
0803  -0.2
1441  +0.8
2108  -0.1

$$
MAY 17
