000
CDAK49 PAFG 150945
CLIOME

CLIMATE REPORT
NATIONAL WEATHER SERVICE FAIRBANKS AK
1245 AM AKST FRI DEC 15 2017


...................................

...THE NOME AK CLIMATE SUMMARY FOR DECEMBER 14 2017...

CLIMATE NORMAL PERIOD 1981 TO 2010
CLIMATE RECORD PERIOD 1906 TO 2017


WEATHER ITEM   OBSERVED TIME   RECORD YEAR NORMAL DEPARTURE LAST
                VALUE   (LST)  VALUE       VALUE  FROM      YEAR
                                                  NORMAL
..................................................................
TEMPERATURE (F)
 YESTERDAY
  MAXIMUM         27    310 AM  38    1985  17     10       29
  MINIMUM         21   1153 PM -31    1946   3     18       24
  AVERAGE         24                        10     14       27

PRECIPITATION (IN)
  YESTERDAY        T             0.65 1914   0.03  -0.03     0.17
  MONTH TO DATE    0.67                      0.47   0.20     0.19
  SINCE DEC 1      0.67                      0.47   0.20     0.19
  SINCE JAN 1     18.12                     16.20   1.92    15.15

SNOWFALL (IN)
  YESTERDAY        0.2           6.0  1914   0.5   -0.3      3.2
  MONTH TO DATE    8.8                       6.1    2.7      3.8
  SINCE DEC 1      8.8                       6.1    2.7      3.8
  SINCE JUL 1     40.4                      23.4   17.0     12.4
  SNOW DEPTH      15

DEGREE DAYS
 HEATING
  YESTERDAY       41                        55    -14       38
  MONTH TO DATE  590                       754   -164      823
  SINCE DEC 1    590                       754   -164      823
  SINCE JUL 1   4378                      4847   -469     4438

 COOLING
  YESTERDAY        0                         0      0        0
  MONTH TO DATE    0                         0      0        0
  SINCE DEC 1      0                         0      0        0
  SINCE JAN 1      4                         3      1        0
..................................................................


WIND (MPH)
  HIGHEST GUST SPEED    26   HIGHEST GUST DIRECTION     W (270)


SKY COVER
  AVERAGE SKY COVER 1.0


WEATHER CONDITIONS
 THE FOLLOWING WEATHER WAS RECORDED YESTERDAY.
  LIGHT SNOW
  FOG


RELATIVE HUMIDITY (PERCENT)
 HIGHEST   100
 LOWEST     68
 AVERAGE    84

..........................................................


THE NOME AK CLIMATE NORMALS FOR TODAY
                         NORMAL    RECORD    YEAR
 MAXIMUM TEMPERATURE (F)   17        35      1989
 MINIMUM TEMPERATURE (F)    2       -33      1974


SUNRISE AND SUNSET
DECEMBER 15 2017......SUNRISE  1158 AM AKST  SUNSET   357 PM AKST
DECEMBER 16 2017......SUNRISE  1159 AM AKST  SUNSET   357 PM AKST

-  INDICATES NEGATIVE NUMBERS.
R  INDICATES RECORD WAS SET OR TIED.
MM INDICATES DATA IS MISSING.
T  INDICATES TRACE AMOUNT.

&&

SNOW DEPTH IS MEASURED AT 3AM AKST/4AM AKDT.

----------------------------
AVAILABLE DAYLIGHT

AMOUNT OF DAYLIGHT TODAY  (HOUR:MIN)........3:59
GAIN/LOSS SINCE YESTERDAY (HOUR:MIN:SEC)....-0:01:55

NOME TIDAL INFORMATION FOR 15 DECEMBER 2017
0224  +1.5
0906  +0.5
1543  +1.3
2032  +0.8

$$
SDB DEC 17
