000
CDAK49 PAOM 242321
CLIOME

CLIMATE REPORT
NATIONAL WEATHER SERVICE NOME, AK
221 PM AKST SAT JAN 24 2015

...................................
...THE NOME WSO AP CLIMATE SUMMARY FOR JANUARY 24 2015...
VALID TODAY AS OF 2:00 PM LOCAL TIME

CLIMATE NORMAL PERIOD  1981 TO  2010
CLIMATE RECORD PERIOD  1906 TO  2015

WEATHER ITEM   OBSERVED TIME    RECORD YEAR NORMAL DEPARTURE LAST
               VALUE    (LST)   VALUE       VALUE  FROM      YEAR
                                                   NORMAL
...................................................................
TEMPERATURE
TODAY
 MAXIMUM           -13  0128 PM    39  1977     13     -26     35
 MINIMUM           -25  0617 AM   -45  1989     -3     -22     31
 AVERAGE           -19                           5     -24     33

PRECIPITATION
(INCHES)
 TODAY            0.00           0.68  1946   0.03   -0.03   0.17
 MONTH TO DATE    0.71                        0.73   -0.02   1.21
 SINCE DEC 1      1.25                        1.81   -0.56   3.22
 SINCE JAN 1      0.71                        0.73   -0.02   1.21

SNOWFALL
(INCHES)
 TODAY             0.0            6.4  1946    0.4    -0.4      T
 MONTH TO DATE    10.4                        10.0     0.4   11.8
 SINCE DEC 1      15.5                        24.5    -9.0   30.2
 SINCE JUL 1      33.1                        41.8    -8.7   44.8
 SNOW DEPTH (IN)    12                                         19

DEGREE DAYS
 HEATING
  TODAY             84                          60      24     32
  MONTH TO DATE   1223                        1433    -210   1144
  SINCE DEC 1     2743                        3153    -410   2704
  SINCE JUL 1     6288                        7251    -963   6510

 COOLING
  TODAY              0                           0       0      0
  MONTH TO DATE      0                           0       0      0
  SINCE DEC 1        0                           0       0      0
  SINCE JAN 1        0                           0       0      0
...................................................................

WIND (MPH)
 HIGHEST WIND SPEED     6     HIGHEST WIND DIRECTION     30
 HIGHEST GUST SPEED     6     HIGHEST GUST DIRECTION     30
 AVERAGE WIND SPEED    MM

SKY COVER
  POSSIBLE SUNSHINE  MM            AVERAGE SKY COVER MM

WEATHER CONDITIONS
 THE FOLLOWING WEATHER WAS RECORDED TODAY.
FOG
FREEZING FOG

RELATIVE HUMIDITY
 HIGHEST RH     MM PERCENT       MM
 LOWEST  RH     MM PERCENT       MM
 AVERAGE RH     MM PERCENT       MM
...................................................................

THE NOME CLIMATE NORMALS FOR TOMORROW
                        NORMAL    RECORD   YEAR
 MAXIMUM TEMPERATURE      13        41     1963
 MINIMUM TEMPERATURE      -3       -47     1919

SUNRISE AND SUNSET
 JAN 24 2015..........SUNRISE 11:10 AM      SUNSET  5:20 PM
 JAN 25 2015..........SUNRISE 11:07 AM      SUNSET  5:23 PM

-  INDICATES NEGATIVE NUMBERS.
R  INDICATES RECORD HAS BEEN SET OR TIED.
MM INDICATES DATA IS MISSING.
T  INDICATES TRACE OF PRECIPITATION.

&&
-------------------------------------------------------------------

AMOUNT OF DAYLIGHT TODAY  (HOUR:MIN)........6 HOURS 10 MINUTES
GAIN/LOSS SINCE YESTERDAY (HOUR:MIN:SEC)....+0:06:16

$$
RWM JAN 15
