000
CDAK49 PAOM 230901
CLIOME

CLIMATE REPORT
NATIONAL WEATHER SERVICE NOME, AK
101 AM AKDT TUE SEP 23 2014

...................................
...THE NOME WSO AP CLIMATE SUMMARY FOR SEPTEMBER 22 2014...

CLIMATE NORMAL PERIOD  1981 TO  2010
CLIMATE RECORD PERIOD  1906 TO  2014

WEATHER ITEM   OBSERVED TIME    RECORD YEAR NORMAL DEPARTURE LAST
               VALUE    (LST)   VALUE       VALUE  FROM      YEAR
                                                   NORMAL
...................................................................
TEMPERATURE
YESTERDAY
 MAXIMUM            48  0133 PM    59  1929     46       2     39
 MINIMUM            35  1145 PM    20  1992     34       1     26
 AVERAGE            42                          40       2     33

PRECIPITATION
(INCHES)
 YESTERDAY        0.07           0.72  1934   0.07    0.00   0.00
 MONTH TO DATE    2.41                        1.88    0.53   1.77
 SINCE SEP 1      2.41                        1.88    0.53   1.77
 SINCE JAN 1     11.43                       12.33   -0.90  14.88

SNOWFALL
(INCHES)
 YESTERDAY         0.0            0.4  2004    0.1    -0.1    0.0
 MONTH TO DATE     0.0                         0.3    -0.3      T
 SINCE SEP 1       0.0                         0.3    -0.3    0.0
 SINCE JUL 1       0.0                         0.3    -0.3      T
 SNOW DEPTH (IN)     0                                          0

DEGREE DAYS
 HEATING
  YESTERDAY         23                          25      -2     32
  MONTH TO DATE    378                         450     -72    499
  SINCE SEP 1      378                         450     -72    499
  SINCE JUL 1     1081                        1314    -233   1273

 COOLING
  YESTERDAY          0                           0       0      0
  MONTH TO DATE      0                           0       0      0
  SINCE SEP 1        0                           0       0      0
  SINCE JAN 1        3                           0       3      7
...................................................................

WIND (MPH)
 HIGHEST WIND SPEED    25     HIGHEST WIND DIRECTION    240
 HIGHEST GUST SPEED    30     HIGHEST GUST DIRECTION    240
 AVERAGE WIND SPEED  14.4

SKY COVER
  POSSIBLE SUNSHINE    MM          AVERAGE SKY COVER     MM

WEATHER CONDITIONS
 THE FOLLOWING WEATHER WAS RECORDED YESTERDAY.
  FOG
  RAIN


RELATIVE HUMIDITY
 HIGHEST RH     MM PERCENT       MM
 LOWEST  RH     MM PERCENT       MM
 AVERAGE RH     MM PERCENT       MM
...................................................................

THE NOME CLIMATE NORMALS FOR TODAY
                           NORMAL    RECORD   YEAR
 MAXIMUM TEMPERATURE (F)     46        58     1929
 MINIMUM TEMPERATURE (F)     34        15     1992

SUNRISE AND SUNSET
 SEP 23 2014..........SUNRISE  8:49 AM      SUNSET  8:58 PM
 SEP 24 2014..........SUNRISE  8:52 AM      SUNSET  8:55 PM

-  INDICATES NEGATIVE NUMBERS.
R  INDICATES RECORD HAS BEEN SET OR TIED.
MM INDICATES DATA IS MISSING.
T  INDICATES TRACE OF PRECIPITATION.

&&
-------------------------------------------------------------------

AMOUNT OF DAYLIGHT TODAY  (HOUR:MIN)........12 HOURS 9 MINUTES
GAIN/LOSS SINCE YESTERDAY (HOUR:MIN:SEC)....-0:06:32

TIDES FOR TUESDAY SEPTEMBER 23 2014

 6:07 AM HIGH 1.2 FT
11:29 AM LOW  0.7 FT
 5:30 PM HIGH 1.2 FT
11:45 PM LOW  0.2 FT

$$
RCT SEP 14
