000
CDUS46 KOTX 080824
CLIOMK


CLIMATE REPORT
NATIONAL WEATHER SERVICE SPOKANE, WA
1223 AM PST MON FEB 8 2016


...................................

...THE OMAK WA AIRPORT CLIMATE SUMMARY FOR FEBRUARY 7 2016...

CLIMATE NORMAL PERIOD 1981 TO 2010
CLIMATE RECORD PERIOD 9999 TO 9999


WEATHER ITEM   OBSERVED TIME   RECORD YEAR NORMAL DEPARTURE LAST
                VALUE   (LST)  VALUE       VALUE  FROM      YEAR
                                                  NORMAL
..................................................................
TEMPERATURE (F)
 YESTERDAY
  MAXIMUM         34        MM  52    1953  38     -4       50
  MINIMUM         18        MM -12    1949  23     -5       39
  AVERAGE         26                        30     -4       45

PRECIPITATION (IN)
  YESTERDAY        0.00          0.45 1978   0.05  -0.05     0.15
  MONTH TO DATE    0.18                      0.35  -0.17     0.82
  SINCE OCT 1      7.82                      7.13   0.69     8.12
  SINCE JAN 1      2.46                      2.24   0.22     1.55

SNOWFALL (IN)
  YESTERDAY       MM

DEGREE DAYS
 HEATING
  YESTERDAY       39                        35      4       20
  MONTH TO DATE  265                       246     19      191
  SINCE DEC 1   2543                      2646   -103     2293
  SINCE JUL 1   3844                      4179   -335     3690

 COOLING
  YESTERDAY        0                         0      0        0
  MONTH TO DATE    0                         0      0        0
  SINCE DEC 1      0                         0      0        0
  SINCE JAN 1      0                         0      0        0
..................................................................


WIND (MPH)
  HIGHEST WIND SPEED     8   HIGHEST WIND DIRECTION     N (10)
  HIGHEST GUST SPEED    MM   HIGHEST GUST DIRECTION    MM
  AVERAGE WIND SPEED     2.6


SKY COVER
  POSSIBLE SUNSHINE   0 PERCENT
  AVERAGE SKY COVER 0.0


WEATHER CONDITIONS
 THE FOLLOWING WEATHER WAS RECORDED YESTERDAY.
  NO SIGNIFICANT WEATHER WAS OBSERVED.


RELATIVE HUMIDITY (PERCENT)
 HIGHEST     0          1200 AM
 LOWEST      0          1200 AM
 AVERAGE     0

..........................................................


THE OMAK WA AIRPORT CLIMATE NORMALS FOR TODAY
                         NORMAL    RECORD    YEAR
 MAXIMUM TEMPERATURE (F)   38        53      1995
 MINIMUM TEMPERATURE (F)   23       -13      1949


SUNRISE AND SUNSET
FEBRUARY  8 2016......SUNRISE   717 AM PST   SUNSET   508 PM PST
FEBRUARY  9 2016......SUNRISE   716 AM PST   SUNSET   509 PM PST


-  INDICATES NEGATIVE NUMBERS.
R  INDICATES RECORD WAS SET OR TIED.
MM INDICATES DATA IS MISSING.
T  INDICATES TRACE AMOUNT.




$$
