000
CDUS46 KOTX 220826
CLIOMK


CLIMATE REPORT
NATIONAL WEATHER SERVICE SPOKANE, WA
1226 AM PST SUN JAN 22 2017


...................................

...THE OMAK WA AIRPORT CLIMATE SUMMARY FOR JANUARY 21 2017...

CLIMATE NORMAL PERIOD 1981 TO 2010
CLIMATE RECORD PERIOD 9999 TO 9999


WEATHER ITEM   OBSERVED TIME   RECORD YEAR NORMAL DEPARTURE LAST
                VALUE   (LST)  VALUE       VALUE  FROM      YEAR
                                                  NORMAL
..................................................................
TEMPERATURE (F)
 YESTERDAY
  MAXIMUM         36    309 PM  52    1934  34      2       35
  MINIMUM         33   1106 PM  -6    1949  21     12       32
  AVERAGE         35                        28      7       34

PRECIPITATION (IN)
  YESTERDAY        0.23                      0.05   0.18     0.21
  MONTH TO DATE    1.73                      1.42   0.31     1.71
  SINCE OCT 1      8.21                      6.31   1.90     7.07
  SINCE JAN 1      1.73                      1.42   0.31     1.71

SNOWFALL (IN)
  YESTERDAY       MM

DEGREE DAYS
 HEATING
  YESTERDAY       30                        37     -7       31
  MONTH TO DATE  996                       819    177      789
  SINCE DEC 1   2289                      2035    254     1940
  SINCE JUL 1   3527                      3568    -41     3241

 COOLING
  YESTERDAY        0                         0      0        0
  MONTH TO DATE    0                         0      0        0
  SINCE DEC 1      0                         0      0        0
  SINCE JAN 1      0                         0      0        0
..................................................................


WIND (MPH)
  HIGHEST WIND SPEED    15   HIGHEST WIND DIRECTION     N (360)
  HIGHEST GUST SPEED    34   HIGHEST GUST DIRECTION     N (20)
  AVERAGE WIND SPEED     4.9


SKY COVER
  POSSIBLE SUNSHINE  MM
  AVERAGE SKY COVER 1.0


WEATHER CONDITIONS
 THE FOLLOWING WEATHER WAS RECORDED YESTERDAY.
  LIGHT RAIN
  LIGHT SNOW
  FOG


RELATIVE HUMIDITY (PERCENT)
 HIGHEST    89           800 AM
 LOWEST     82          1200 AM
 AVERAGE    86

..........................................................


THE OMAK WA AIRPORT CLIMATE NORMALS FOR TODAY
                         NORMAL    RECORD    YEAR
 MAXIMUM TEMPERATURE (F)   34        48      1934
 MINIMUM TEMPERATURE (F)   22        -9      1957


SUNRISE AND SUNSET
JANUARY 22 2017.......SUNRISE   738 AM PST   SUNSET   442 PM PST
JANUARY 23 2017.......SUNRISE   737 AM PST   SUNSET   443 PM PST


-  INDICATES NEGATIVE NUMBERS.
R  INDICATES RECORD WAS SET OR TIED.
MM INDICATES DATA IS MISSING.
T  INDICATES TRACE AMOUNT.




$$
