000
CDUS46 KOTX 090828
CLIOMK


CLIMATE REPORT
NATIONAL WEATHER SERVICE SPOKANE, WA
1228 AM PST FRI DEC 9 2016


...................................

...THE OMAK WA AIRPORT CLIMATE SUMMARY FOR DECEMBER 8 2016...

CLIMATE NORMAL PERIOD 1981 TO 2010
CLIMATE RECORD PERIOD 9999 TO 9999


WEATHER ITEM   OBSERVED TIME   RECORD YEAR NORMAL DEPARTURE LAST
                VALUE   (LST)  VALUE       VALUE  FROM      YEAR
                                                  NORMAL
..................................................................
TEMPERATURE (F)
 YESTERDAY
  MAXIMUM         26    114 PM  47    1957  33     -7       43
  MINIMUM         16    808 AM  -2    1948  21     -5       34
  AVERAGE         21                        27     -6       39

PRECIPITATION (IN)
  YESTERDAY        0.00                      0.07  -0.07     0.01
  MONTH TO DATE    0.11                      0.51  -0.40     2.57
  SINCE OCT 1      5.76                      3.20   2.56     4.10
  SINCE JAN 1     15.23                     13.06   2.17     9.15

SNOWFALL (IN)
  YESTERDAY       MM

DEGREE DAYS
 HEATING
  YESTERDAY       44                        38      6       26
  MONTH TO DATE  300                       294      6      257
  SINCE DEC 1    300                       294      6      257
  SINCE JUL 1   1538                      1827   -289     1558

 COOLING
  YESTERDAY        0                         0      0        0
  MONTH TO DATE    0                         0      0        0
  SINCE DEC 1      0                         0      0        0
  SINCE JAN 1    637                       665    -28     1001
..................................................................


WIND (MPH)
  HIGHEST WIND SPEED    24   HIGHEST WIND DIRECTION     N (10)
  HIGHEST GUST SPEED    29   HIGHEST GUST DIRECTION     N (10)
  AVERAGE WIND SPEED    15.4


SKY COVER
  POSSIBLE SUNSHINE  MM
  AVERAGE SKY COVER 0.5


WEATHER CONDITIONS
 THE FOLLOWING WEATHER WAS RECORDED YESTERDAY.
  NO SIGNIFICANT WEATHER WAS OBSERVED.


RELATIVE HUMIDITY (PERCENT)
 HIGHEST    67           800 AM
 LOWEST     50          1200 PM
 AVERAGE    59

..........................................................


THE OMAK WA AIRPORT CLIMATE NORMALS FOR TODAY
                         NORMAL    RECORD    YEAR
 MAXIMUM TEMPERATURE (F)   33        49      2015
                                             1938
 MINIMUM TEMPERATURE (F)   21        -2      2009


SUNRISE AND SUNSET
DECEMBER  9 2016......SUNRISE   738 AM PST   SUNSET   403 PM PST
DECEMBER 10 2016......SUNRISE   739 AM PST   SUNSET   403 PM PST


-  INDICATES NEGATIVE NUMBERS.
R  INDICATES RECORD WAS SET OR TIED.
MM INDICATES DATA IS MISSING.
T  INDICATES TRACE AMOUNT.




$$
