000
CDUS46 KOTX 290827
CLIOMK


CLIMATE REPORT
NATIONAL WEATHER SERVICE SPOKANE, WA
127 AM PDT FRI APR 29 2016


...................................

...THE OMAK WA AIRPORT CLIMATE SUMMARY FOR APRIL 28 2016...

CLIMATE NORMAL PERIOD 1981 TO 2010
CLIMATE RECORD PERIOD 9999 TO 9999


WEATHER ITEM   OBSERVED TIME   RECORD YEAR NORMAL DEPARTURE LAST
                VALUE   (LST)  VALUE       VALUE  FROM      YEAR
                                                  NORMAL
..................................................................
TEMPERATURE (F)
 YESTERDAY
  MAXIMUM         73    234 PM  85    1939  67      6       80
  MINIMUM         43    349 AM  26    1935  39      4       37
  AVERAGE         58                        53      5       59

PRECIPITATION (IN)
  YESTERDAY        T             0.53 1953   0.03  -0.03     0.00
  MONTH TO DATE    0.40                      0.97  -0.57     0.10
  SINCE OCT 1     11.61                     10.35   1.26     9.32
  SINCE JAN 1      6.25                      5.46   0.79     2.75

SNOWFALL (IN)
  YESTERDAY       MM

DEGREE DAYS
 HEATING
  YESTERDAY        7                        12     -5        6
  MONTH TO DATE  236                       426   -190      435
  SINCE MAR 1    856                      1155   -299      983
  SINCE JUL 1   5262                      6016   -754     5169

 COOLING
  YESTERDAY        0                         0      0        0
  MONTH TO DATE    5                         0      5        0
  SINCE MAR 1      5                         0      5        0
  SINCE JAN 1      5                         0      5        0
..................................................................


WIND (MPH)
  HIGHEST WIND SPEED    18   HIGHEST WIND DIRECTION     S (160)
  HIGHEST GUST SPEED    25   HIGHEST GUST DIRECTION     S (160)
  AVERAGE WIND SPEED     7.5


SKY COVER
  POSSIBLE SUNSHINE  MM
  AVERAGE SKY COVER 0.6


WEATHER CONDITIONS
 THE FOLLOWING WEATHER WAS RECORDED YESTERDAY.
  LIGHT RAIN


RELATIVE HUMIDITY (PERCENT)
 HIGHEST    83           300 AM
 LOWEST     29           300 PM
 AVERAGE    56

..........................................................


THE OMAK WA AIRPORT CLIMATE NORMALS FOR TODAY
                         NORMAL    RECORD    YEAR
 MAXIMUM TEMPERATURE (F)   67        85      1931
 MINIMUM TEMPERATURE (F)   39        22      1972


SUNRISE AND SUNSET
APRIL 29 2016.........SUNRISE   541 AM PDT   SUNSET   810 PM PDT
APRIL 30 2016.........SUNRISE   539 AM PDT   SUNSET   812 PM PDT


-  INDICATES NEGATIVE NUMBERS.
R  INDICATES RECORD WAS SET OR TIED.
MM INDICATES DATA IS MISSING.
T  INDICATES TRACE AMOUNT.




$$
