993
CDUS46 KOTX 300828
CLIOMK


CLIMATE REPORT
NATIONAL WEATHER SERVICE SPOKANE, WA
128 AM PDT TUE MAY 30 2017


...................................

...THE OMAK WA AIRPORT CLIMATE SUMMARY FOR MAY 29 2017...

CLIMATE NORMAL PERIOD 1981 TO 2010
CLIMATE RECORD PERIOD 9999 TO 9999


WEATHER ITEM   OBSERVED TIME   RECORD YEAR NORMAL DEPARTURE LAST
                VALUE   (LST)  VALUE       VALUE  FROM      YEAR
                                                  NORMAL
..................................................................
TEMPERATURE (F)
 YESTERDAY
  MAXIMUM         90    323 PM  92    2009  76     14       74
                                      1934
  MINIMUM         51    354 AM  32    1977  48      3       46
  AVERAGE         71                        62      9       60

PRECIPITATION (IN)
  YESTERDAY        0.00                      0.04  -0.04      T
  MONTH TO DATE    1.50                      1.13   0.37     0.69
  SINCE OCT 1     16.58                     11.55   5.03    12.43
  SINCE JAN 1     10.10                      6.66   3.44     7.07

SNOWFALL (IN)
  YESTERDAY       MM

DEGREE DAYS
 HEATING
  YESTERDAY        0                         4     -4        5
  MONTH TO DATE  205                       225    -20      109
  SINCE MAR 1   1468                      1403     65      978
  SINCE JUL 1   6403                      6264    139     5384

 COOLING
  YESTERDAY        6                         1      5        0
  MONTH TO DATE   23                        19      4       18
  SINCE MAR 1     23                        20      3       23
  SINCE JAN 1     23                        20      3       23
..................................................................


WIND (MPH)
  HIGHEST WIND SPEED    10   HIGHEST WIND DIRECTION     N (20)
  HIGHEST GUST SPEED    14   HIGHEST GUST DIRECTION     S (160)
  AVERAGE WIND SPEED     5.0


SKY COVER
  POSSIBLE SUNSHINE  MM
  AVERAGE SKY COVER 0.0


WEATHER CONDITIONS
 THE FOLLOWING WEATHER WAS RECORDED YESTERDAY.
  NO SIGNIFICANT WEATHER WAS OBSERVED.


RELATIVE HUMIDITY (PERCENT)
 HIGHEST    77           400 AM
 LOWEST     22           400 PM
 AVERAGE    50

..........................................................


THE OMAK WA AIRPORT CLIMATE NORMALS FOR TODAY
                         NORMAL    RECORD    YEAR
 MAXIMUM TEMPERATURE (F)   76        94      1936
 MINIMUM TEMPERATURE (F)   49        33      1950


SUNRISE AND SUNSET
MAY 30 2017...........SUNRISE   502 AM PDT   SUNSET   850 PM PDT
MAY 31 2017...........SUNRISE   501 AM PDT   SUNSET   851 PM PDT


-  INDICATES NEGATIVE NUMBERS.
R  INDICATES RECORD WAS SET OR TIED.
MM INDICATES DATA IS MISSING.
T  INDICATES TRACE AMOUNT.




$$
