000
CDUS46 KOTX 250832
CLIOMK


CLIMATE REPORT
NATIONAL WEATHER SERVICE SPOKANE, WA
132 AM PDT TUE APR 25 2017


...................................

...THE OMAK WA AIRPORT CLIMATE SUMMARY FOR APRIL 24 2017...

CLIMATE NORMAL PERIOD 1981 TO 2010
CLIMATE RECORD PERIOD 9999 TO 9999


WEATHER ITEM   OBSERVED TIME   RECORD YEAR NORMAL DEPARTURE LAST
                VALUE   (LST)  VALUE       VALUE  FROM      YEAR
                                                  NORMAL
..................................................................
TEMPERATURE (F)
 YESTERDAY
  MAXIMUM         60    521 PM  89    1977  66     -6       66
  MINIMUM         43   1159 PM  19    2002  38      5       43
  AVERAGE         52                        52      0       55

PRECIPITATION (IN)
  YESTERDAY        T                         0.03  -0.03     0.01
  MONTH TO DATE    2.64                      0.82   1.82     0.40
  SINCE OCT 1     15.06                     10.20   4.86    11.61
  SINCE JAN 1      8.58                      5.31   3.27     6.25

SNOWFALL (IN)
  YESTERDAY       MM

DEGREE DAYS
 HEATING
  YESTERDAY       13                        13      0       10
  MONTH TO DATE  409                       375     34      197
  SINCE MAR 1   1176                      1104     72      817
  SINCE JUL 1   6111                      5965    146     5223

 COOLING
  YESTERDAY        0                         0      0        0
  MONTH TO DATE    0                         0      0        5
  SINCE MAR 1      0                         0      0        5
  SINCE JAN 1      0                         0      0        5
..................................................................


WIND (MPH)
  HIGHEST WIND SPEED    17   HIGHEST WIND DIRECTION    NW (300)
  HIGHEST GUST SPEED    23   HIGHEST GUST DIRECTION    NW (310)
  AVERAGE WIND SPEED     7.3


SKY COVER
  POSSIBLE SUNSHINE  MM
  AVERAGE SKY COVER 0.6


WEATHER CONDITIONS
 THE FOLLOWING WEATHER WAS RECORDED YESTERDAY.
  LIGHT RAIN


RELATIVE HUMIDITY (PERCENT)
 HIGHEST    76           400 AM
 LOWEST     36           100 PM
 AVERAGE    56

..........................................................


THE OMAK WA AIRPORT CLIMATE NORMALS FOR TODAY
                         NORMAL    RECORD    YEAR
 MAXIMUM TEMPERATURE (F)   66        83      1977
 MINIMUM TEMPERATURE (F)   38        25      2010
                                             1976


SUNRISE AND SUNSET
APRIL 25 2017.........SUNRISE   549 AM PDT   SUNSET   804 PM PDT
APRIL 26 2017.........SUNRISE   547 AM PDT   SUNSET   806 PM PDT


-  INDICATES NEGATIVE NUMBERS.
R  INDICATES RECORD WAS SET OR TIED.
MM INDICATES DATA IS MISSING.
T  INDICATES TRACE AMOUNT.




$$
